{"id":755448,"date":"2025-08-28T06:39:57","date_gmt":"2025-08-28T03:39:57","guid":{"rendered":"https:\/\/roveyayinevi.com.tr\/index.php\/urun\/kuranda-bellek-fuad\/"},"modified":"2026-04-16T03:08:45","modified_gmt":"2026-04-16T00:08:45","slug":"kuranda-bellek-fuad","status":"publish","type":"product","link":"https:\/\/roveyayinevi.com.tr\/index.php\/urun\/kuranda-bellek-fuad\/","title":{"rendered":"Kur\u2019an\u2019da Bellek Fuad"},"content":{"rendered":"<p>Akl\u0131n\u0131 selimle\u015ftirmeyen, akl\u0131selim olmayan ki\u015fi insanla\u015famaz, uygarla\u015famaz, \u00e7a\u011fda\u015f olamaz. Bellek olmadan ak\u0131l selimle\u015ftirilemez. O halde \u201cBELLEK\u201d nedir ? Bu kitapta Yaratan Allah\u2019a, yani Kur\u2019an verilerine ve pozitif bilimlerin bulgular\u0131na g\u00f6re bu soruyu yan\u0131tl\u0131yoruz. Y\u00fcce Allah, kad\u0131n erkek her ki\u015fiyi i\u015fitme, g\u00f6rme duyular\u0131 ile bellek ve selim ak\u0131l sahibi olarak yaratmas\u0131, insanlar\u0131n Allah ile ileti\u015fim kurabilmesi i\u00e7indir. Bu duyular\u0131n\u0131, belle\u011fini ve selim akl\u0131n\u0131 kullanmayanlar Allah ile ileti\u015fim kuramazlar. Allah, indirdi\u011fi Kur\u2019an\u2019la insanlar\/insanl\u0131k ile ileti\u015fim kuruyor. Bu ileti\u015fimin sonucu akl\u0131 i\u015fletme, selimle\u015ftirme, akl\u0131selim sahibi olarak d\u00fc\u015f\u00fcnme \u015feklinde olmal\u0131d\u0131r. Allah ile ileti\u015fimde i\u015fitme, g\u00f6rme duyular\u0131, bellek, i\u015fletilen selim ak\u0131l ve Kur\u2019an\u2019\u0131n yeri ve \u00f6nemi b\u00fcy\u00fckt\u00fcr. Bunlardan biri eksik ya da sa\u011fl\u0131ks\u0131z olursa ki\u015fi, Allah ile ileti\u015fim kuramaz. Bellek\/Haf\u0131za, bilginin depoland\u0131\u011f\u0131 yerdir. Bilgi \u00f6\u011frenmek, haf\u0131zay\u0131 de\u011fi\u015ftirir. Mevcut bilgiyi bilmek, yeni bir \u00fcr\u00fcn vermez. *Yeni \u00fcr\u00fcn, akl\u0131n, zihni kullanmas\u0131yla mevcut bilgileri i\u015fleyerek \u00fcretilir. -Bilgileri bo\u015funa ezberlemenin hi\u00e7bir \u00f6nemi yoktur. -Haf\u0131zan\u0131n geli\u015fmesi, akl\u0131 ve zihni geli\u015ftirmez. *\u00d6\u011frenilen bilgilerin \u00fczerine d\u00fc\u015f\u00fcnmek, akl\u0131 ve zihni geli\u015ftirir. \u0130\u015fte insana laz\u0131m olan da budur.<\/p>\n","protected":false},"excerpt":{"rendered":"<p>Akl\u0131n\u0131 selimle\u015ftirmeyen, akl\u0131selim olmayan ki\u015fi insanla\u015famaz, uygarla\u015famaz, \u00e7a\u011fda\u015f olamaz. Bellek olmadan ak\u0131l selimle\u015ftirilemez. O halde \u201cBELLEK\u201d nedir ? Bu kitapta Yaratan Allah\u2019a, yani Kur\u2019an verilerine ve<span class=\"excerpt-hellip\"> [\u2026]<\/span><\/p>\n","protected":false},"featured_media":0,"template":"","meta":{"_monsterinsights_skip_tracking":false,"_monsterinsights_sitenote_active":false,"_monsterinsights_sitenote_note":"","_monsterinsights_sitenote_category":0},"product_brand":[],"product_cat":[12718,12719,17284],"product_tag":[],"class_list":{"0":"post-755448","1":"product","2":"type-product","3":"status-publish","5":"product_cat-din","6":"product_cat-islam","7":"product_cat-kuran-ve-kuran-uzerine","8":"pa_cilt-ciltsiz","9":"pa_tur-kitap","10":"pa_yayinevi-nergiz-yayinlari","11":"pa_yazar-sedat-senermen","13":"first","14":"instock","15":"sale","16":"shipping-taxable","17":"purchasable","18":"product-type-simple"},"_links":{"self":[{"href":"https:\/\/roveyayinevi.com.tr\/index.php\/wp-json\/wp\/v2\/product\/755448","targetHints":{"allow":["GET"]}}],"collection":[{"href":"https:\/\/roveyayinevi.com.tr\/index.php\/wp-json\/wp\/v2\/product"}],"about":[{"href":"https:\/\/roveyayinevi.com.tr\/index.php\/wp-json\/wp\/v2\/types\/product"}],"wp:attachment":[{"href":"https:\/\/roveyayinevi.com.tr\/index.php\/wp-json\/wp\/v2\/media?parent=755448"}],"wp:term":[{"taxonomy":"product_brand","embeddable":true,"href":"https:\/\/roveyayinevi.com.tr\/index.php\/wp-json\/wp\/v2\/product_brand?post=755448"},{"taxonomy":"product_cat","embeddable":true,"href":"https:\/\/roveyayinevi.com.tr\/index.php\/wp-json\/wp\/v2\/product_cat?post=755448"},{"taxonomy":"product_tag","embeddable":true,"href":"https:\/\/roveyayinevi.com.tr\/index.php\/wp-json\/wp\/v2\/product_tag?post=755448"}],"curies":[{"name":"wp","href":"https:\/\/api.w.org\/{rel}","templated":true}]}}