{"id":755436,"date":"2025-08-28T06:39:38","date_gmt":"2025-08-28T03:39:38","guid":{"rendered":"https:\/\/roveyayinevi.com.tr\/index.php\/urun\/benim-guzel-allahim-10-kitap\/"},"modified":"2026-04-16T03:08:44","modified_gmt":"2026-04-16T00:08:44","slug":"benim-guzel-allahim-10-kitap","status":"publish","type":"product","link":"https:\/\/roveyayinevi.com.tr\/index.php\/urun\/benim-guzel-allahim-10-kitap\/","title":{"rendered":"Benim G\u00fczel Allah\u2019\u0131m (10 Kitap)"},"content":{"rendered":"<p>\u201cBenim G\u00fczel Allah\u2019\u0131m\u201d seti, \u00e7ocuk dostlar\u0131m\u0131za Y\u00fcce Allah\u2019\u0131 tan\u0131tmak ve sevdirmek i\u00e7in haz\u0131rland\u0131. Kitaplarda, Allah\u2019a iman konusunun \u00e7ocuklar\u0131n d\u00fcnyas\u0131nda temel olu\u015fturmas\u0131na y\u00f6nelik bir anlat\u0131m tarz\u0131 benimsenmi\u015ftir. On kitaptan olu\u015fan bu setin her bir hik\u00e2yesinde Allah\u2019\u0131n varl\u0131\u011f\u0131, birli\u011fi, b\u00fcy\u00fckl\u00fc\u011f\u00fc, merhameti ve di\u011fer iman esaslar\u0131na dair \u00f6nemli mesajlar yer al\u0131yor. \u00c7ocuklar hayat\u0131 ya\u015farken her ad\u0131mda y\u00fcrekten gelen bir sesle, \u201cBenim G\u00fczel Allah\u2019\u0131m\u201d desinler diye bu set kaleme al\u0131nd\u0131.  <\/p>\n","protected":false},"excerpt":{"rendered":"<p>\u201cBenim G\u00fczel Allah\u2019\u0131m\u201d seti, \u00e7ocuk dostlar\u0131m\u0131za Y\u00fcce Allah\u2019\u0131 tan\u0131tmak ve sevdirmek i\u00e7in haz\u0131rland\u0131. Kitaplarda, Allah\u2019a iman konusunun \u00e7ocuklar\u0131n d\u00fcnyas\u0131nda temel olu\u015fturmas\u0131na y\u00f6nelik bir anlat\u0131m tarz\u0131 benimsenmi\u015ftir.<span class=\"excerpt-hellip\"> [\u2026]<\/span><\/p>\n","protected":false},"featured_media":0,"template":"","meta":{"_monsterinsights_skip_tracking":false,"_monsterinsights_sitenote_active":false,"_monsterinsights_sitenote_note":"","_monsterinsights_sitenote_category":0},"product_brand":[],"product_cat":[12274,12284],"product_tag":[],"class_list":{"0":"post-755436","1":"product","2":"type-product","3":"status-publish","5":"product_cat-cocuk-ve-genclik-kitaplari","6":"product_cat-hikayeler","7":"pa_cilt-ciltsiz","8":"pa_tur-kitap","9":"pa_yayinevi-nesil-cocuk-yayinlari","10":"pa_yazar-yavuz-bahadiroglu","12":"first","13":"instock","14":"sale","15":"shipping-taxable","16":"purchasable","17":"product-type-simple"},"_links":{"self":[{"href":"https:\/\/roveyayinevi.com.tr\/index.php\/wp-json\/wp\/v2\/product\/755436","targetHints":{"allow":["GET"]}}],"collection":[{"href":"https:\/\/roveyayinevi.com.tr\/index.php\/wp-json\/wp\/v2\/product"}],"about":[{"href":"https:\/\/roveyayinevi.com.tr\/index.php\/wp-json\/wp\/v2\/types\/product"}],"wp:attachment":[{"href":"https:\/\/roveyayinevi.com.tr\/index.php\/wp-json\/wp\/v2\/media?parent=755436"}],"wp:term":[{"taxonomy":"product_brand","embeddable":true,"href":"https:\/\/roveyayinevi.com.tr\/index.php\/wp-json\/wp\/v2\/product_brand?post=755436"},{"taxonomy":"product_cat","embeddable":true,"href":"https:\/\/roveyayinevi.com.tr\/index.php\/wp-json\/wp\/v2\/product_cat?post=755436"},{"taxonomy":"product_tag","embeddable":true,"href":"https:\/\/roveyayinevi.com.tr\/index.php\/wp-json\/wp\/v2\/product_tag?post=755436"}],"curies":[{"name":"wp","href":"https:\/\/api.w.org\/{rel}","templated":true}]}}