{"id":755423,"date":"2025-08-28T06:39:11","date_gmt":"2025-08-28T03:39:11","guid":{"rendered":"https:\/\/roveyayinevi.com.tr\/index.php\/urun\/populizm-yuzyili\/"},"modified":"2026-04-16T03:08:44","modified_gmt":"2026-04-16T00:08:44","slug":"populizm-yuzyili","status":"publish","type":"product","link":"https:\/\/roveyayinevi.com.tr\/index.php\/urun\/populizm-yuzyili\/","title":{"rendered":"Pop\u00fclizm Y\u00fczy\u0131l\u0131"},"content":{"rendered":"<p>Fikir partileri yerine tek bir ki\u015fili\u011fe ba\u011fl\u0131 partiler, negatif propaganda, y\u00fcksek mahkemelerin yetkilerinin azalt\u0131lmas\u0131 ve y\u00fcr\u00fctme erkinin yetkilerinin fazlas\u0131yla art\u0131r\u0131lmas\u0131, bas\u0131n \u00f6zg\u00fcrl\u00fc\u011f\u00fcn\u00fcn dolayl\u0131 yollarla k\u0131s\u0131tlanmas\u0131, hakaretlerle dolu sald\u0131rgan bir dil, \u201chem kurum kar\u015f\u0131t\u0131 hem se\u00e7im yanl\u0131s\u0131\u201d, demokrasiyle diktat\u00f6rl\u00fck aras\u0131 \u201cdemokrat\u00f6r\u201d rejimler&#8230; \u00c7a\u011f\u0131m\u0131z\u0131n en dikkat \u00e7ekici siyaset bilimcilerinden Pierre Rosanvallon d\u00fcnya siyasetinde giderek daha belirleyici hale gelmeye ba\u015flayan pop\u00fclizmi b\u00fct\u00fcn cepheleriyle ve \u201cTarih, Teori, Ele\u015ftiri\u201d d\u00fczlemlerinde masaya yat\u0131r\u0131yor. Pop\u00fclizm esas olarak 1960\u2019larda kullan\u0131ma girmi\u015f bir kavram olsa da \u00e7ok daha uzak bir ge\u00e7mi\u015fe uzanan tarihsel k\u00f6kenleri var. Fransa\u2019da III. Napol\u00e9on d\u00f6neminin ya da Kolombiyal\u0131 Jorge Eli\u00e9cer Gait\u00e1n ile Arjantinli Juan P\u00e9ron\u2019un miras\u0131n\u0131n, 19. y\u00fczy\u0131l sonlar\u0131ndaki k\u0131sa s\u00fcren Rus ve Amerikan pop\u00fclizminin analizi, g\u00fcn\u00fcm\u00fcz\u00fcn Venezuela\u2019dan Hindistan\u2019a uzanan pop\u00fclist rejimlerine \u0131\u015f\u0131k tutuyor. \u00dcstelik Rosanvallon \u00e7ok da fazla s\u00f6z\u00fc edilmeyen sol pop\u00fclizm \u00fczerinde de uzun uzun duruyor. Pop\u00fclizm Y\u00fczy\u0131l\u0131, \u201c\u00c7a\u011fda\u015f demokrasinin b\u00fcy\u00fcs\u00fcn\u00fcn bozuldu\u011fu\u201d bir d\u00f6nemde pop\u00fclizmi anlamak ve \u201cnas\u0131l bir alternatif ortaya konmal\u0131?\u201d sorusu \u00fczerinde d\u00fc\u015f\u00fcnmek i\u00e7in \u00e7ok katmanl\u0131 bir rehber. <\/p>\n","protected":false},"excerpt":{"rendered":"<p>Fikir partileri yerine tek bir ki\u015fili\u011fe ba\u011fl\u0131 partiler, negatif propaganda, y\u00fcksek mahkemelerin yetkilerinin azalt\u0131lmas\u0131 ve y\u00fcr\u00fctme erkinin yetkilerinin fazlas\u0131yla art\u0131r\u0131lmas\u0131, bas\u0131n \u00f6zg\u00fcrl\u00fc\u011f\u00fcn\u00fcn dolayl\u0131 yollarla k\u0131s\u0131tlanmas\u0131, hakaretlerle<span class=\"excerpt-hellip\"> [\u2026]<\/span><\/p>\n","protected":false},"featured_media":0,"template":"","meta":{"_monsterinsights_skip_tracking":false,"_monsterinsights_sitenote_active":false,"_monsterinsights_sitenote_note":"","_monsterinsights_sitenote_category":0},"product_brand":[],"product_cat":[12337],"product_tag":[],"class_list":{"0":"post-755423","1":"product","2":"type-product","3":"status-publish","5":"product_cat-politika-siyaset","6":"pa_cilt-ciltsiz","7":"pa_tur-kitap","8":"pa_yayinevi-kirmizi-kedi-yayinevi","9":"pa_yazar-pierre-rosanvallon","11":"first","12":"instock","13":"sale","14":"shipping-taxable","15":"purchasable","16":"product-type-simple"},"_links":{"self":[{"href":"https:\/\/roveyayinevi.com.tr\/index.php\/wp-json\/wp\/v2\/product\/755423","targetHints":{"allow":["GET"]}}],"collection":[{"href":"https:\/\/roveyayinevi.com.tr\/index.php\/wp-json\/wp\/v2\/product"}],"about":[{"href":"https:\/\/roveyayinevi.com.tr\/index.php\/wp-json\/wp\/v2\/types\/product"}],"wp:attachment":[{"href":"https:\/\/roveyayinevi.com.tr\/index.php\/wp-json\/wp\/v2\/media?parent=755423"}],"wp:term":[{"taxonomy":"product_brand","embeddable":true,"href":"https:\/\/roveyayinevi.com.tr\/index.php\/wp-json\/wp\/v2\/product_brand?post=755423"},{"taxonomy":"product_cat","embeddable":true,"href":"https:\/\/roveyayinevi.com.tr\/index.php\/wp-json\/wp\/v2\/product_cat?post=755423"},{"taxonomy":"product_tag","embeddable":true,"href":"https:\/\/roveyayinevi.com.tr\/index.php\/wp-json\/wp\/v2\/product_tag?post=755423"}],"curies":[{"name":"wp","href":"https:\/\/api.w.org\/{rel}","templated":true}]}}