{"id":755416,"date":"2025-08-28T06:38:58","date_gmt":"2025-08-28T03:38:58","guid":{"rendered":"https:\/\/roveyayinevi.com.tr\/index.php\/urun\/karga\/"},"modified":"2026-04-16T03:08:44","modified_gmt":"2026-04-16T00:08:44","slug":"karga","status":"publish","type":"product","link":"https:\/\/roveyayinevi.com.tr\/index.php\/urun\/karga\/","title":{"rendered":"Karga"},"content":{"rendered":"<p>\u201c\u00d6ylesine gri ve yitirmi\u015f \u00fcmidini, \u00e7elik gibi g\u00fc\u00e7l\u00fc ama i\u00e7eriden \u00e7\u00f6k\u00fcp gitmi\u015f, kahkahalarla g\u00fcl\u00fcyor karga bir sokak lambas\u0131n\u0131n alt\u0131nda, ya\u015fam\u0131\u015f, \u00f6lm\u00fc\u015f ve h\u00e2l\u00e2 ya\u015fayan birinin vudu g\u00fcl\u00fc\u015f\u00fcyle&#8230;\u201dK\u0131z arkada\u015f\u0131yla birlikte bir sokak \u00e7etesi taraf\u0131ndan \u00f6ld\u00fcr\u00fclen Eric Draven bir kargan\u0131n yard\u0131m\u0131yla \u00f6l\u00fcmden geri d\u00f6ner ve karanl\u0131k sokaklarda intikam pe\u015fine d\u00fc\u015fer.1994\u2019te beyaz perdeye uyarlanan ve Brandon Lee\u2019nin setteki trajik \u00f6l\u00fcm\u00fcnden sonra James O\u2019Barr taraf\u0131ndan ona ithaf edilen k\u00fclt \u00e7izgi roman KARGA T\u00fcrk\u00e7ede ilk kez yay\u0131mlan\u0131yor. 2011 y\u0131l\u0131nda yazar\u0131n orijinal niyetini yans\u0131tan otuz sayfal\u0131k ek \u00e7izimler ve sanat\u00e7\u0131n\u0131n orijinal tekni\u011fi kullan\u0131larak restore edilen kay\u0131p sekanslar da bu geni\u015fletilmi\u015f \u00f6zel edisyonda yer buluyor.\u201cKARGA olmasayd\u0131 ba\u011f\u0131ms\u0131z \u00e7izgi roman d\u00fcnyas\u0131 \u00e7orak bir yer olurdu.\u201d \u2014Steve Niles<\/p>\n","protected":false},"excerpt":{"rendered":"<p>\u201c\u00d6ylesine gri ve yitirmi\u015f \u00fcmidini, \u00e7elik gibi g\u00fc\u00e7l\u00fc ama i\u00e7eriden \u00e7\u00f6k\u00fcp gitmi\u015f, kahkahalarla g\u00fcl\u00fcyor karga bir sokak lambas\u0131n\u0131n alt\u0131nda, ya\u015fam\u0131\u015f, \u00f6lm\u00fc\u015f ve h\u00e2l\u00e2 ya\u015fayan birinin vudu<span class=\"excerpt-hellip\"> [\u2026]<\/span><\/p>\n","protected":false},"featured_media":0,"template":"","meta":{"_monsterinsights_skip_tracking":false,"_monsterinsights_sitenote_active":false,"_monsterinsights_sitenote_note":"","_monsterinsights_sitenote_category":0},"product_brand":[],"product_cat":[12416,12291],"product_tag":[],"class_list":{"0":"post-755416","1":"product","2":"type-product","3":"status-publish","5":"product_cat-cizgi-roman","6":"product_cat-edebiyat","7":"pa_cilt-ciltsiz","8":"pa_tur-kitap","9":"pa_yayinevi-ithaki-yayinlari","10":"pa_yazar-james-obarr","12":"first","13":"instock","14":"sale","15":"shipping-taxable","16":"purchasable","17":"product-type-simple"},"_links":{"self":[{"href":"https:\/\/roveyayinevi.com.tr\/index.php\/wp-json\/wp\/v2\/product\/755416","targetHints":{"allow":["GET"]}}],"collection":[{"href":"https:\/\/roveyayinevi.com.tr\/index.php\/wp-json\/wp\/v2\/product"}],"about":[{"href":"https:\/\/roveyayinevi.com.tr\/index.php\/wp-json\/wp\/v2\/types\/product"}],"wp:attachment":[{"href":"https:\/\/roveyayinevi.com.tr\/index.php\/wp-json\/wp\/v2\/media?parent=755416"}],"wp:term":[{"taxonomy":"product_brand","embeddable":true,"href":"https:\/\/roveyayinevi.com.tr\/index.php\/wp-json\/wp\/v2\/product_brand?post=755416"},{"taxonomy":"product_cat","embeddable":true,"href":"https:\/\/roveyayinevi.com.tr\/index.php\/wp-json\/wp\/v2\/product_cat?post=755416"},{"taxonomy":"product_tag","embeddable":true,"href":"https:\/\/roveyayinevi.com.tr\/index.php\/wp-json\/wp\/v2\/product_tag?post=755416"}],"curies":[{"name":"wp","href":"https:\/\/api.w.org\/{rel}","templated":true}]}}