{"id":755404,"date":"2025-08-28T06:38:38","date_gmt":"2025-08-28T03:38:38","guid":{"rendered":"https:\/\/roveyayinevi.com.tr\/index.php\/urun\/ev-3\/"},"modified":"2026-04-16T03:08:29","modified_gmt":"2026-04-16T00:08:29","slug":"ev-3","status":"publish","type":"product","link":"https:\/\/roveyayinevi.com.tr\/index.php\/urun\/ev-3\/","title":{"rendered":"Ev"},"content":{"rendered":"<p>Ev, fiziksel bir mek\u00e2n olman\u0131n \u00f6tesinde, \u00f6zel alan\u0131n, mahrem olan\u0131n, g\u00fcvenlik ve ait olma hislerinin, d\u00f6rt duvar\u0131 yuvaya d\u00f6n\u00fc\u015ft\u00fcren yarat\u0131c\u0131 eylemin y\u00f6neldi\u011fi, bazen ayr\u0131lmak bazense geri d\u00f6nmek istenen bir yer; ger\u00e7ek ve metaforik anlamlar\u0131yla ki\u015fisel olan\u0131n, ailenin ya da kolektif d\u00fczeyde toplumsal ve siyasal kimliklerin bir ifadesi; co\u011frafi bir konum ya da mimari bir form olarak hayatlar\u0131m\u0131z\u0131n ge\u00e7ti\u011fi bir yer olarak d\u00fc\u015f\u00fcn\u00fclebilir. Hayatlar\u0131m\u0131z\u0131n merkezinde evle ili\u015fkili kavray\u0131\u015flar ve tan\u0131mlar hep var olmu\u015fsa da ev tarihsel ve toplumsal olarak neredeyse her zaman de\u011fi\u015fme g\u00f6stermi\u015ftir.  Tarihsel ve toplumsal a\u00e7\u0131dan T\u00fcrkiye\u2019de ev ve evin de\u011fi\u015fen\/d\u00f6n\u00fc\u015fen anlam\u0131n\u0131 ele almay\u0131 ama\u00e7layan bu \u00e7al\u0131\u015fma, evin \u00e7ok boyutlu niteli\u011fi nedeniyle disiplinler aras\u0131 bir yakla\u015f\u0131m\u0131 benimsiyor. Co\u011frafya, mimarl\u0131k, siyaset bilimi, tarih, sosyoloji, edebiyat, ileti\u015fim bilimleri gibi alanlardan beslenen ancak bunlarla s\u0131n\u0131rl\u0131 olmayan \u015fekilde evi d\u00fc\u015f\u00fcnme, hat\u0131rlama, deneyimleme tarzlar\u0131n\u0131 anlamaya ve a\u00e7\u0131klamaya y\u00f6nelik ara\u015ft\u0131rmalar yapan ve yazan akademisyenlerin \u00e7al\u0131\u015fmalar\u0131n\u0131 bir araya getiriyor. Evi sosyal bilimlerin disiplinler aras\u0131 bir konusu olarak yeniden d\u00fc\u015f\u00fcnmek, yeni sorular sormak ve yeni ara\u015ft\u0131rmalar yapmak i\u00e7in bir davet niteli\u011fi ta\u015f\u0131yor.Mahallenin Evleri: Fiziki, Din\u00ee, Hukuki ve Ahlaki Team\u00fcller \u00c7er\u00e7evesinde Trabzon\u2019da Evler  Asl\u0131 \u00d6zcan \u2022 Osmanl\u0131 \u0130mparatorlu\u011fu\u2019nun Son D\u00f6neminde Bir K\u00fclt\u00fcrel \u00dcretim Mek\u00e2n\u0131 Olarak Salon Nora Tataryan Aslan \u2022 Sava\u015fta Ev, Evde \u0130\u015f: Ev-i\u015f Dergisi (1939-1945) Tu\u011frul \u00c7elik \u2022 Evsellikte \u201cServis\u201din Tasviri: 1950-1980 Ye\u015fil\u00e7am Sinemas\u0131nda Konut \u0130\u00e7i \u201cHizmet\u201d Mekanlar\u0131nda Misafir A\u011f\u0131rlama  Deniz Avc\u0131 Hosanl\u0131 \u2022 Evler G\u00f6r\u00fcc\u00fcye \u00c7\u0131k\u0131nca: \u201cDaire\u201d YouTube Kanal\u0131 ve K\u00fclt\u00fcrel S\u0131n\u0131rlar\u0131n Te\u015fhiri  Z. Selen Artan \u2022 \u00c7ocuklu\u011fun Mek\u00e2nlar\u0131: \u00c7ocukluktan Yeti\u015fkinli\u011fe Evin De\u011fi\u015fen Anlamlar\u0131 Ay\u015fe Y\u0131lmaz ve Seran Demiral \u2022 Kokluca\u2019da Bir Ev  Turgay G\u00fclp\u0131nar \u2022 Travmatik Bellek ve Mek\u00e2n: Eve Ait Olman\u0131n Zorluklar\u0131  \u00c7imen G\u00fcnay Erkol \u2022 Yer ve Yurt Aras\u0131nda Bir Kimlik ve Haf\u0131za: S\u00fcryanilerin \u201cEv\u201de D\u00f6n\u00fc\u015f G\u00f6\u00e7\u00fc \u015eilan \u00c7elebio\u011flu \u2022 Bellek ve Mek\u00e2n \u0130li\u015fkisinde Kirac\u0131 Olmak  \u015eule Tepe \u2022 Kapanman\u0131n Ard\u0131ndan: Ev-Konut Diyalekti\u011fi Ba\u011flam\u0131nda \u201c\u0130\u00e7\u201din Yeniden \u0130n\u015fas\u0131  Ali Devrim I\u015f\u0131kkaya \u2022 Cinsiyet Perspektifinden Yuva Kurma\/Kurmama: Covid-19 Pandemisi D\u00f6neminde Ev Odakl\u0131 Deneyimler P\u0131nar Melis Yelsal\u0131 Parmaks\u0131z \u2022 Covid-19 Pandemisi Sonras\u0131 Evden \u00c7al\u0131\u015fan Babalar, D\u00f6n\u00fc\u015fen Mek\u00e2nsal \u0130li\u015fkiler ve Babal\u0131k Pratikleri Atilla Barut\u00e7u \u2022 \u201cBen Hep Zaten Yard\u0131m Ederdim!\u201d: Ev \u0130\u00e7i Erkekli\u011fin Pandemik Hali  Mislina Ak\u015feker ve Duygu Alt\u0131noluk \u2022 \u201cHayat Eve S\u0131\u011far\u201d S\u00f6ylemi ve Gen\u00e7lik K\u00fclt\u00fcr\u00fcndeki Kodlara Dair G\u00f6stergebilimsel Bir Analiz Sinan A\u015f\u00e7\u0131 ve G\u00fcl \u015eener <\/p>\n","protected":false},"excerpt":{"rendered":"<p>Ev, fiziksel bir mek\u00e2n olman\u0131n \u00f6tesinde, \u00f6zel alan\u0131n, mahrem olan\u0131n, g\u00fcvenlik ve ait olma hislerinin, d\u00f6rt duvar\u0131 yuvaya d\u00f6n\u00fc\u015ft\u00fcren yarat\u0131c\u0131 eylemin y\u00f6neldi\u011fi, bazen ayr\u0131lmak bazense geri<span class=\"excerpt-hellip\"> [\u2026]<\/span><\/p>\n","protected":false},"featured_media":0,"template":"","meta":{"_monsterinsights_skip_tracking":false,"_monsterinsights_sitenote_active":false,"_monsterinsights_sitenote_note":"","_monsterinsights_sitenote_category":0},"product_brand":[],"product_cat":[12325,12324],"product_tag":[],"class_list":{"0":"post-755404","1":"product","2":"type-product","3":"status-publish","5":"product_cat-diger-sosyoloji","6":"product_cat-sosyoloji","7":"pa_cilt-ciltsiz","8":"pa_tur-kitap","9":"pa_yayinevi-nika-yayinevi","10":"pa_yazar-pinar-melis-yelsali-parmaksiz","12":"first","13":"instock","14":"sale","15":"shipping-taxable","16":"purchasable","17":"product-type-simple"},"_links":{"self":[{"href":"https:\/\/roveyayinevi.com.tr\/index.php\/wp-json\/wp\/v2\/product\/755404","targetHints":{"allow":["GET"]}}],"collection":[{"href":"https:\/\/roveyayinevi.com.tr\/index.php\/wp-json\/wp\/v2\/product"}],"about":[{"href":"https:\/\/roveyayinevi.com.tr\/index.php\/wp-json\/wp\/v2\/types\/product"}],"wp:attachment":[{"href":"https:\/\/roveyayinevi.com.tr\/index.php\/wp-json\/wp\/v2\/media?parent=755404"}],"wp:term":[{"taxonomy":"product_brand","embeddable":true,"href":"https:\/\/roveyayinevi.com.tr\/index.php\/wp-json\/wp\/v2\/product_brand?post=755404"},{"taxonomy":"product_cat","embeddable":true,"href":"https:\/\/roveyayinevi.com.tr\/index.php\/wp-json\/wp\/v2\/product_cat?post=755404"},{"taxonomy":"product_tag","embeddable":true,"href":"https:\/\/roveyayinevi.com.tr\/index.php\/wp-json\/wp\/v2\/product_tag?post=755404"}],"curies":[{"name":"wp","href":"https:\/\/api.w.org\/{rel}","templated":true}]}}