{"id":755398,"date":"2025-08-28T06:38:31","date_gmt":"2025-08-28T03:38:31","guid":{"rendered":"https:\/\/roveyayinevi.com.tr\/index.php\/urun\/ciglik-koy-enstitusunden-huzurevine-uzanan-yol\/"},"modified":"2026-04-16T03:08:29","modified_gmt":"2026-04-16T00:08:29","slug":"ciglik-koy-enstitusunden-huzurevine-uzanan-yol","status":"publish","type":"product","link":"https:\/\/roveyayinevi.com.tr\/index.php\/urun\/ciglik-koy-enstitusunden-huzurevine-uzanan-yol\/","title":{"rendered":"\u00c7\u0131\u011fl\u0131k &#8211; K\u00f6y Enstit\u00fcs\u00fcnden Huzurevine Uzanan Yol"},"content":{"rendered":"<p>Bu kitab\u0131m\u0131z\u0131n birinci bas\u0131m\u0131 aile ortam\u0131 i\u00e7in haz\u0131rlanm\u0131\u015ft\u0131. Onu k\u0131z\u0131m Meltem Ko\u015far yapt\u0131rd\u0131. \u0130kinci bask\u0131s\u0131 bin adet kitap 72 taraf\u0131ndan bas\u0131ld\u0131. Ancak beni mutlu etmedi ve bu yeni bask\u0131y\u0131 D\u0130\u011eER \u0130K\u0130 K\u0130TABIMIN BASIMINI YAPAN G\u00dcLNAR YAYINLARINA BIRAKTIM. Ancak ilk bas\u0131mlarda kitap i\u00e7ine koydu\u011fum \u015fiirleri \u201cHER MEVS\u0130M BAHAR&#8230;\u201d G\u00fclnar yay\u0131nlar\u0131 basm\u0131\u015ft\u0131. \u015eiirleri bu kitab\u0131n \u00fc\u00e7\u00fcnc\u00fc yani bu bas\u0131m\u0131ndan \u00e7\u0131kard\u0131m. Ayr\u0131ca bu kitab\u0131n i\u00e7indeki masallar\u0131 da \u00e7\u0131kar\u0131p ald\u0131m. Masallar ayr\u0131 bir kitap olarak yine G\u00dcLNAR YAYINLARINDAN ileride bas\u0131lacakt\u0131r. \u0130yi okumalar&#8230; <\/p>\n","protected":false},"excerpt":{"rendered":"<p>Bu kitab\u0131m\u0131z\u0131n birinci bas\u0131m\u0131 aile ortam\u0131 i\u00e7in haz\u0131rlanm\u0131\u015ft\u0131. Onu k\u0131z\u0131m Meltem Ko\u015far yapt\u0131rd\u0131. \u0130kinci bask\u0131s\u0131 bin adet kitap 72 taraf\u0131ndan bas\u0131ld\u0131. Ancak beni mutlu etmedi ve<span class=\"excerpt-hellip\"> [\u2026]<\/span><\/p>\n","protected":false},"featured_media":0,"template":"","meta":{"_monsterinsights_skip_tracking":false,"_monsterinsights_sitenote_active":false,"_monsterinsights_sitenote_note":"","_monsterinsights_sitenote_category":0},"product_brand":[],"product_cat":[13701,12291],"product_tag":[],"class_list":{"0":"post-755398","1":"product","2":"type-product","3":"status-publish","5":"product_cat-ani-mektup-gunluk","6":"product_cat-edebiyat","7":"pa_cilt-ciltsiz","8":"pa_tur-kitap","9":"pa_yayinevi-gulnar-yayinlari","10":"pa_yazar-sitki-onder","12":"first","13":"instock","14":"sale","15":"shipping-taxable","16":"purchasable","17":"product-type-simple"},"_links":{"self":[{"href":"https:\/\/roveyayinevi.com.tr\/index.php\/wp-json\/wp\/v2\/product\/755398","targetHints":{"allow":["GET"]}}],"collection":[{"href":"https:\/\/roveyayinevi.com.tr\/index.php\/wp-json\/wp\/v2\/product"}],"about":[{"href":"https:\/\/roveyayinevi.com.tr\/index.php\/wp-json\/wp\/v2\/types\/product"}],"wp:attachment":[{"href":"https:\/\/roveyayinevi.com.tr\/index.php\/wp-json\/wp\/v2\/media?parent=755398"}],"wp:term":[{"taxonomy":"product_brand","embeddable":true,"href":"https:\/\/roveyayinevi.com.tr\/index.php\/wp-json\/wp\/v2\/product_brand?post=755398"},{"taxonomy":"product_cat","embeddable":true,"href":"https:\/\/roveyayinevi.com.tr\/index.php\/wp-json\/wp\/v2\/product_cat?post=755398"},{"taxonomy":"product_tag","embeddable":true,"href":"https:\/\/roveyayinevi.com.tr\/index.php\/wp-json\/wp\/v2\/product_tag?post=755398"}],"curies":[{"name":"wp","href":"https:\/\/api.w.org\/{rel}","templated":true}]}}