{"id":755382,"date":"2025-08-28T06:38:04","date_gmt":"2025-08-28T03:38:04","guid":{"rendered":"https:\/\/roveyayinevi.com.tr\/index.php\/urun\/hur-tractatus\/"},"modified":"2026-04-16T03:08:28","modified_gmt":"2026-04-16T00:08:28","slug":"hur-tractatus","status":"publish","type":"product","link":"https:\/\/roveyayinevi.com.tr\/index.php\/urun\/hur-tractatus\/","title":{"rendered":"H\u00fcr Tractatus"},"content":{"rendered":"<p>Varl\u0131k ile anlam aras\u0131ndaki kadim perde, modern insan\u0131n \u015fafa\u011f\u0131yla birlikte a\u015f\u0131lmaz bir duvara d\u00f6n\u00fc\u015ft\u00fc. Nicedir bir fin-de-si\u00e8cle fig\u00fcr\u00fc olarak modern \u015fair, kehanetin g\u00fcc\u00fcne s\u0131\u011f\u0131narak ortal\u0131\u011fa sa\u00e7\u0131yor ilencini. Esteti\u011fin m\u00fcsekkin etkisiyle mistik \u015fiir idealinden basit kelime simyac\u0131l\u0131\u011f\u0131na de\u011fin bir y\u0131\u011f\u0131n eda, \u201c\u015fiir\/sel\u201d adl\u0131 sarkac\u0131n umursuz sal\u0131n\u0131m\u0131 i\u00e7inde s\u00fcrgit geni\u015fliyor. Ve \u015fimdilerde \u201ch\u00e2l\u201dden kesik, fiyakal\u0131 bir hologram suretinde boy g\u00f6steren \u015fair, kontrols\u00fcz \u0131\u015f\u0131k ve sesin bulan\u0131k sular\u0131nda, giderek seyr\u2018in k\u00fcnh\u00fcnden uzakla\u015f\u0131yor\u2026   H\u00fcr Tractatus, modern \u015fiire ili\u015fkin tart\u0131\u015fmalar\u0131n y\u00f6r\u00fcngesinden kopmadan, Bat\u0131 dillerindeki \u201cimage\u201d kavram\u0131n\u0131 \u201chayal\u201d s\u00f6zc\u00fc\u011f\u00fcyle ikame ederek yeni bir \u015fiir ontolojisi \u00f6neriyor. \u015eiirin asl\u2019\u0131na ili\u015fkin cem\u2019 edici bir tasavvura a\u00e7\u0131lan kitap, \u00f6zel bir imk\u00e2n ve bir k\u0131stak olarak hayal ile r\u00fcyay\u0131 seyr\u2018ederken; dilin hayale ba\u011fland\u0131\u011f\u0131 g\u00f6rsel boyutu sesle izleyip ona \u00fc\u00e7\u00fcnc\u00fc bir boyut ekliyor\u2026 <\/p>\n","protected":false},"excerpt":{"rendered":"<p>Varl\u0131k ile anlam aras\u0131ndaki kadim perde, modern insan\u0131n \u015fafa\u011f\u0131yla birlikte a\u015f\u0131lmaz bir duvara d\u00f6n\u00fc\u015ft\u00fc. Nicedir bir fin-de-si\u00e8cle fig\u00fcr\u00fc olarak modern \u015fair, kehanetin g\u00fcc\u00fcne s\u0131\u011f\u0131narak ortal\u0131\u011fa sa\u00e7\u0131yor<span class=\"excerpt-hellip\"> [\u2026]<\/span><\/p>\n","protected":false},"featured_media":0,"template":"","meta":{"_monsterinsights_skip_tracking":false,"_monsterinsights_sitenote_active":false,"_monsterinsights_sitenote_note":"","_monsterinsights_sitenote_category":0},"product_brand":[],"product_cat":[12408],"product_tag":[],"class_list":{"0":"post-755382","1":"product","2":"type-product","3":"status-publish","5":"product_cat-sanat","6":"pa_cilt-ciltsiz","7":"pa_tur-kitap","8":"pa_yayinevi-everest-yayinlari","9":"pa_yazar-cem-yavuz","11":"first","12":"instock","13":"sale","14":"shipping-taxable","15":"purchasable","16":"product-type-simple"},"_links":{"self":[{"href":"https:\/\/roveyayinevi.com.tr\/index.php\/wp-json\/wp\/v2\/product\/755382","targetHints":{"allow":["GET"]}}],"collection":[{"href":"https:\/\/roveyayinevi.com.tr\/index.php\/wp-json\/wp\/v2\/product"}],"about":[{"href":"https:\/\/roveyayinevi.com.tr\/index.php\/wp-json\/wp\/v2\/types\/product"}],"wp:attachment":[{"href":"https:\/\/roveyayinevi.com.tr\/index.php\/wp-json\/wp\/v2\/media?parent=755382"}],"wp:term":[{"taxonomy":"product_brand","embeddable":true,"href":"https:\/\/roveyayinevi.com.tr\/index.php\/wp-json\/wp\/v2\/product_brand?post=755382"},{"taxonomy":"product_cat","embeddable":true,"href":"https:\/\/roveyayinevi.com.tr\/index.php\/wp-json\/wp\/v2\/product_cat?post=755382"},{"taxonomy":"product_tag","embeddable":true,"href":"https:\/\/roveyayinevi.com.tr\/index.php\/wp-json\/wp\/v2\/product_tag?post=755382"}],"curies":[{"name":"wp","href":"https:\/\/api.w.org\/{rel}","templated":true}]}}