{"id":755366,"date":"2025-08-28T06:37:40","date_gmt":"2025-08-28T03:37:40","guid":{"rendered":"https:\/\/roveyayinevi.com.tr\/index.php\/urun\/icimizdeki-putlar\/"},"modified":"2026-04-16T03:08:28","modified_gmt":"2026-04-16T00:08:28","slug":"icimizdeki-putlar","status":"publish","type":"product","link":"https:\/\/roveyayinevi.com.tr\/index.php\/urun\/icimizdeki-putlar\/","title":{"rendered":"\u0130\u00e7imizdeki Putlar"},"content":{"rendered":"<p>\u201cYazar\u0131m\u0131z Mehmet Ali Bulazar, \u00fclkenin s\u0131radan insanlar\u0131n\u0131n ya\u015fam ko\u015fullar\u0131n\u0131, o ko\u015fullar\u0131n nedenlerini, sonu\u00e7lar\u0131n\u0131 \u00e7 ok derinden alg\u0131lam\u0131\u015f, \u00e7\u00f6z\u00fcmlemi\u015f, g\u00f6zlemlemi\u015f ve bu birikim ve a\u00e7\u0131l\u0131mla \u00f6yk\u00fclemi\u015f, Erke\u011fi de iyi biliyor kad\u0131n\u0131 da, her iki taraf\u0131n da duygular\u0131na, \u00f6zlemlerine, aray\u0131\u015flar\u0131na egemen. Bulazar\u2019\u0131n dili ayd\u0131nl\u0131k, \u00fcslubu ak\u0131c\u0131, kurgulamas\u0131 yetkin, T\u00fcrk Edebiyat\u0131na verecekleri olan bir yazar bana g\u00f6re\u2026 Yazma azmi ve istenci onu \u00e7ook yukar\u0131lara ta\u015f\u0131yacakt\u0131r.\u201d                                                                                                           Cazim G\u00fcrb\u00fcz <\/p>\n","protected":false},"excerpt":{"rendered":"<p>\u201cYazar\u0131m\u0131z Mehmet Ali Bulazar, \u00fclkenin s\u0131radan insanlar\u0131n\u0131n ya\u015fam ko\u015fullar\u0131n\u0131, o ko\u015fullar\u0131n nedenlerini, sonu\u00e7lar\u0131n\u0131 \u00e7 ok derinden alg\u0131lam\u0131\u015f, \u00e7\u00f6z\u00fcmlemi\u015f, g\u00f6zlemlemi\u015f ve bu birikim ve a\u00e7\u0131l\u0131mla \u00f6yk\u00fclemi\u015f, Erke\u011fi<span class=\"excerpt-hellip\"> [\u2026]<\/span><\/p>\n","protected":false},"featured_media":0,"template":"","meta":{"_monsterinsights_skip_tracking":false,"_monsterinsights_sitenote_active":false,"_monsterinsights_sitenote_note":"","_monsterinsights_sitenote_category":0},"product_brand":[],"product_cat":[12291,12711],"product_tag":[],"class_list":{"0":"post-755366","1":"product","2":"type-product","3":"status-publish","5":"product_cat-edebiyat","6":"product_cat-roman-oyku","7":"pa_cilt-ciltsiz","8":"pa_tur-kitap","9":"pa_yayinevi-sinirsiz-kitap","10":"pa_yazar-mehmet-ali-bulazar","12":"first","13":"instock","14":"sale","15":"shipping-taxable","16":"purchasable","17":"product-type-simple"},"_links":{"self":[{"href":"https:\/\/roveyayinevi.com.tr\/index.php\/wp-json\/wp\/v2\/product\/755366","targetHints":{"allow":["GET"]}}],"collection":[{"href":"https:\/\/roveyayinevi.com.tr\/index.php\/wp-json\/wp\/v2\/product"}],"about":[{"href":"https:\/\/roveyayinevi.com.tr\/index.php\/wp-json\/wp\/v2\/types\/product"}],"wp:attachment":[{"href":"https:\/\/roveyayinevi.com.tr\/index.php\/wp-json\/wp\/v2\/media?parent=755366"}],"wp:term":[{"taxonomy":"product_brand","embeddable":true,"href":"https:\/\/roveyayinevi.com.tr\/index.php\/wp-json\/wp\/v2\/product_brand?post=755366"},{"taxonomy":"product_cat","embeddable":true,"href":"https:\/\/roveyayinevi.com.tr\/index.php\/wp-json\/wp\/v2\/product_cat?post=755366"},{"taxonomy":"product_tag","embeddable":true,"href":"https:\/\/roveyayinevi.com.tr\/index.php\/wp-json\/wp\/v2\/product_tag?post=755366"}],"curies":[{"name":"wp","href":"https:\/\/api.w.org\/{rel}","templated":true}]}}