{"id":755356,"date":"2025-08-28T06:37:25","date_gmt":"2025-08-28T03:37:25","guid":{"rendered":"https:\/\/roveyayinevi.com.tr\/index.php\/urun\/etik-nedir\/"},"modified":"2026-04-16T03:08:27","modified_gmt":"2026-04-16T00:08:27","slug":"etik-nedir","status":"publish","type":"product","link":"https:\/\/roveyayinevi.com.tr\/index.php\/urun\/etik-nedir\/","title":{"rendered":"Etik Nedir?"},"content":{"rendered":"<p>Felsefe tarihinde, ahlaki y\u00f6nden do\u011fru eylemleri do\u011fru olmayanlardan ay\u0131rt etmeyi sa\u011flama iddias\u0131yla onlarca teori \u00f6ne s\u00fcr\u00fclm\u00fc\u015ft\u00fcr. Bunlar\u0131n hepsi yol g\u00f6sterici olmakla birlikte hi\u00e7biri ahlaki do\u011fruluk konusunda hen\u00fcz kesin ve yan\u0131lmaz bir ilke ortaya koymu\u015f de\u011fil. Elinizdeki kitap ise bu klasik ve \u00e7a\u011fda\u015f etik teorilerinden ba\u015fl\u0131calar\u0131n\u0131 konu ediyor, her birinin arg\u00fcmanlar\u0131n\u0131 incelikle de\u011ferlendiriyor, olumlu ve olumsuz yanlar\u0131n\u0131 de\u011ferlendiriyor ve en \u00f6nemlisi de ahlak felsefesiyle neden ilgilenmek gerekti\u011fi sorusunu yan\u0131tlamaya \u00e7al\u0131\u015f\u0131yor: Do\u011fru eylemin nas\u0131l olmas\u0131 gerekti\u011fine karar vermeye \u00e7al\u0131\u015f\u0131rken ba\u015fvurdu\u011fumuz ilkelerin tutars\u0131zl\u0131klar\u0131n\u0131 g\u00f6steriyor ve bu ilkelerin yol a\u00e7t\u0131\u011f\u0131 beklenmedik sonu\u00e7lara dikkat \u00e7ekiyor. Bu s\u0131rada da eylem faydac\u0131l\u0131\u011f\u0131, Kant eti\u011fi, bi\u00e7imcilik, s\u00f6zle\u015fmecilik, g\u00f6recilik gibi normatif etik teorilerini ve do\u011falc\u0131l\u0131k, gayrido\u011falc\u0131l\u0131k ve duyguculuk gibi metaetik teorilerini okurlara tan\u0131t\u0131yor.       <\/p>\n","protected":false},"excerpt":{"rendered":"<p>Felsefe tarihinde, ahlaki y\u00f6nden do\u011fru eylemleri do\u011fru olmayanlardan ay\u0131rt etmeyi sa\u011flama iddias\u0131yla onlarca teori \u00f6ne s\u00fcr\u00fclm\u00fc\u015ft\u00fcr. Bunlar\u0131n hepsi yol g\u00f6sterici olmakla birlikte hi\u00e7biri ahlaki do\u011fruluk konusunda<span class=\"excerpt-hellip\"> [\u2026]<\/span><\/p>\n","protected":false},"featured_media":0,"template":"","meta":{"_monsterinsights_skip_tracking":false,"_monsterinsights_sitenote_active":false,"_monsterinsights_sitenote_note":"","_monsterinsights_sitenote_category":0},"product_brand":[],"product_cat":[12388],"product_tag":[],"class_list":{"0":"post-755356","1":"product","2":"type-product","3":"status-publish","5":"product_cat-felsefe","6":"pa_cilt-ciltsiz","7":"pa_tur-kitap","8":"pa_yayinevi-fol-kitap","9":"pa_yazar-fred-feldman","11":"first","12":"instock","13":"sale","14":"shipping-taxable","15":"purchasable","16":"product-type-simple"},"_links":{"self":[{"href":"https:\/\/roveyayinevi.com.tr\/index.php\/wp-json\/wp\/v2\/product\/755356","targetHints":{"allow":["GET"]}}],"collection":[{"href":"https:\/\/roveyayinevi.com.tr\/index.php\/wp-json\/wp\/v2\/product"}],"about":[{"href":"https:\/\/roveyayinevi.com.tr\/index.php\/wp-json\/wp\/v2\/types\/product"}],"wp:attachment":[{"href":"https:\/\/roveyayinevi.com.tr\/index.php\/wp-json\/wp\/v2\/media?parent=755356"}],"wp:term":[{"taxonomy":"product_brand","embeddable":true,"href":"https:\/\/roveyayinevi.com.tr\/index.php\/wp-json\/wp\/v2\/product_brand?post=755356"},{"taxonomy":"product_cat","embeddable":true,"href":"https:\/\/roveyayinevi.com.tr\/index.php\/wp-json\/wp\/v2\/product_cat?post=755356"},{"taxonomy":"product_tag","embeddable":true,"href":"https:\/\/roveyayinevi.com.tr\/index.php\/wp-json\/wp\/v2\/product_tag?post=755356"}],"curies":[{"name":"wp","href":"https:\/\/api.w.org\/{rel}","templated":true}]}}