{"id":755344,"date":"2025-08-28T06:37:05","date_gmt":"2025-08-28T03:37:05","guid":{"rendered":"https:\/\/roveyayinevi.com.tr\/index.php\/urun\/kirlara-kafesten-bakan-kuslar-vardi\/"},"modified":"2026-04-16T03:08:27","modified_gmt":"2026-04-16T00:08:27","slug":"kirlara-kafesten-bakan-kuslar-vardi","status":"publish","type":"product","link":"https:\/\/roveyayinevi.com.tr\/index.php\/urun\/kirlara-kafesten-bakan-kuslar-vardi\/","title":{"rendered":"K\u0131rlara Kafesten Bakan Ku\u015flar Vard\u0131"},"content":{"rendered":"<p>Herkesin bir \u00f6zlemi vard\u0131. Mevsimleri, belki u\u00e7suz bucaks\u0131z k\u0131rlar\u0131, O k\u0131rlara kafesten bakan ku\u015flar vard\u0131. Anne dizinde ba\u015f\u0131n\u0131 \u00f6zleyen vard\u0131. Gen\u00e7li\u011fini \u00f6zlerdi baz\u0131lar\u0131. \u00d6zlenecek bir de insanlar vard\u0131, Toprak vard\u0131, belki eski bir mezar ta\u015f\u0131.<\/p>\n","protected":false},"excerpt":{"rendered":"<p>Herkesin bir \u00f6zlemi vard\u0131. Mevsimleri, belki u\u00e7suz bucaks\u0131z k\u0131rlar\u0131, O k\u0131rlara kafesten bakan ku\u015flar vard\u0131. Anne dizinde ba\u015f\u0131n\u0131 \u00f6zleyen vard\u0131. Gen\u00e7li\u011fini \u00f6zlerdi baz\u0131lar\u0131. \u00d6zlenecek bir de<span class=\"excerpt-hellip\"> [\u2026]<\/span><\/p>\n","protected":false},"featured_media":0,"template":"","meta":{"_monsterinsights_skip_tracking":false,"_monsterinsights_sitenote_active":false,"_monsterinsights_sitenote_note":"","_monsterinsights_sitenote_category":0},"product_brand":[],"product_cat":[12291,12509],"product_tag":[],"class_list":{"0":"post-755344","1":"product","2":"type-product","3":"status-publish","5":"product_cat-edebiyat","6":"product_cat-siir","7":"pa_cilt-ciltsiz","8":"pa_tur-kitap","9":"pa_yayinevi-luna-yayinlari","10":"pa_yazar-melahat-cansizlar","12":"first","13":"instock","14":"sale","15":"shipping-taxable","16":"purchasable","17":"product-type-simple"},"_links":{"self":[{"href":"https:\/\/roveyayinevi.com.tr\/index.php\/wp-json\/wp\/v2\/product\/755344","targetHints":{"allow":["GET"]}}],"collection":[{"href":"https:\/\/roveyayinevi.com.tr\/index.php\/wp-json\/wp\/v2\/product"}],"about":[{"href":"https:\/\/roveyayinevi.com.tr\/index.php\/wp-json\/wp\/v2\/types\/product"}],"wp:attachment":[{"href":"https:\/\/roveyayinevi.com.tr\/index.php\/wp-json\/wp\/v2\/media?parent=755344"}],"wp:term":[{"taxonomy":"product_brand","embeddable":true,"href":"https:\/\/roveyayinevi.com.tr\/index.php\/wp-json\/wp\/v2\/product_brand?post=755344"},{"taxonomy":"product_cat","embeddable":true,"href":"https:\/\/roveyayinevi.com.tr\/index.php\/wp-json\/wp\/v2\/product_cat?post=755344"},{"taxonomy":"product_tag","embeddable":true,"href":"https:\/\/roveyayinevi.com.tr\/index.php\/wp-json\/wp\/v2\/product_tag?post=755344"}],"curies":[{"name":"wp","href":"https:\/\/api.w.org\/{rel}","templated":true}]}}