{"id":755338,"date":"2025-08-28T06:36:55","date_gmt":"2025-08-28T03:36:55","guid":{"rendered":"https:\/\/roveyayinevi.com.tr\/index.php\/urun\/dislerine-iyi-bak\/"},"modified":"2026-04-16T03:08:27","modified_gmt":"2026-04-16T00:08:27","slug":"dislerine-iyi-bak","status":"publish","type":"product","link":"https:\/\/roveyayinevi.com.tr\/index.php\/urun\/dislerine-iyi-bak\/","title":{"rendered":"Di\u015flerine \u0130yi Bak!"},"content":{"rendered":"<p>A\u011f\u0131z ve di\u015f sa\u011fl\u0131\u011f\u0131n\u0131 korumak i\u00e7in \u00e7ocuklar\u0131n k\u00fc\u00e7\u00fck ya\u015flardan ba\u015flayarak bu konu hakk\u0131nda bilgi sahibi olmalar\u0131 ve do\u011fru al\u0131\u015fkanl\u0131klar kazanmalar\u0131 gerekir. Do\u011fru al\u0131\u015fkanl\u0131klar\u0131n ba\u015f\u0131nda d\u00fczenli olarak di\u015f f\u0131r\u00e7alamak ve di\u015f hekimi kontrol\u00fcne gitmek yer al\u0131r. Di\u015f sa\u011fl\u0131\u011f\u0131 i\u00e7in yararl\u0131 besinlerle beslenmek ve zararl\u0131 besinlerden uzak durmak da konunun bir ba\u015fka y\u00f6n\u00fc. Bunlara dikkat edilmesi \u00e7ocuklar\u0131n sa\u011fl\u0131kl\u0131, mutlu ve \u00f6zg\u00fcvenli bireyler olarak ya\u015famlar\u0131n\u0131 s\u00fcrd\u00fcrmelerine \u00f6nemli katk\u0131 sa\u011flar.   Di\u015flerine \u0130yi Bak!, Prof. Dr. Ate\u015f Kara \u00f6nderli\u011finde, \u00e7ok de\u011ferli bilim uzmanlar\u0131n\u0131n bilimsel i\u00e7erik haz\u0131rl\u0131\u011f\u0131 ve dan\u0131\u015fmanl\u0131\u011f\u0131 e\u015fli\u011finde, Tak\u0131my\u0131ld\u0131z\u2019\u0131n \u00f6zenli ellerinde hayat buldu ve sizinle bulu\u015fmay\u0131 bekliyor.   ***   Di\u015f sa\u011fl\u0131\u011f\u0131n\u0131 korumak neden \u00f6nemlidir? \u015eekerli yiyecek ve i\u00e7eceklerin di\u015flere zarar\u0131 nedir? Di\u015fler i\u00e7in yararl\u0131 besinler nelerdir? S\u00fct di\u015fleri ne zaman d\u00fc\u015fer? Kal\u0131c\u0131 di\u015fler ne zaman tamamlan\u0131r? Di\u015f \u00e7\u00fcr\u00fc\u011f\u00fc nas\u0131l olu\u015fur? \u00c7\u00fcr\u00fck olu\u015fumunu \u00f6nlemek i\u00e7in neler yapmak gerekir? Di\u015f sa\u011fl\u0131\u011f\u0131yla ilgili bilgiler, fark\u0131ndal\u0131k art\u0131rmaya y\u00f6nelik etkinlikler ve de e\u011flenceli bir oyun&#8230; Hepsi bu kitapta. ***S\u00fct Di\u015flerinden Kal\u0131c\u0131 Di\u015flere Di\u015flerimiz anne karn\u0131ndayken olu\u015fmaya ba\u015flar. Yeni do\u011fdu\u011fumuzda di\u015flerimiz, alt ve \u00fcst \u00e7enemizin i\u00e7indedir, d\u0131\u015far\u0131dan g\u00f6r\u00fcnmezler. Alt\u0131 ayl\u0131k olunca s\u00fct di\u015fleri de denilen ilk di\u015flerimiz \u00e7\u0131kmaya ba\u015flar. Genellikle \u00fc\u00e7 ya\u015f\u0131na geldi\u011fimizde s\u00fct di\u015flerimizin tamam\u0131 \u00e7\u0131km\u0131\u015f olur. S\u00fct di\u015flerimiz yirmi tanedir. Alt\u0131 ya\u015f\u0131ndan itibaren s\u00fct di\u015flerimiz a\u015famal\u0131 olarak d\u00fc\u015fmeye ba\u015flar ve yerlerine kal\u0131c\u0131 di\u015fler gelir. Bir s\u00fct di\u015fi d\u00fc\u015fmeden \u00f6nce k\u00f6k\u00fc erir. Sonra di\u015f sallanmaya ba\u015flar ve d\u00fc\u015fer. D\u00fc\u015fen s\u00fct di\u015flerinin yerine yine \u00e7enemizin i\u00e7inde bulunan kal\u0131c\u0131 di\u015fler \u00e7\u0131kar. Bu ya\u015flarda birinci b\u00fcy\u00fck az\u0131 di\u015fleri ad\u0131 verilen kal\u0131c\u0131 di\u015fler de \u00e7\u0131kmaya ba\u015flar. Bunlar, herhangi bir s\u00fct di\u015finin yerine gelmeden do\u011frudan \u00e7\u0131kar. Di\u015flerimiz \u00e7\u0131karken di\u015f etimiz hassasla\u015fabilir. Bu hassasiyet bir s\u00fcre sonra ge\u00e7er. S\u00fct di\u015flerinin t\u00fcm\u00fcn\u00fcn d\u00fc\u015f\u00fcp yerlerine kal\u0131c\u0131 di\u015flerin \u00e7\u0131kma s\u00fcreci genellikle on iki ya\u015f\u0131na kadar devam eder. *** S\u00f6zc\u00fck Av\u0131 A\u015fa\u011f\u0131daki s\u00f6zc\u00fckleri tabloda bul. D\u0130\u015e M\u0130NES\u0130 &#8211; DENT\u0130N &#8211; PULPA &#8211; SEMENT &#8211; D\u0130\u015e K\u00d6K\u00dc &#8211; D\u0130\u015e ET\u0130 &#8211; KRON <\/p>\n","protected":false},"excerpt":{"rendered":"<p>A\u011f\u0131z ve di\u015f sa\u011fl\u0131\u011f\u0131n\u0131 korumak i\u00e7in \u00e7ocuklar\u0131n k\u00fc\u00e7\u00fck ya\u015flardan ba\u015flayarak bu konu hakk\u0131nda bilgi sahibi olmalar\u0131 ve do\u011fru al\u0131\u015fkanl\u0131klar kazanmalar\u0131 gerekir. Do\u011fru al\u0131\u015fkanl\u0131klar\u0131n ba\u015f\u0131nda d\u00fczenli olarak<span class=\"excerpt-hellip\"> [\u2026]<\/span><\/p>\n","protected":false},"featured_media":0,"template":"","meta":{"_monsterinsights_skip_tracking":false,"_monsterinsights_sitenote_active":false,"_monsterinsights_sitenote_note":"","_monsterinsights_sitenote_category":0},"product_brand":[],"product_cat":[12274,15842],"product_tag":[],"class_list":{"0":"post-755338","1":"product","2":"type-product","3":"status-publish","5":"product_cat-cocuk-ve-genclik-kitaplari","6":"product_cat-egitici-kitaplar","7":"pa_cilt-ciltsiz","8":"pa_tur-kitap","9":"pa_yayinevi-elma-cocuk","10":"pa_yazar-takimyildiz","12":"first","13":"instock","14":"sale","15":"shipping-taxable","16":"purchasable","17":"product-type-simple"},"_links":{"self":[{"href":"https:\/\/roveyayinevi.com.tr\/index.php\/wp-json\/wp\/v2\/product\/755338","targetHints":{"allow":["GET"]}}],"collection":[{"href":"https:\/\/roveyayinevi.com.tr\/index.php\/wp-json\/wp\/v2\/product"}],"about":[{"href":"https:\/\/roveyayinevi.com.tr\/index.php\/wp-json\/wp\/v2\/types\/product"}],"wp:attachment":[{"href":"https:\/\/roveyayinevi.com.tr\/index.php\/wp-json\/wp\/v2\/media?parent=755338"}],"wp:term":[{"taxonomy":"product_brand","embeddable":true,"href":"https:\/\/roveyayinevi.com.tr\/index.php\/wp-json\/wp\/v2\/product_brand?post=755338"},{"taxonomy":"product_cat","embeddable":true,"href":"https:\/\/roveyayinevi.com.tr\/index.php\/wp-json\/wp\/v2\/product_cat?post=755338"},{"taxonomy":"product_tag","embeddable":true,"href":"https:\/\/roveyayinevi.com.tr\/index.php\/wp-json\/wp\/v2\/product_tag?post=755338"}],"curies":[{"name":"wp","href":"https:\/\/api.w.org\/{rel}","templated":true}]}}