{"id":755326,"date":"2025-08-28T06:36:32","date_gmt":"2025-08-28T03:36:32","guid":{"rendered":"https:\/\/roveyayinevi.com.tr\/index.php\/urun\/kedi-cocuk-1-cizgi-roman-kulubu\/"},"modified":"2026-04-16T03:08:27","modified_gmt":"2026-04-16T00:08:27","slug":"kedi-cocuk-1-cizgi-roman-kulubu","status":"publish","type":"product","link":"https:\/\/roveyayinevi.com.tr\/index.php\/urun\/kedi-cocuk-1-cizgi-roman-kulubu\/","title":{"rendered":"Kedi \u00c7ocuk 1 &#8211; \u00c7izgi Roman Kul\u00fcb\u00fc"},"content":{"rendered":"<p>K\u00f6pek Adam ve Kaptan D\u00fc\u015f\u00fckdon serilerinin uluslararas\u0131 \u00e7ok satan yazar\u0131 ve \u00e7izeri Dav Pilkey&#8217;den yine a\u015f\u0131r\u0131 komik bir \u00e7izgi roman serisi! Naomi, Melvin, Pedro ve Poppy, Kedi \u00c7ocuk \u00c7izgi Roman Kul\u00fcb\u00fc&#8217;n\u00fcn yirmi bir \u015famatac\u0131, komik ve yetenekli yavru kurba\u011fadan sadece birka\u00e7\u0131d\u0131r. K\u00fc\u00e7\u00fck Petey, Molly ve Flippy \u00f6\u011frencilerin kendilerini \u00e7izgi roman yoluyla kendilerini ifade etmelerini isterler. Fakat yavru kurba\u011falar hata yap\u0131p geli\u015ftik\u00e7e s\u0131n\u0131fta ve k\u00e2\u011f\u0131t \u00fczerinde ya\u015fanan \u00e7e\u015fitli aksilikler onlar i\u00e7in bir maceraya d\u00f6n\u00fc\u015f\u00fcr ve kendilerini hi\u00e7 beklenmedik \u015fekilde garip ve komik olaylar\u0131n i\u00e7inde bulurlar. Dav Pilkey\u2019den garip fikirlerin ve komik olaylar\u0131n havada u\u00e7tu\u011fu yeni bir seri daha Kedi \u00c7ocuk \u00c7izgi Roman Kulub\u00fc\u2019ne kat\u0131lmaya haz\u0131r m\u0131s\u0131n\u0131z? <\/p>\n","protected":false},"excerpt":{"rendered":"<p>K\u00f6pek Adam ve Kaptan D\u00fc\u015f\u00fckdon serilerinin uluslararas\u0131 \u00e7ok satan yazar\u0131 ve \u00e7izeri Dav Pilkey&#8217;den yine a\u015f\u0131r\u0131 komik bir \u00e7izgi roman serisi! Naomi, Melvin, Pedro ve Poppy,<span class=\"excerpt-hellip\"> [\u2026]<\/span><\/p>\n","protected":false},"featured_media":0,"template":"","meta":{"_monsterinsights_skip_tracking":false,"_monsterinsights_sitenote_active":false,"_monsterinsights_sitenote_note":"","_monsterinsights_sitenote_category":0},"product_brand":[],"product_cat":[12416,12291],"product_tag":[],"class_list":{"0":"post-755326","1":"product","2":"type-product","3":"status-publish","5":"product_cat-cizgi-roman","6":"product_cat-edebiyat","7":"pa_cilt-ciltsiz","8":"pa_tur-kitap","9":"pa_yayinevi-altin-kitaplar","10":"pa_yazar-dav-pilkey","12":"first","13":"instock","14":"sale","15":"shipping-taxable","16":"purchasable","17":"product-type-simple"},"_links":{"self":[{"href":"https:\/\/roveyayinevi.com.tr\/index.php\/wp-json\/wp\/v2\/product\/755326","targetHints":{"allow":["GET"]}}],"collection":[{"href":"https:\/\/roveyayinevi.com.tr\/index.php\/wp-json\/wp\/v2\/product"}],"about":[{"href":"https:\/\/roveyayinevi.com.tr\/index.php\/wp-json\/wp\/v2\/types\/product"}],"wp:attachment":[{"href":"https:\/\/roveyayinevi.com.tr\/index.php\/wp-json\/wp\/v2\/media?parent=755326"}],"wp:term":[{"taxonomy":"product_brand","embeddable":true,"href":"https:\/\/roveyayinevi.com.tr\/index.php\/wp-json\/wp\/v2\/product_brand?post=755326"},{"taxonomy":"product_cat","embeddable":true,"href":"https:\/\/roveyayinevi.com.tr\/index.php\/wp-json\/wp\/v2\/product_cat?post=755326"},{"taxonomy":"product_tag","embeddable":true,"href":"https:\/\/roveyayinevi.com.tr\/index.php\/wp-json\/wp\/v2\/product_tag?post=755326"}],"curies":[{"name":"wp","href":"https:\/\/api.w.org\/{rel}","templated":true}]}}