{"id":755304,"date":"2025-08-28T06:35:58","date_gmt":"2025-08-28T03:35:58","guid":{"rendered":"https:\/\/roveyayinevi.com.tr\/index.php\/urun\/sureyya-ciliv-global-is-dunyasinda-siradisi-bir-lider\/"},"modified":"2026-04-16T03:08:26","modified_gmt":"2026-04-16T00:08:26","slug":"sureyya-ciliv-global-is-dunyasinda-siradisi-bir-lider","status":"publish","type":"product","link":"https:\/\/roveyayinevi.com.tr\/index.php\/urun\/sureyya-ciliv-global-is-dunyasinda-siradisi-bir-lider\/","title":{"rendered":"S\u00fcreyya Ciliv: Global \u0130\u015f D\u00fcnyas\u0131nda S\u0131rad\u0131\u015f\u0131 Bir Lider"},"content":{"rendered":"<p>\u0130\u015f d\u00fcnyas\u0131nda pek \u00e7ok lider g\u00f6revini lay\u0131\u011f\u0131yla yerine getirmek i\u00e7in gayret g\u00f6sterir ancak kimileri vard\u0131r ki y\u0131llar sonra dahi ad\u0131ndan ve ba\u015far\u0131lar\u0131ndan s\u00f6z ettirir. Peki, bu ki\u015filerin farkl\u0131 y\u00f6nleri ve onlar\u0131 \u00f6ne \u00e7\u0131karan \u00f6zellikleri nelerdir? \u00c7al\u0131\u015fanlar\u0131yla ekip olmay\u0131 bilen, \u00f6nceli\u011fine \u201cinsan\u201d\u0131 koyan bir lider nas\u0131l yeti\u015fir? Ankara Fen Lisesi y\u0131llar\u0131ndan ODT\u00dc\u2019ye, Harvard Business School\u2019dan Microsoft T\u00fcrkiye\u2019ye ve oradan da Turkcell\u2019e uzanan s\u0131rad\u0131\u015f\u0131 bir hik\u00e2ye S\u00fcreyya Ciliv\u2019inki\u2026 G\u00f6\u00e7lerle \u015fekillenen, \u00fclkenin i\u00e7inde bulundu\u011fu zorlu ko\u015fullara ra\u011fmen ilime sar\u0131lan, nihayetinde hayata ve yeniliklere kar\u015f\u0131 hi\u00e7 dinmeyen merak\u0131, gelece\u011fi \u015fimdiden g\u00f6rebilen vizyonu ve teknolojiye inanc\u0131yla daima ileriyi hedefleyen bir yolculuk\u2026 S\u00fcreyya Ciliv hayat\u0131n\u0131n g\u00f6ru\u0308nen-g\u00f6ru\u0308nmeyen, yanl\u0131\u015f bilinen taraflar\u0131n\u0131, Vehbi Ko\u00e7\u2019tan burs isteyip de neden geri \u00e7evirdi\u011fini, ABD\u2019de cebinde 5 centle ge\u00e7en gu\u0308nleri, giri\u015fimcili\u011fe nas\u0131l soyundu\u011funu, Bill Gates ile \u00e7al\u0131\u015fmay\u0131 nas\u0131l b\u0131rakt\u0131\u011f\u0131n\u0131, Turkcell\u2019deki ilk aylar\u0131nda neden kovuldu\u011funu ama yine de direnip nas\u0131l harika bir tak\u0131m olu\u015fturdu\u011funu, Turkcell\u2019i nas\u0131l global bir \u015firket h\u00e2line d\u00f6n\u00fc\u015ft\u00fcrd\u00fc\u011f\u00fcn\u00fc, en \u00e7ok da Tu\u0308rkiye\u2019nin teknoloji ve bilgi alan\u0131nda ilerlemesi i\u00e7in nas\u0131l \u00e7abalad\u0131\u011f\u0131n\u0131 tek tek anlatt\u0131; F\u0131rat Demirel kaleme ald\u0131. T\u00fcrkiye\u2019de mobil geni\u015f bant ve fiber optik \u00e7a\u011f\u0131n\u0131 ba\u015flatarak \u00fclkenin teknolojik ve ekonomik kalk\u0131nmas\u0131na kal\u0131c\u0131 bir iz b\u0131rakan, liderli\u011fiyle binlerce ki\u015fiye rol model olan, Do\u011fu\u2019ya yat\u0131r\u0131m\u0131n ve sosyal sorumluluk projelerinin \u00f6n\u00fcn\u00fc a\u00e7an; \u00f6zetle bir k\u0131v\u0131lc\u0131m olarak gitti\u011fi yurt d\u0131\u015f\u0131ndan T\u00fcrkiye\u2019nin her k\u00f6\u015fesine sirayet eden bir alev olarak d\u00f6nen bir lider&#8230; E\u011fer i\u00e7inizde teknoloji ve bilimin \u0131\u015f\u0131\u011f\u0131nda, insanlara daha fazla de\u011fer vererek, gen\u00e7lere ve \u00f6ncelikle kendinize g\u00fcvenerek d\u00fcnya \u00e7ap\u0131nda i\u015fler yapma ate\u015fi varsa bu kitap tam size g\u00f6re&#8230; <\/p>\n","protected":false},"excerpt":{"rendered":"<p>\u0130\u015f d\u00fcnyas\u0131nda pek \u00e7ok lider g\u00f6revini lay\u0131\u011f\u0131yla yerine getirmek i\u00e7in gayret g\u00f6sterir ancak kimileri vard\u0131r ki y\u0131llar sonra dahi ad\u0131ndan ve ba\u015far\u0131lar\u0131ndan s\u00f6z ettirir. Peki, bu<span class=\"excerpt-hellip\"> [\u2026]<\/span><\/p>\n","protected":false},"featured_media":0,"template":"","meta":{"_monsterinsights_skip_tracking":false,"_monsterinsights_sitenote_active":false,"_monsterinsights_sitenote_note":"","_monsterinsights_sitenote_category":0},"product_brand":[],"product_cat":[13043,17647],"product_tag":[],"class_list":{"0":"post-755304","1":"product","2":"type-product","3":"status-publish","5":"product_cat-ekonomi","6":"product_cat-is-dunyasi","7":"pa_cilt-ciltsiz","8":"pa_tur-kitap","9":"pa_yayinevi-kronik-kitap","10":"pa_yazar-firat-demirel","12":"first","13":"instock","14":"sale","15":"shipping-taxable","16":"purchasable","17":"product-type-simple"},"_links":{"self":[{"href":"https:\/\/roveyayinevi.com.tr\/index.php\/wp-json\/wp\/v2\/product\/755304","targetHints":{"allow":["GET"]}}],"collection":[{"href":"https:\/\/roveyayinevi.com.tr\/index.php\/wp-json\/wp\/v2\/product"}],"about":[{"href":"https:\/\/roveyayinevi.com.tr\/index.php\/wp-json\/wp\/v2\/types\/product"}],"wp:attachment":[{"href":"https:\/\/roveyayinevi.com.tr\/index.php\/wp-json\/wp\/v2\/media?parent=755304"}],"wp:term":[{"taxonomy":"product_brand","embeddable":true,"href":"https:\/\/roveyayinevi.com.tr\/index.php\/wp-json\/wp\/v2\/product_brand?post=755304"},{"taxonomy":"product_cat","embeddable":true,"href":"https:\/\/roveyayinevi.com.tr\/index.php\/wp-json\/wp\/v2\/product_cat?post=755304"},{"taxonomy":"product_tag","embeddable":true,"href":"https:\/\/roveyayinevi.com.tr\/index.php\/wp-json\/wp\/v2\/product_tag?post=755304"}],"curies":[{"name":"wp","href":"https:\/\/api.w.org\/{rel}","templated":true}]}}