{"id":755270,"date":"2025-08-28T06:35:01","date_gmt":"2025-08-28T03:35:01","guid":{"rendered":"https:\/\/roveyayinevi.com.tr\/index.php\/urun\/ufak-seyleri-dert-etmeyin\/"},"modified":"2026-04-16T03:08:25","modified_gmt":"2026-04-16T00:08:25","slug":"ufak-seyleri-dert-etmeyin","status":"publish","type":"product","link":"https:\/\/roveyayinevi.com.tr\/index.php\/urun\/ufak-seyleri-dert-etmeyin\/","title":{"rendered":"Ufak \u015eeyleri Dert Etmeyin"},"content":{"rendered":"<p>\u201cSahip oldu\u011fumuz \u015feylerin de\u011ferini unutmu\u015f gibiyiz,\u201d diyor Richard Carlson. \u201cTrafik t\u0131kand\u0131\u011f\u0131 zaman sinirleniyoruz ama o anda konforlu bir otomobilin i\u00e7inde oldu\u011fumuz akl\u0131m\u0131za gelmiyor.\u201dB\u00fcy\u00fck resmi g\u00f6remedi\u011fimizden hayat\u0131 acil bir durum varm\u0131\u015f gibi ya\u015f\u0131yoruz. En ufak \u015feyler bile, b\u00fcy\u00fck birer soruna d\u00f6n\u00fc\u015f\u00fcyor. Oysaki sorunlara yakla\u015f\u0131m bi\u00e7imimiz bunlar\u0131 h\u0131zl\u0131 ve etkili bir \u015fekilde \u00e7\u00f6zmenin anahtar\u0131d\u0131r. \u2022    Kendinize \u201cBir y\u0131l sonra bunun bir \u00f6nemi kalacak m\u0131?\u201d diye sorun\u2022    Sorunlar\u0131n\u0131z\u0131 potansiyel \u00f6\u011fretmenler olarak g\u00f6r\u00fcn\u2022    Ba\u015fkalar\u0131n\u0131n \u201chakl\u0131\u201d olmas\u0131na izin verin\u2022    Kar\u015f\u0131n\u0131zdakine sevgi elini ilk siz uzat\u0131n\u2022    Kusurlar\u0131n\u0131zla bar\u0131\u015f\u0131nHayat\u0131n\u0131z\u0131 kolayla\u015ft\u0131racak 100 pratik strateji sunan Carlson rehberli\u011finde, kazanaca\u011f\u0131n\u0131z yeni al\u0131\u015fkanl\u0131klarla sorunlar\u0131n\u0131z\u0131 daha kolay a\u015fabilece\u011finizi g\u00f6receksiniz. Art\u0131k strese neden olan dertler eskisi kadar dengenizi bozamayacak. <\/p>\n","protected":false},"excerpt":{"rendered":"<p>\u201cSahip oldu\u011fumuz \u015feylerin de\u011ferini unutmu\u015f gibiyiz,\u201d diyor Richard Carlson. \u201cTrafik t\u0131kand\u0131\u011f\u0131 zaman sinirleniyoruz ama o anda konforlu bir otomobilin i\u00e7inde oldu\u011fumuz akl\u0131m\u0131za gelmiyor.\u201dB\u00fcy\u00fck resmi g\u00f6remedi\u011fimizden hayat\u0131<span class=\"excerpt-hellip\"> [\u2026]<\/span><\/p>\n","protected":false},"featured_media":0,"template":"","meta":{"_monsterinsights_skip_tracking":false,"_monsterinsights_sitenote_active":false,"_monsterinsights_sitenote_note":"","_monsterinsights_sitenote_category":0},"product_brand":[],"product_cat":[12364,12376],"product_tag":[],"class_list":{"0":"post-755270","1":"product","2":"type-product","3":"status-publish","5":"product_cat-genel-konular","6":"product_cat-kisisel-gelisim","7":"pa_cilt-ciltsiz","8":"pa_tur-kitap","9":"pa_yayinevi-diyojen-yayincilik","10":"pa_yazar-richard-carlson","12":"first","13":"instock","14":"sale","15":"shipping-taxable","16":"purchasable","17":"product-type-simple"},"_links":{"self":[{"href":"https:\/\/roveyayinevi.com.tr\/index.php\/wp-json\/wp\/v2\/product\/755270","targetHints":{"allow":["GET"]}}],"collection":[{"href":"https:\/\/roveyayinevi.com.tr\/index.php\/wp-json\/wp\/v2\/product"}],"about":[{"href":"https:\/\/roveyayinevi.com.tr\/index.php\/wp-json\/wp\/v2\/types\/product"}],"wp:attachment":[{"href":"https:\/\/roveyayinevi.com.tr\/index.php\/wp-json\/wp\/v2\/media?parent=755270"}],"wp:term":[{"taxonomy":"product_brand","embeddable":true,"href":"https:\/\/roveyayinevi.com.tr\/index.php\/wp-json\/wp\/v2\/product_brand?post=755270"},{"taxonomy":"product_cat","embeddable":true,"href":"https:\/\/roveyayinevi.com.tr\/index.php\/wp-json\/wp\/v2\/product_cat?post=755270"},{"taxonomy":"product_tag","embeddable":true,"href":"https:\/\/roveyayinevi.com.tr\/index.php\/wp-json\/wp\/v2\/product_tag?post=755270"}],"curies":[{"name":"wp","href":"https:\/\/api.w.org\/{rel}","templated":true}]}}