{"id":755266,"date":"2025-08-28T06:34:55","date_gmt":"2025-08-28T03:34:55","guid":{"rendered":"https:\/\/roveyayinevi.com.tr\/index.php\/urun\/istila-2030\/"},"modified":"2026-04-16T03:08:25","modified_gmt":"2026-04-16T00:08:25","slug":"istila-2030","status":"publish","type":"product","link":"https:\/\/roveyayinevi.com.tr\/index.php\/urun\/istila-2030\/","title":{"rendered":"\u0130stila 2030"},"content":{"rendered":"<p>\u201cYER\u0130N KULA\u011eI VARDIR\u201d DED\u0130KLER\u0130NDE, K\u0130M B\u0130LEB\u0130L\u0130RD\u0130 K\u0130 GER\u00c7EKTEN DE YER ALTINDAN B\u0130Z\u0130 D\u0130NL\u0130YOR OLDUKLARINI?  Binlerce y\u0131l \u00f6nce, bir y\u0131lan\u0131n insana duydu\u011fu a\u015fkla ba\u015flayan intikam sava\u015f\u0131 d\u00fcnyay\u0131 k\u00f6k\u00fcnden sarsmaya haz\u0131rlan\u0131yor. Bu kadim s\u0131rr\u0131n anahtar\u0131, ak\u0131l hastanesinde ortadan kaybolan babas\u0131n\u0131n izini s\u00fcren arkeolog Yasin&#8217;in elindedir.  Babas\u0131n\u0131n yar\u0131m b\u0131rakt\u0131\u011f\u0131 ara\u015ft\u0131rma dosyalar\u0131nda alt\u0131n elementinin \u00fczerinde fazlaca duruldu\u011funu fark eden Yasin, bu gizemi \u00e7\u00f6zmeye \u00e7al\u0131\u015f\u0131rken kendini daha da derin bir s\u0131rr\u0131n e\u015fi\u011fine getirir: Aram\u0131zda ya\u015fayan yar\u0131 insan yar\u0131 y\u0131lan varl\u0131klar\u0131n ger\u00e7ekli\u011fine! \u0130stanbul&#8217;un tarihi sokaklar\u0131ndan Tayland&#8217;\u0131n b\u00fcy\u00fcl\u00fc ormanlar\u0131na, Antik M\u0131s\u0131r Piramitlerinden Tarsus&#8217;un gizemli yer alt\u0131 ma\u011faralar\u0131na uzanan nefes kesici bir macera Yasin&#8217;i bekliyordur. Takvim yapraklar\u0131 31 Aral\u0131k 2029&#8217;u g\u00f6sterdi\u011finde ise d\u00fcnyan\u0131n d\u00f6rt bir yan\u0131ndaki metropollerin g\u00f6kdelenlerinde yer alan dijital panolar, on y\u0131ll\u0131k b\u00fcy\u00fck geri say\u0131m\u0131n son saatlerini i\u015faret ediyordur. &#8220;Daha \u0130yi Bir Gelece\u011fe Kalan S\u00fcre&#8221; slogan\u0131yla ba\u015flat\u0131lan bu geri say\u0131m, umut ve beklentilerle doludur. Ancak beklenilenin tam aksine, bu an\u0131n asl\u0131nda kaosun korkun\u00e7 bir ba\u015flang\u0131c\u0131 olaca\u011f\u0131n\u0131 kimse tahmin etmemi\u015ftir. 1 Ocak 2030 Sal\u0131:  ONLARIN D\u00d6NEM\u0130 BA\u015eLIYOR! <\/p>\n","protected":false},"excerpt":{"rendered":"<p>\u201cYER\u0130N KULA\u011eI VARDIR\u201d DED\u0130KLER\u0130NDE, K\u0130M B\u0130LEB\u0130L\u0130RD\u0130 K\u0130 GER\u00c7EKTEN DE YER ALTINDAN B\u0130Z\u0130 D\u0130NL\u0130YOR OLDUKLARINI? Binlerce y\u0131l \u00f6nce, bir y\u0131lan\u0131n insana duydu\u011fu a\u015fkla ba\u015flayan intikam sava\u015f\u0131 d\u00fcnyay\u0131<span class=\"excerpt-hellip\"> [\u2026]<\/span><\/p>\n","protected":false},"featured_media":0,"template":"","meta":{"_monsterinsights_skip_tracking":false,"_monsterinsights_sitenote_active":false,"_monsterinsights_sitenote_note":"","_monsterinsights_sitenote_category":0},"product_brand":[],"product_cat":[12291,12711],"product_tag":[],"class_list":{"0":"post-755266","1":"product","2":"type-product","3":"status-publish","5":"product_cat-edebiyat","6":"product_cat-roman-oyku","7":"pa_cilt-ciltsiz","8":"pa_tur-kitap","9":"pa_yayinevi-yediveren-yayinlari","10":"pa_yazar-tuncer-gizem-avcisi","12":"first","13":"instock","14":"sale","15":"shipping-taxable","16":"purchasable","17":"product-type-simple"},"_links":{"self":[{"href":"https:\/\/roveyayinevi.com.tr\/index.php\/wp-json\/wp\/v2\/product\/755266","targetHints":{"allow":["GET"]}}],"collection":[{"href":"https:\/\/roveyayinevi.com.tr\/index.php\/wp-json\/wp\/v2\/product"}],"about":[{"href":"https:\/\/roveyayinevi.com.tr\/index.php\/wp-json\/wp\/v2\/types\/product"}],"wp:attachment":[{"href":"https:\/\/roveyayinevi.com.tr\/index.php\/wp-json\/wp\/v2\/media?parent=755266"}],"wp:term":[{"taxonomy":"product_brand","embeddable":true,"href":"https:\/\/roveyayinevi.com.tr\/index.php\/wp-json\/wp\/v2\/product_brand?post=755266"},{"taxonomy":"product_cat","embeddable":true,"href":"https:\/\/roveyayinevi.com.tr\/index.php\/wp-json\/wp\/v2\/product_cat?post=755266"},{"taxonomy":"product_tag","embeddable":true,"href":"https:\/\/roveyayinevi.com.tr\/index.php\/wp-json\/wp\/v2\/product_tag?post=755266"}],"curies":[{"name":"wp","href":"https:\/\/api.w.org\/{rel}","templated":true}]}}