{"id":755254,"date":"2025-08-28T06:34:35","date_gmt":"2025-08-28T03:34:35","guid":{"rendered":"https:\/\/roveyayinevi.com.tr\/index.php\/urun\/bir-kolenin-otobiyografisi\/"},"modified":"2026-04-16T03:08:25","modified_gmt":"2026-04-16T00:08:25","slug":"bir-kolenin-otobiyografisi","status":"publish","type":"product","link":"https:\/\/roveyayinevi.com.tr\/index.php\/urun\/bir-kolenin-otobiyografisi\/","title":{"rendered":"Bir K\u00f6lenin Otobiyografisi"},"content":{"rendered":"<p>\u201cB\u00fct\u00fcn canl\u0131l\u0131\u011f\u0131m yok oldu, karde\u015fim beni \u00e7ok sevdi\u011fi i\u00e7in bu durum ona da ge\u00e7ti. Beni teselli etmekten ba\u015fka bir \u015fey yapm\u0131yordu; ama bu teselli, benimle birlikte a\u011flamaktan ibaretti.\u201d Juan Francisco Manzano\u2019nun otobiyografisi, XIX. y\u00fczy\u0131ldaki K\u00fcba k\u00fclt\u00fcr\u00fcn\u00fc ve k\u00f6lelik hayat\u0131n\u0131 samimi bir anlat\u0131mla yans\u0131t\u0131yor. \u201cYedi ya da sekiz ya\u015flar\u0131ndayken ne i\u015f yapt\u0131\u011f\u0131m\u0131 soran oldu\u011funda her i\u015fi yapt\u0131\u011f\u0131m\u0131 s\u00f6yl\u00fcyordum. Beni bekleyen g\u00fcnlerimi daha o zamandan biliyormu\u015fum\u201d s\u00f6z\u00fc yazar\u0131n hayat\u0131n\u0131 \u00f6zetler niteliktedir. Hayat\u0131 boyunca oradan oraya savrulup bir\u00e7ok alanda hizmet verdi. 1837 y\u0131l\u0131nda, 40 ya\u015f\u0131ndayken \u00f6zg\u00fcrl\u00fc\u011f\u00fcne kavu\u015fabildi; ancak otobiyografisi nedeniyle k\u00f6lelik kar\u015f\u0131t\u0131 olmakla su\u00e7lan\u0131p bir y\u0131l hapis cezas\u0131na \u00e7arpt\u0131r\u0131ld\u0131. Yazar\u0131n bu ya\u015fad\u0131klar\u0131 kalemini sonsuza dek susturmak i\u00e7in yeterli oldu. Hayat\u0131n\u0131n son d\u00f6neminde, k\u00f6leyken de ilgilendi\u011fi pastac\u0131l\u0131kla u\u011fra\u015ft\u0131 ve birka\u00e7 zanaat icra etti. 1853 y\u0131l\u0131nda, 56 ya\u015f\u0131ndayken sefalet i\u00e7erisinde hayat\u0131n\u0131 kaybetti. Ne de olsa hakl\u0131yd\u0131: Bir\u00e7ok de\u011fi\u015fkenli\u011fe maruz kalan insan\u0131n talihi ne kadar da k\u0131r\u0131lgan oluyor. &#8220;Bir K\u00f6lenin Otobiyografisi&#8221;, Amerika k\u0131tas\u0131ndaki \u0130spanyol s\u00f6m\u00fcrgecili\u011fine dair yaz\u0131l\u0131p g\u00fcn\u00fcm\u00fcze ula\u015fabilen tek eser olmas\u0131yla \u00f6nem ta\u015f\u0131yor. \u0130kinci k\u0131sm\u0131n\u0131n g\u00fcn\u00fcm\u00fcze ula\u015famamas\u0131yla asl\u0131nda yar\u0131m kalm\u0131\u015f bir kitapt\u0131r, t\u0131pk\u0131 yazar\u0131n hayat\u0131 gibi. <\/p>\n","protected":false},"excerpt":{"rendered":"<p>\u201cB\u00fct\u00fcn canl\u0131l\u0131\u011f\u0131m yok oldu, karde\u015fim beni \u00e7ok sevdi\u011fi i\u00e7in bu durum ona da ge\u00e7ti. Beni teselli etmekten ba\u015fka bir \u015fey yapm\u0131yordu; ama bu teselli, benimle birlikte<span class=\"excerpt-hellip\"> [\u2026]<\/span><\/p>\n","protected":false},"featured_media":0,"template":"","meta":{"_monsterinsights_skip_tracking":false,"_monsterinsights_sitenote_active":false,"_monsterinsights_sitenote_note":"","_monsterinsights_sitenote_category":0},"product_brand":[],"product_cat":[14009,12291],"product_tag":[],"class_list":{"0":"post-755254","1":"product","2":"type-product","3":"status-publish","5":"product_cat-biyografi-otobiyografi-edebiyat","6":"product_cat-edebiyat","7":"pa_cilt-ciltsiz","8":"pa_tur-kitap","9":"pa_yayinevi-ilkim-ozan-yayinlari","10":"pa_yazar-juan-francisco-manzano","12":"first","13":"instock","14":"sale","15":"shipping-taxable","16":"purchasable","17":"product-type-simple"},"_links":{"self":[{"href":"https:\/\/roveyayinevi.com.tr\/index.php\/wp-json\/wp\/v2\/product\/755254","targetHints":{"allow":["GET"]}}],"collection":[{"href":"https:\/\/roveyayinevi.com.tr\/index.php\/wp-json\/wp\/v2\/product"}],"about":[{"href":"https:\/\/roveyayinevi.com.tr\/index.php\/wp-json\/wp\/v2\/types\/product"}],"wp:attachment":[{"href":"https:\/\/roveyayinevi.com.tr\/index.php\/wp-json\/wp\/v2\/media?parent=755254"}],"wp:term":[{"taxonomy":"product_brand","embeddable":true,"href":"https:\/\/roveyayinevi.com.tr\/index.php\/wp-json\/wp\/v2\/product_brand?post=755254"},{"taxonomy":"product_cat","embeddable":true,"href":"https:\/\/roveyayinevi.com.tr\/index.php\/wp-json\/wp\/v2\/product_cat?post=755254"},{"taxonomy":"product_tag","embeddable":true,"href":"https:\/\/roveyayinevi.com.tr\/index.php\/wp-json\/wp\/v2\/product_tag?post=755254"}],"curies":[{"name":"wp","href":"https:\/\/api.w.org\/{rel}","templated":true}]}}