{"id":755253,"date":"2025-08-28T06:34:33","date_gmt":"2025-08-28T03:34:33","guid":{"rendered":"https:\/\/roveyayinevi.com.tr\/index.php\/urun\/mafya-siyaset-ticaret-susurluktan-pekergatee\/"},"modified":"2026-04-16T03:08:25","modified_gmt":"2026-04-16T00:08:25","slug":"mafya-siyaset-ticaret-susurluktan-pekergatee","status":"publish","type":"product","link":"https:\/\/roveyayinevi.com.tr\/index.php\/urun\/mafya-siyaset-ticaret-susurluktan-pekergatee\/","title":{"rendered":"Mafya-Siyaset-Ticaret \/ Susurluk\u2019tan Pekergate\u2019e"},"content":{"rendered":"<p>Sedat Peker\u2019in iddialar\u0131n\u0131n oda\u011f\u0131ndaki isimlerin olu\u015fturdu\u011fu a\u011f, T\u00fcrkiye\u2019de \u201cMafya-Siyaset-Ticaret\u201d ili\u015fkilerinin nas\u0131l kurumsalla\u015ft\u0131\u011f\u0131n\u0131 g\u00f6steriyor. Aradan y\u0131llar ge\u00e7mesine ra\u011fmen, Susurluk\u2019ta adlar\u0131 yer alan baz\u0131 isimler Pekergate\u2019te de varlar.  Bu durum, rejimin Susurluk\u2019tan AKP\u2019nin \u201cYeni T\u00fcrkiye\u201dsine ta\u015f\u0131nd\u0131\u011f\u0131n\u0131 ortaya koyuyor. TBMM\u2019de bu iddialar\u0131 halk ad\u0131na sorgulayan milletvekillerinden Ali Mahir Ba\u015far\u0131r, Pekergate skandal\u0131ndaki olaylar\u0131 tek tek inceleyerek her birini ayr\u0131 dosya haline getirdi. Ortaya iddialar\u0131n bile \u00f6tesinde bir rejim \u00e7\u0131kt\u0131: Narkopolitik rejim. Yerli ve milli baronlar, Balkan kontlar\u0131, Kafkasya lordlar\u0131\u2026 T\u00fcrkiye\u2019ye kara para aklamaya gelen finans d\u00fckleri\u2026 Uluslararas\u0131 ba\u011flant\u0131lar\u0131 olan uyu\u015fturucu \u015febekeleri\u2026 \u0130stanbul\u2019u merkez yapan \u00e7okuluslu mafyalar\u2026 Gemiler, TIR\u2019lar, silahlar, suikastlar, cinayetler\u2026  Servet transferi borsalar\u0131\u2026 Siyaset, yarg\u0131, emniyet, istihbarat, ticaret\u2026 Elinizdeki kitapta t\u00fcm bu ili\u015fkileri isim isim, olay olay okuyacaks\u0131n\u0131z. T\u00fcrkiye\u2019nin nas\u0131l bir rejime d\u00f6n\u00fc\u015ft\u00fcr\u00fcld\u00fc\u011f\u00fcn\u00fc t\u00fcm \u00e7\u0131plakl\u0131\u011f\u0131yla g\u00f6receksiniz. <\/p>\n","protected":false},"excerpt":{"rendered":"<p>Sedat Peker\u2019in iddialar\u0131n\u0131n oda\u011f\u0131ndaki isimlerin olu\u015fturdu\u011fu a\u011f, T\u00fcrkiye\u2019de \u201cMafya-Siyaset-Ticaret\u201d ili\u015fkilerinin nas\u0131l kurumsalla\u015ft\u0131\u011f\u0131n\u0131 g\u00f6steriyor. Aradan y\u0131llar ge\u00e7mesine ra\u011fmen, Susurluk\u2019ta adlar\u0131 yer alan baz\u0131 isimler Pekergate\u2019te de varlar.<span class=\"excerpt-hellip\"> [\u2026]<\/span><\/p>\n","protected":false},"featured_media":0,"template":"","meta":{"_monsterinsights_skip_tracking":false,"_monsterinsights_sitenote_active":false,"_monsterinsights_sitenote_note":"","_monsterinsights_sitenote_category":0},"product_brand":[],"product_cat":[13590,12337],"product_tag":[],"class_list":{"0":"post-755253","1":"product","2":"type-product","3":"status-publish","5":"product_cat-arastirma-inceleme-politika-siyaset","6":"product_cat-politika-siyaset","7":"pa_cilt-ciltsiz","8":"pa_tur-kitap","9":"pa_yayinevi-kirmizi-kedi-yayinevi","10":"pa_yazar-ali-mahir-basarir","12":"first","13":"instock","14":"sale","15":"shipping-taxable","16":"purchasable","17":"product-type-simple"},"_links":{"self":[{"href":"https:\/\/roveyayinevi.com.tr\/index.php\/wp-json\/wp\/v2\/product\/755253","targetHints":{"allow":["GET"]}}],"collection":[{"href":"https:\/\/roveyayinevi.com.tr\/index.php\/wp-json\/wp\/v2\/product"}],"about":[{"href":"https:\/\/roveyayinevi.com.tr\/index.php\/wp-json\/wp\/v2\/types\/product"}],"wp:attachment":[{"href":"https:\/\/roveyayinevi.com.tr\/index.php\/wp-json\/wp\/v2\/media?parent=755253"}],"wp:term":[{"taxonomy":"product_brand","embeddable":true,"href":"https:\/\/roveyayinevi.com.tr\/index.php\/wp-json\/wp\/v2\/product_brand?post=755253"},{"taxonomy":"product_cat","embeddable":true,"href":"https:\/\/roveyayinevi.com.tr\/index.php\/wp-json\/wp\/v2\/product_cat?post=755253"},{"taxonomy":"product_tag","embeddable":true,"href":"https:\/\/roveyayinevi.com.tr\/index.php\/wp-json\/wp\/v2\/product_tag?post=755253"}],"curies":[{"name":"wp","href":"https:\/\/api.w.org\/{rel}","templated":true}]}}