{"id":755217,"date":"2025-08-28T06:33:28","date_gmt":"2025-08-28T03:33:28","guid":{"rendered":"https:\/\/roveyayinevi.com.tr\/index.php\/urun\/napolyon-bonapartin-hayati\/"},"modified":"2026-04-16T03:08:24","modified_gmt":"2026-04-16T00:08:24","slug":"napolyon-bonapartin-hayati","status":"publish","type":"product","link":"https:\/\/roveyayinevi.com.tr\/index.php\/urun\/napolyon-bonapartin-hayati\/","title":{"rendered":"Napolyon Bonapart\u2019\u0131n Hayat\u0131"},"content":{"rendered":"<p>\u201cHayat\u0131m yaz\u0131lsa roman olurdu.\u201d \u2014Napolyon Bonapart   Sava\u015f meydan\u0131nda korkun\u00e7 bir d\u00fc\u015fman, geceleriyse tutkulu bir romantikti. Napolyon Bonapart tarihin en b\u00fcy\u00fcleyici ve kutupla\u015ft\u0131r\u0131c\u0131 fig\u00fcrlerinden biri kabul edildi. John Gibson Lockhart&#8217;\u0131n bu ayr\u0131nt\u0131l\u0131 biyografisi ise, \u00fcnl\u00fc Frans\u0131z kumandan\u0131 ve imparatorunu t\u00fcm g\u00f6z kama\u015ft\u0131r\u0131c\u0131 y\u00f6nleriyle ele al\u0131yor.   Napolyon gen\u00e7li\u011finin ate\u015fli enerjisi ve kar\u015f\u0131 konulmaz h\u0131rs\u0131yla askerlik kariyerinde g\u00f6rkemli bir y\u00fckseli\u015f g\u00f6sterdi. Zaman zaman karakterine yak\u0131\u015fmayan ve e\u015fine azap veren a\u015fklar ya\u015fad\u0131 ama hi\u00e7bir zaman ba\u015fka bir kad\u0131n\u0131n, zihni \u00fczerinde etkili olmas\u0131na izin vermedi. Hen\u00fcz otuz be\u015f ya\u015f\u0131ndayken Papa&#8217;n\u0131n huzurunda Frans\u0131z \u0130mparatoru olarak ta\u00e7 giydi. Birka\u00e7 y\u0131l i\u00e7inde, modern tarihte e\u015fi benzeri g\u00f6r\u00fclmemi\u015f g\u00fcc\u00fcyle Avrupa&#8217;n\u0131n etkin efendisi h\u00e2line geldi. \u00c7\u00f6k\u00fc\u015f\u00fc de daha az dramatik olmayacakt\u0131. <\/p>\n","protected":false},"excerpt":{"rendered":"<p>\u201cHayat\u0131m yaz\u0131lsa roman olurdu.\u201d \u2014Napolyon Bonapart Sava\u015f meydan\u0131nda korkun\u00e7 bir d\u00fc\u015fman, geceleriyse tutkulu bir romantikti. Napolyon Bonapart tarihin en b\u00fcy\u00fcleyici ve kutupla\u015ft\u0131r\u0131c\u0131 fig\u00fcrlerinden biri kabul edildi.<span class=\"excerpt-hellip\"> [\u2026]<\/span><\/p>\n","protected":false},"featured_media":0,"template":"","meta":{"_monsterinsights_skip_tracking":false,"_monsterinsights_sitenote_active":false,"_monsterinsights_sitenote_note":"","_monsterinsights_sitenote_category":0},"product_brand":[],"product_cat":[14009,12291],"product_tag":[],"class_list":{"0":"post-755217","1":"product","2":"type-product","3":"status-publish","5":"product_cat-biyografi-otobiyografi-edebiyat","6":"product_cat-edebiyat","7":"pa_cilt-ciltsiz","8":"pa_tur-kitap","9":"pa_yayinevi-ithaki-yayinlari","10":"pa_yazar-john-gibson-lockhart","12":"first","13":"instock","14":"sale","15":"shipping-taxable","16":"purchasable","17":"product-type-simple"},"_links":{"self":[{"href":"https:\/\/roveyayinevi.com.tr\/index.php\/wp-json\/wp\/v2\/product\/755217","targetHints":{"allow":["GET"]}}],"collection":[{"href":"https:\/\/roveyayinevi.com.tr\/index.php\/wp-json\/wp\/v2\/product"}],"about":[{"href":"https:\/\/roveyayinevi.com.tr\/index.php\/wp-json\/wp\/v2\/types\/product"}],"wp:attachment":[{"href":"https:\/\/roveyayinevi.com.tr\/index.php\/wp-json\/wp\/v2\/media?parent=755217"}],"wp:term":[{"taxonomy":"product_brand","embeddable":true,"href":"https:\/\/roveyayinevi.com.tr\/index.php\/wp-json\/wp\/v2\/product_brand?post=755217"},{"taxonomy":"product_cat","embeddable":true,"href":"https:\/\/roveyayinevi.com.tr\/index.php\/wp-json\/wp\/v2\/product_cat?post=755217"},{"taxonomy":"product_tag","embeddable":true,"href":"https:\/\/roveyayinevi.com.tr\/index.php\/wp-json\/wp\/v2\/product_tag?post=755217"}],"curies":[{"name":"wp","href":"https:\/\/api.w.org\/{rel}","templated":true}]}}