{"id":755203,"date":"2025-08-28T06:33:05","date_gmt":"2025-08-28T03:33:05","guid":{"rendered":"https:\/\/roveyayinevi.com.tr\/index.php\/urun\/nutrigenetik\/"},"modified":"2026-04-16T03:08:23","modified_gmt":"2026-04-16T00:08:23","slug":"nutrigenetik","status":"publish","type":"product","link":"https:\/\/roveyayinevi.com.tr\/index.php\/urun\/nutrigenetik\/","title":{"rendered":"Nutrigenetik"},"content":{"rendered":"<p>KEND\u0130N\u0130Z\u0130 DE\u011e\u0130L GENLER\u0130N\u0130Z\u0130 BESLEY\u0130N   \u0130nsan Genom Projesi\u2019nin yank\u0131lar\u0131 h\u00e2l\u00e2 devam ediyor. Art\u0131k hastal\u0131klar\u0131n tan\u0131 ve tedavisi kadar ya\u015fam tarz\u0131m\u0131z\u0131 etkileyen pek \u00e7ok meseleyi hen\u00fcz ortaya \u00e7\u0131kmadan \u00e7\u00f6z\u00fcmlemeye \u00e7al\u0131\u015f\u0131yoruz. Bu projenin yaratt\u0131\u011f\u0131 en \u00f6nemli disiplinlerden biri olan beslenme geneti\u011fi sadece hekimler ve diyetisyenler i\u00e7in de\u011fil, daha uzun ve kaliteli ya\u015famak isteyen herkes i\u00e7in gitgide \u00f6nem kazan\u0131yor. \u2022 Neden baz\u0131 besinler yararl\u0131 baz\u0131lar\u0131 ise zararl\u0131d\u0131r? \u2022 Neden ayn\u0131 beslenme program\u0131n\u0131 uygulayanlar ayn\u0131 sonu\u00e7lar\u0131 alamazlar? \u2022 G\u00fcn\u00fcm\u00fcz diyetleri neden genlere g\u00f6re dizayn edilmelidir? \u2022 Genler hastal\u0131klara yatk\u0131nl\u0131\u011f\u0131m\u0131z\u0131 nas\u0131l belirler? \u2022 Kilo kontrol\u00fc ve h\u0131zl\u0131 ya\u011f yakmak i\u00e7in nas\u0131l beslenme programlar\u0131 olu\u015fturulmal\u0131d\u0131r? \u2022 Gen havuzumuzun de\u011fi\u015fmemesine ra\u011fmen neden h\u00e2l\u00e2 obeziz?     Genetik Uzman\u0131 Korkut Ulucan, pop\u00fcler diyetler ve yanl\u0131\u015f beslenme \u00fczerine bilinmeyenleri son bilimsel ara\u015ft\u0131rmalar \u0131\u015f\u0131\u011f\u0131nda ilk kez ortaya koyuyor. Bu kitap her takviye g\u0131dan\u0131n neden fayda etmeyece\u011finin, baz\u0131 yararl\u0131 besinlere kar\u015f\u0131 neden tolerans\u0131n\u0131z\u0131n d\u00fc\u015f\u00fck olaca\u011f\u0131n\u0131n, \u015fimdiden uygulanacak baz\u0131 beslenme al\u0131\u015fkanl\u0131klar\u0131 ile olas\u0131 bir\u00e7ok sistemik hastal\u0131\u011f\u0131n ve beyin hastal\u0131klar\u0131n\u0131n \u00f6n\u00fcne nas\u0131l ge\u00e7ece\u011finizin ipu\u00e7lar\u0131n\u0131 sade bir dille anlat\u0131yor. <\/p>\n","protected":false},"excerpt":{"rendered":"<p>KEND\u0130N\u0130Z\u0130 DE\u011e\u0130L GENLER\u0130N\u0130Z\u0130 BESLEY\u0130N \u0130nsan Genom Projesi\u2019nin yank\u0131lar\u0131 h\u00e2l\u00e2 devam ediyor. Art\u0131k hastal\u0131klar\u0131n tan\u0131 ve tedavisi kadar ya\u015fam tarz\u0131m\u0131z\u0131 etkileyen pek \u00e7ok meseleyi hen\u00fcz ortaya \u00e7\u0131kmadan<span class=\"excerpt-hellip\"> [\u2026]<\/span><\/p>\n","protected":false},"featured_media":0,"template":"","meta":{"_monsterinsights_skip_tracking":false,"_monsterinsights_sitenote_active":false,"_monsterinsights_sitenote_note":"","_monsterinsights_sitenote_category":0},"product_brand":[],"product_cat":[13005,13006],"product_tag":[],"class_list":{"0":"post-755203","1":"product","2":"type-product","3":"status-publish","5":"product_cat-bilim-muhendislik","6":"product_cat-populer-bilim","7":"pa_cilt-ciltsiz","8":"pa_tur-kitap","9":"pa_yayinevi-destek-yayinlari","10":"pa_yazar-korkut-ulucan","12":"first","13":"instock","14":"sale","15":"shipping-taxable","16":"purchasable","17":"product-type-simple"},"_links":{"self":[{"href":"https:\/\/roveyayinevi.com.tr\/index.php\/wp-json\/wp\/v2\/product\/755203","targetHints":{"allow":["GET"]}}],"collection":[{"href":"https:\/\/roveyayinevi.com.tr\/index.php\/wp-json\/wp\/v2\/product"}],"about":[{"href":"https:\/\/roveyayinevi.com.tr\/index.php\/wp-json\/wp\/v2\/types\/product"}],"wp:attachment":[{"href":"https:\/\/roveyayinevi.com.tr\/index.php\/wp-json\/wp\/v2\/media?parent=755203"}],"wp:term":[{"taxonomy":"product_brand","embeddable":true,"href":"https:\/\/roveyayinevi.com.tr\/index.php\/wp-json\/wp\/v2\/product_brand?post=755203"},{"taxonomy":"product_cat","embeddable":true,"href":"https:\/\/roveyayinevi.com.tr\/index.php\/wp-json\/wp\/v2\/product_cat?post=755203"},{"taxonomy":"product_tag","embeddable":true,"href":"https:\/\/roveyayinevi.com.tr\/index.php\/wp-json\/wp\/v2\/product_tag?post=755203"}],"curies":[{"name":"wp","href":"https:\/\/api.w.org\/{rel}","templated":true}]}}