{"id":755195,"date":"2025-08-28T06:32:55","date_gmt":"2025-08-28T03:32:55","guid":{"rendered":"https:\/\/roveyayinevi.com.tr\/index.php\/urun\/kotulugun-ogretmeni-machiavelli-uzerine-dusunceler\/"},"modified":"2026-04-16T03:08:23","modified_gmt":"2026-04-16T00:08:23","slug":"kotulugun-ogretmeni-machiavelli-uzerine-dusunceler","status":"publish","type":"product","link":"https:\/\/roveyayinevi.com.tr\/index.php\/urun\/kotulugun-ogretmeni-machiavelli-uzerine-dusunceler\/","title":{"rendered":"\u201cK\u00f6t\u00fcl\u00fc\u011f\u00fcn \u00d6\u011fretmeni\u201d Machiavelli \u00dczerine D\u00fc\u015f\u00fcnceler"},"content":{"rendered":"<p>D\u00fc\u015f\u00fcnce tarihinin en tart\u0131\u015fmal\u0131 fig\u00fcrlerinin ba\u015f\u0131nda hi\u00e7 \u015f\u00fcphesiz Machiavelli geliyor. Leo Strauss\u2019un 1953 y\u0131l\u0131 g\u00fcz d\u00f6neminde Chicago \u00dcniversitesi\u2019nde verdi\u011fi d\u00f6rt konferans\u0131n bizzat kendisi taraf\u0131ndan g\u00f6zden ge\u00e7irilmi\u015f ve geni\u015fletilmi\u015f h\u00e2lini te\u015fkil eden bu kitapta, \u201ck\u00f6t\u00fcl\u00fc\u011f\u00fcn \u00f6\u011fretmeni\u201d olarak tan\u0131mlanan Machiavelli\u2019nin d\u00fc\u015f\u00fcnceleri, hem dayand\u0131\u011f\u0131 kaynaklar hem d\u00f6neminde hitap etti\u011fi ki\u015filer hem de kendisinden sonraki nesillerin \u00fczerinde b\u0131rakt\u0131\u011f\u0131 tesirler bak\u0131m\u0131ndan ayr\u0131nt\u0131l\u0131 bir tetkike tabi tutuluyor. Strauss\u2019a g\u00f6re, Machiavelli\u2019de ger\u00e7ekten takdir edilesi \u015feyin, d\u00fc\u015f\u00fcncesindeki cesaretin, vizyonundaki g\u00f6rkemin ve s\u00f6zlerindeki zarif inceli\u011fin hakk\u0131n\u0131 teslim edebilmek i\u00e7in onu herhangi bir tevile ihtiya\u00e7 duymadan, oldu\u011fu gibi, yani olanca k\u00f6t\u00fcl\u00fc\u011f\u00fcyle anlayabilmek gerekiyor. Hi\u00e7 \u015f\u00fcphesiz, insan kendisini Machiavelli\u2019nin etkisinden kurtaramad\u0131\u011f\u0131 s\u00fcrece onun d\u00fc\u015f\u00fcncesinin as\u0131l karakterini kavrayamaz. Bu y\u00fczden Leo Strauss, Machiavelli\u2019yi Bat\u0131 d\u00fcnyas\u0131n\u0131n Kitab-\u0131 Mukaddes\u2019e dayal\u0131 ve klasik modern \u00f6ncesi miras\u0131n\u0131 yans\u0131tan \u0131\u015f\u0131\u011f\u0131 alt\u0131nda inceleyerek, onun d\u00fc\u015f\u00fcncesinin as\u0131l niteli\u011fini ortaya koyuyor. Strauss, Machiavelli\u2019nin kitaplar\u0131nda kulland\u0131\u011f\u0131 kelimeleri, s\u00f6zdizimlerini, deyimleri ve hatta b\u00f6l\u00fcm ba\u015fl\u0131klar\u0131 ile numaralar\u0131n\u0131 bile incelemesine konu edinerek art\u0131k kan\u0131ksanm\u0131\u015f ve neredeyse iyi bir filozofa d\u00f6n\u00fc\u015ft\u00fcr\u00fclm\u00fc\u015f bir Machiavelli yerine, modern \u00f6ncesi imk\u00e2nlarla k\u0131yasland\u0131\u011f\u0131nda yeni ve tuhaf olan, t\u00fcm\u00fcyle beklenmedik ve \u015fa\u015f\u0131rt\u0131c\u0131 bir Machiavelli portresi \u00e7iziyor.<\/p>\n","protected":false},"excerpt":{"rendered":"<p>D\u00fc\u015f\u00fcnce tarihinin en tart\u0131\u015fmal\u0131 fig\u00fcrlerinin ba\u015f\u0131nda hi\u00e7 \u015f\u00fcphesiz Machiavelli geliyor. Leo Strauss\u2019un 1953 y\u0131l\u0131 g\u00fcz d\u00f6neminde Chicago \u00dcniversitesi\u2019nde verdi\u011fi d\u00f6rt konferans\u0131n bizzat kendisi taraf\u0131ndan g\u00f6zden ge\u00e7irilmi\u015f<span class=\"excerpt-hellip\"> [\u2026]<\/span><\/p>\n","protected":false},"featured_media":0,"template":"","meta":{"_monsterinsights_skip_tracking":false,"_monsterinsights_sitenote_active":false,"_monsterinsights_sitenote_note":"","_monsterinsights_sitenote_category":0},"product_brand":[],"product_cat":[20351,12388],"product_tag":[],"class_list":{"0":"post-755195","1":"product","2":"type-product","3":"status-publish","5":"product_cat-dusunce","6":"product_cat-felsefe","7":"pa_cilt-ciltsiz","8":"pa_tur-kitap","9":"pa_yayinevi-babil-kitap","10":"pa_yazar-leo-strauss","12":"first","13":"instock","14":"sale","15":"shipping-taxable","16":"purchasable","17":"product-type-simple"},"_links":{"self":[{"href":"https:\/\/roveyayinevi.com.tr\/index.php\/wp-json\/wp\/v2\/product\/755195","targetHints":{"allow":["GET"]}}],"collection":[{"href":"https:\/\/roveyayinevi.com.tr\/index.php\/wp-json\/wp\/v2\/product"}],"about":[{"href":"https:\/\/roveyayinevi.com.tr\/index.php\/wp-json\/wp\/v2\/types\/product"}],"wp:attachment":[{"href":"https:\/\/roveyayinevi.com.tr\/index.php\/wp-json\/wp\/v2\/media?parent=755195"}],"wp:term":[{"taxonomy":"product_brand","embeddable":true,"href":"https:\/\/roveyayinevi.com.tr\/index.php\/wp-json\/wp\/v2\/product_brand?post=755195"},{"taxonomy":"product_cat","embeddable":true,"href":"https:\/\/roveyayinevi.com.tr\/index.php\/wp-json\/wp\/v2\/product_cat?post=755195"},{"taxonomy":"product_tag","embeddable":true,"href":"https:\/\/roveyayinevi.com.tr\/index.php\/wp-json\/wp\/v2\/product_tag?post=755195"}],"curies":[{"name":"wp","href":"https:\/\/api.w.org\/{rel}","templated":true}]}}