{"id":755187,"date":"2025-08-28T06:32:45","date_gmt":"2025-08-28T03:32:45","guid":{"rendered":"https:\/\/roveyayinevi.com.tr\/index.php\/urun\/islam-ve-hristiyanlik-arasinda-imparatorluklar\/"},"modified":"2026-04-16T03:08:23","modified_gmt":"2026-04-16T00:08:23","slug":"islam-ve-hristiyanlik-arasinda-imparatorluklar","status":"publish","type":"product","link":"https:\/\/roveyayinevi.com.tr\/index.php\/urun\/islam-ve-hristiyanlik-arasinda-imparatorluklar\/","title":{"rendered":"\u0130slam ve Hristiyanl\u0131k Aras\u0131nda \u0130mparatorluklar"},"content":{"rendered":"<p>\u0130slam ve H\u0131ristiyanl\u0131k Aras\u0131nda \u0130mparatorluklar, erken modern d\u00f6nem d\u00fcnya tarihine yepyeni bir pencere a\u00e7\u0131yor.\u201cBa\u011flant\u0131l\u0131 tarihler\u201d yakla\u015f\u0131m\u0131n\u0131 b\u00fcy\u00fck bir yarat\u0131c\u0131l\u0131kla kullanan Subrahmanyam, 1500-1800 y\u0131llar\u0131 aras\u0131nda Hint Okyanusu, Atlantik ve Akdeniz\u2019de olup bitenlere dair bir dizi ciddi meseleyi imparatorluklar ba\u011flam\u0131nda kapsaml\u0131 bi\u00e7imde de\u011ferlendiriyor.  Osmanl\u0131lar, Bab\u00fcrler, \u0130beryal\u0131lar, Britanyal\u0131lar gibi d\u00f6nemin \u00f6nemli akt\u00f6rlerini m\u00fcstakil bi\u00e7imde ele almak yerine birbiriyle irtibatland\u0131rmay\u0131 tercih eden yazar, ilgili ar\u015fiv ve metinleri birlikte okuma y\u00f6ntemini benimsiyor. \u0130mparatorluklar\u0131n birbiriyle etkile\u015fimini, birbirlerinden \u00f6d\u00fcn\u00e7 ald\u0131klar\u0131 bilgi ve y\u00f6ntemleri a\u00e7\u0131\u011fa \u00e7\u0131karan bu \u00e7al\u0131\u015fma, \u00e7a\u011f\u0131n H\u0131ristiyan ve M\u00fcsl\u00fcman imparatorluklar\u0131na dair ekonomiden siyasete, d\u00fc\u015f\u00fcnceden k\u00fclt\u00fcre uzanan geni\u015f bir panorama sunuyor.\u201cSanjay Subrahmanyam\u2019\u0131n eserlerinin T\u00fcrk\u00e7eye kazand\u0131r\u0131lmas\u0131 son derece sevindirici. Kendisi hakk\u0131nda \u00e7a\u011f\u0131m\u0131z\u0131n en \u00f6nemli tarih\u00e7ilerinden biri dersem tarih disiplinindeki geli\u015fmelerin yakla\u015f\u0131k son otuz y\u0131l\u0131n\u0131 takip eden kimsenin \u015fa\u015f\u0131raca\u011f\u0131n\u0131 sanm\u0131yorum. Subrahmanyam\u2019\u0131n son otuz y\u0131ldaki \u00fcretkenli\u011fi, \u00fcstelik nitelikten hi\u00e7 taviz vermeyen \u00fcretkenli\u011fi, hayranl\u0131k uyand\u0131r\u0131c\u0131.\u201dCemal Kafadar<\/p>\n","protected":false},"excerpt":{"rendered":"<p>\u0130slam ve H\u0131ristiyanl\u0131k Aras\u0131nda \u0130mparatorluklar, erken modern d\u00f6nem d\u00fcnya tarihine yepyeni bir pencere a\u00e7\u0131yor.\u201cBa\u011flant\u0131l\u0131 tarihler\u201d yakla\u015f\u0131m\u0131n\u0131 b\u00fcy\u00fck bir yarat\u0131c\u0131l\u0131kla kullanan Subrahmanyam, 1500-1800 y\u0131llar\u0131 aras\u0131nda Hint Okyanusu,<span class=\"excerpt-hellip\"> [\u2026]<\/span><\/p>\n","protected":false},"featured_media":0,"template":"","meta":{"_monsterinsights_skip_tracking":false,"_monsterinsights_sitenote_active":false,"_monsterinsights_sitenote_note":"","_monsterinsights_sitenote_category":0},"product_brand":[],"product_cat":[12370,12304],"product_tag":[],"class_list":{"0":"post-755187","1":"product","2":"type-product","3":"status-publish","5":"product_cat-arastirma-inceleme","6":"product_cat-tarih","7":"pa_cilt-ciltsiz","8":"pa_tur-kitap","9":"pa_yayinevi-babil-kitap","10":"pa_yazar-sanjay-subrahmanyam","12":"first","13":"instock","14":"sale","15":"shipping-taxable","16":"purchasable","17":"product-type-simple"},"_links":{"self":[{"href":"https:\/\/roveyayinevi.com.tr\/index.php\/wp-json\/wp\/v2\/product\/755187","targetHints":{"allow":["GET"]}}],"collection":[{"href":"https:\/\/roveyayinevi.com.tr\/index.php\/wp-json\/wp\/v2\/product"}],"about":[{"href":"https:\/\/roveyayinevi.com.tr\/index.php\/wp-json\/wp\/v2\/types\/product"}],"wp:attachment":[{"href":"https:\/\/roveyayinevi.com.tr\/index.php\/wp-json\/wp\/v2\/media?parent=755187"}],"wp:term":[{"taxonomy":"product_brand","embeddable":true,"href":"https:\/\/roveyayinevi.com.tr\/index.php\/wp-json\/wp\/v2\/product_brand?post=755187"},{"taxonomy":"product_cat","embeddable":true,"href":"https:\/\/roveyayinevi.com.tr\/index.php\/wp-json\/wp\/v2\/product_cat?post=755187"},{"taxonomy":"product_tag","embeddable":true,"href":"https:\/\/roveyayinevi.com.tr\/index.php\/wp-json\/wp\/v2\/product_tag?post=755187"}],"curies":[{"name":"wp","href":"https:\/\/api.w.org\/{rel}","templated":true}]}}