{"id":755181,"date":"2025-08-28T06:32:38","date_gmt":"2025-08-28T03:32:38","guid":{"rendered":"https:\/\/roveyayinevi.com.tr\/index.php\/urun\/21-ilham-veren-hayvan\/"},"modified":"2026-04-16T03:08:23","modified_gmt":"2026-04-16T00:08:23","slug":"21-ilham-veren-hayvan","status":"publish","type":"product","link":"https:\/\/roveyayinevi.com.tr\/index.php\/urun\/21-ilham-veren-hayvan\/","title":{"rendered":"21 \u0130lham Veren Hayvan"},"content":{"rendered":"<p>\u0130nsanlar ve hayvanlar y\u00fczlerce y\u0131ld\u0131r, iyi g\u00fcnde k\u00f6t\u00fc g\u00fcnde yan yana ya\u015fad\u0131lar. Bazen aram\u0131zda kopmaz ba\u011flar kuruldu bazen o ba\u011flar ac\u0131mas\u0131z \u015fartlarla s\u0131nand\u0131. Fakat bu iki t\u00fcr aras\u0131ndaki sevgi hep galip geldi. Elinizdeki kitapta d\u00fcnyay\u0131 de\u011fi\u015ftiren kaplumba\u011falarla, yaln\u0131z bir fille, matematik d\u00e2hisi bir atla, sahibi i\u00e7in her \u015feyi yapan bir k\u00f6pekle, konu\u015fan bir gorille, falc\u0131 bir ahtapotla sve hatta uzaya giden ilk maymunla tan\u0131\u015facaks\u0131n\u0131z. Her hik\u00e2yenin sonunda s\u00fcrpriz sorular, ilk defa duyaca\u011f\u0131n\u0131z ilgin\u00e7 bilgiler de cabas\u0131, \u015fahane resimlerin de size e\u015flik edece\u011fini de unutmadan s\u00f6yleyelim.<\/p>\n","protected":false},"excerpt":{"rendered":"<p>\u0130nsanlar ve hayvanlar y\u00fczlerce y\u0131ld\u0131r, iyi g\u00fcnde k\u00f6t\u00fc g\u00fcnde yan yana ya\u015fad\u0131lar. Bazen aram\u0131zda kopmaz ba\u011flar kuruldu bazen o ba\u011flar ac\u0131mas\u0131z \u015fartlarla s\u0131nand\u0131. Fakat bu iki<span class=\"excerpt-hellip\"> [\u2026]<\/span><\/p>\n","protected":false},"featured_media":0,"template":"","meta":{"_monsterinsights_skip_tracking":false,"_monsterinsights_sitenote_active":false,"_monsterinsights_sitenote_note":"","_monsterinsights_sitenote_category":0},"product_brand":[],"product_cat":[13829,12274],"product_tag":[],"class_list":{"0":"post-755181","1":"product","2":"type-product","3":"status-publish","5":"product_cat-bilimsel-kitaplar","6":"product_cat-cocuk-ve-genclik-kitaplari","7":"pa_cilt-ciltsiz","8":"pa_tur-kitap","9":"pa_yayinevi-babil-kitap","10":"pa_yazar-geka","12":"first","13":"instock","14":"sale","15":"shipping-taxable","16":"purchasable","17":"product-type-simple"},"_links":{"self":[{"href":"https:\/\/roveyayinevi.com.tr\/index.php\/wp-json\/wp\/v2\/product\/755181","targetHints":{"allow":["GET"]}}],"collection":[{"href":"https:\/\/roveyayinevi.com.tr\/index.php\/wp-json\/wp\/v2\/product"}],"about":[{"href":"https:\/\/roveyayinevi.com.tr\/index.php\/wp-json\/wp\/v2\/types\/product"}],"wp:attachment":[{"href":"https:\/\/roveyayinevi.com.tr\/index.php\/wp-json\/wp\/v2\/media?parent=755181"}],"wp:term":[{"taxonomy":"product_brand","embeddable":true,"href":"https:\/\/roveyayinevi.com.tr\/index.php\/wp-json\/wp\/v2\/product_brand?post=755181"},{"taxonomy":"product_cat","embeddable":true,"href":"https:\/\/roveyayinevi.com.tr\/index.php\/wp-json\/wp\/v2\/product_cat?post=755181"},{"taxonomy":"product_tag","embeddable":true,"href":"https:\/\/roveyayinevi.com.tr\/index.php\/wp-json\/wp\/v2\/product_tag?post=755181"}],"curies":[{"name":"wp","href":"https:\/\/api.w.org\/{rel}","templated":true}]}}