{"id":755175,"date":"2025-08-28T06:32:29","date_gmt":"2025-08-28T03:32:29","guid":{"rendered":"https:\/\/roveyayinevi.com.tr\/index.php\/urun\/cumhuriyetin-kultur-politikasi-ve-sanat-1923-1950\/"},"modified":"2026-03-12T03:17:22","modified_gmt":"2026-03-12T00:17:22","slug":"cumhuriyetin-kultur-politikasi-ve-sanat-1923-1950","status":"publish","type":"product","link":"https:\/\/roveyayinevi.com.tr\/index.php\/urun\/cumhuriyetin-kultur-politikasi-ve-sanat-1923-1950\/","title":{"rendered":"Cumhuriyet\u2019in K\u00fclt\u00fcr Politikas\u0131 ve Sanat 1923-1950"},"content":{"rendered":"<p>Sanat tarih\u00e7isi ve akademisyen Nil\u00fcfer \u00d6ndin&#8217;in kaleme ald\u0131\u011f\u0131 Cumhuriyet\u2019in K\u00fclt\u00fcr Politikas\u0131 ve Sanat, 1923 ve 1950 y\u0131llar\u0131 aras\u0131ndaki d\u00f6nemin politik ve k\u00fclt\u00fcrel dinamiklerini titizlikle analiz ederek T\u00fcrkiye&#8217;nin k\u00fclt\u00fcrel evrimine dair \u00f6nemli bir perspektif sunuyor. Kitap, Cumhuriyet&#8217;in ilk y\u0131llar\u0131nda ger\u00e7ekle\u015fen \u00f6nemli de\u011fi\u015fimleri ve k\u00fclt\u00fcr alan\u0131ndaki d\u00f6n\u00fc\u015f\u00fcmleri ele al\u0131yor, bu d\u00f6nemin ayd\u0131nlar\u0131 ile sanat\u00e7\u0131lar\u0131 aras\u0131ndaki dinamik ili\u015fkileri a\u00e7\u0131kl\u0131\u011fa kavu\u015fturuyor.   K\u00fclt\u00fcr politikalar\u0131n\u0131n nas\u0131l \u015fekillendi\u011fini ve sanat\u0131n toplumsal d\u00f6n\u00fc\u015f\u00fcmdeki rol\u00fcn\u00fc detayl\u0131 bir \u015fekilde inceleyen Nil\u00fcfer \u00d6ndin, bu politikalar\u0131n meydana getirdi\u011fi sonu\u00e7lar\u0131 de\u011ferlendirerek T\u00fcrk k\u00fclt\u00fcr\u00fcn\u00fcn bu s\u00fcre\u00e7teki devinimini \u00e7e\u015fitli y\u00f6nleriyle ayd\u0131nlat\u0131yor.    Cumhuriyet&#8217;in do\u011fu\u015fundan itibaren sanat ve k\u00fclt\u00fcr\u00fcn nas\u0131l \u015fekillendi\u011fini anlamak isteyenler i\u00e7in k\u0131ymetli bir kaynak olan Cumhuriyet\u2019in K\u00fclt\u00fcr Politikas\u0131 ve Sanat 1923-1950, d\u00f6nemin \u00f6nemli sanat\u00e7\u0131lar\u0131na odaklanarak onlar\u0131n eserleri ve politik atmosfer aras\u0131ndaki etkile\u015fimleri ustal\u0131kla ele al\u0131yor, d\u00f6nemin sanatsal uyan\u0131\u015f\u0131n\u0131n izlerini s\u00fcrmek isteyen okurlara hem akademik hem de k\u00fclt\u00fcr tarihi ara\u015ft\u0131rmalar\u0131na dayal\u0131 bilgiler veriyor. <\/p>\n","protected":false},"excerpt":{"rendered":"<p>Sanat tarih\u00e7isi ve akademisyen Nil\u00fcfer \u00d6ndin&#8217;in kaleme ald\u0131\u011f\u0131 Cumhuriyet\u2019in K\u00fclt\u00fcr Politikas\u0131 ve Sanat, 1923 ve 1950 y\u0131llar\u0131 aras\u0131ndaki d\u00f6nemin politik ve k\u00fclt\u00fcrel dinamiklerini titizlikle analiz ederek<span class=\"excerpt-hellip\"> [\u2026]<\/span><\/p>\n","protected":false},"featured_media":0,"template":"","meta":{"_monsterinsights_skip_tracking":false,"_monsterinsights_sitenote_active":false,"_monsterinsights_sitenote_note":"","_monsterinsights_sitenote_category":0},"product_brand":[],"product_cat":[12408],"product_tag":[],"class_list":{"0":"post-755175","1":"product","2":"type-product","3":"status-publish","5":"product_cat-sanat","6":"pa_cilt-ciltsiz","7":"pa_tur-kitap","8":"pa_yayinevi-hayalperest-yayinlari","9":"pa_yazar-nilufer-ondin","11":"first","12":"instock","13":"sale","14":"shipping-taxable","15":"purchasable","16":"product-type-simple"},"_links":{"self":[{"href":"https:\/\/roveyayinevi.com.tr\/index.php\/wp-json\/wp\/v2\/product\/755175","targetHints":{"allow":["GET"]}}],"collection":[{"href":"https:\/\/roveyayinevi.com.tr\/index.php\/wp-json\/wp\/v2\/product"}],"about":[{"href":"https:\/\/roveyayinevi.com.tr\/index.php\/wp-json\/wp\/v2\/types\/product"}],"wp:attachment":[{"href":"https:\/\/roveyayinevi.com.tr\/index.php\/wp-json\/wp\/v2\/media?parent=755175"}],"wp:term":[{"taxonomy":"product_brand","embeddable":true,"href":"https:\/\/roveyayinevi.com.tr\/index.php\/wp-json\/wp\/v2\/product_brand?post=755175"},{"taxonomy":"product_cat","embeddable":true,"href":"https:\/\/roveyayinevi.com.tr\/index.php\/wp-json\/wp\/v2\/product_cat?post=755175"},{"taxonomy":"product_tag","embeddable":true,"href":"https:\/\/roveyayinevi.com.tr\/index.php\/wp-json\/wp\/v2\/product_tag?post=755175"}],"curies":[{"name":"wp","href":"https:\/\/api.w.org\/{rel}","templated":true}]}}