{"id":755164,"date":"2025-08-28T06:32:17","date_gmt":"2025-08-28T03:32:17","guid":{"rendered":"https:\/\/roveyayinevi.com.tr\/index.php\/urun\/ac-koynunu-ben-geldim\/"},"modified":"2026-04-16T03:08:22","modified_gmt":"2026-04-16T00:08:22","slug":"ac-koynunu-ben-geldim","status":"publish","type":"product","link":"https:\/\/roveyayinevi.com.tr\/index.php\/urun\/ac-koynunu-ben-geldim\/","title":{"rendered":"A\u00e7 Koynunu, Ben Geldim"},"content":{"rendered":"<p>Hika\u0302ye y\u0131llar evvel, Bursa Kapal\u0131 C\u0327ars\u0327\u0131\u2019dan bas\u0327kente kadar nam\u0131 ulas\u0327m\u0131s\u0327 bir hanc\u0327er ustas\u0131n\u0131n ayn\u0131 demirden do\u0308verek yapt\u0131g\u0306\u0131, birinin sap\u0131na ates\u0327, dig\u0306erininkine toprak is\u0327ledig\u0306i iki hanc\u0327erle bas\u0327lar. I\u0307s\u0327in ic\u0327ine bir tutam efsun, iki damla da kan kar\u0131s\u0327\u0131nca hayat\u0131n olag\u0306an ak\u0131s\u0327\u0131 deg\u0306is\u0327iverir. Bo\u0308ylece Mutlu ve Ru\u0308ya ad\u0131nda iki gence daha dog\u0306madan ortak bir kader yaz\u0131l\u0131r&#8230; Asl\u0131 Tohumcu, Ac\u0327 Koynunu, Ben Geldim\u2019de, ezberleri bozarak, bu hika\u0302yenin kahramanlar\u0131 d\u0131s\u0327\u0131nda kimseye nasip olmayacak fevkalade bir as\u0327k\u0131 anlat\u0131yor. <\/p>\n","protected":false},"excerpt":{"rendered":"<p>Hika\u0302ye y\u0131llar evvel, Bursa Kapal\u0131 C\u0327ars\u0327\u0131\u2019dan bas\u0327kente kadar nam\u0131 ulas\u0327m\u0131s\u0327 bir hanc\u0327er ustas\u0131n\u0131n ayn\u0131 demirden do\u0308verek yapt\u0131g\u0306\u0131, birinin sap\u0131na ates\u0327, dig\u0306erininkine toprak is\u0327ledig\u0306i iki hanc\u0327erle bas\u0327lar.<span class=\"excerpt-hellip\"> [\u2026]<\/span><\/p>\n","protected":false},"featured_media":0,"template":"","meta":{"_monsterinsights_skip_tracking":false,"_monsterinsights_sitenote_active":false,"_monsterinsights_sitenote_note":"","_monsterinsights_sitenote_category":0},"product_brand":[],"product_cat":[12291,12711],"product_tag":[],"class_list":{"0":"post-755164","1":"product","2":"type-product","3":"status-publish","5":"product_cat-edebiyat","6":"product_cat-roman-oyku","7":"pa_cilt-ciltsiz","8":"pa_tur-kitap","9":"pa_yayinevi-iletisim-yayinlari","10":"pa_yazar-asli-tohumcu","12":"first","13":"instock","14":"sale","15":"shipping-taxable","16":"purchasable","17":"product-type-simple"},"_links":{"self":[{"href":"https:\/\/roveyayinevi.com.tr\/index.php\/wp-json\/wp\/v2\/product\/755164","targetHints":{"allow":["GET"]}}],"collection":[{"href":"https:\/\/roveyayinevi.com.tr\/index.php\/wp-json\/wp\/v2\/product"}],"about":[{"href":"https:\/\/roveyayinevi.com.tr\/index.php\/wp-json\/wp\/v2\/types\/product"}],"wp:attachment":[{"href":"https:\/\/roveyayinevi.com.tr\/index.php\/wp-json\/wp\/v2\/media?parent=755164"}],"wp:term":[{"taxonomy":"product_brand","embeddable":true,"href":"https:\/\/roveyayinevi.com.tr\/index.php\/wp-json\/wp\/v2\/product_brand?post=755164"},{"taxonomy":"product_cat","embeddable":true,"href":"https:\/\/roveyayinevi.com.tr\/index.php\/wp-json\/wp\/v2\/product_cat?post=755164"},{"taxonomy":"product_tag","embeddable":true,"href":"https:\/\/roveyayinevi.com.tr\/index.php\/wp-json\/wp\/v2\/product_tag?post=755164"}],"curies":[{"name":"wp","href":"https:\/\/api.w.org\/{rel}","templated":true}]}}