{"id":755111,"date":"2025-08-28T06:30:57","date_gmt":"2025-08-28T03:30:57","guid":{"rendered":"https:\/\/roveyayinevi.com.tr\/index.php\/urun\/hammer-cekic-1\/"},"modified":"2026-03-12T03:17:20","modified_gmt":"2026-03-12T00:17:20","slug":"hammer-cekic-1","status":"publish","type":"product","link":"https:\/\/roveyayinevi.com.tr\/index.php\/urun\/hammer-cekic-1\/","title":{"rendered":"Hammer &#8211; \u00c7eki\u00e7-1"},"content":{"rendered":"<p>Y\u0130NE KEND\u0130 BA\u015eINA KALDI\u011eI B\u0130R G\u00dcN STUD; BABASININ G\u00dcNL\u00dcKLER\u0130NDEN B\u0130R\u0130N\u0130N \u0130\u00c7\u0130NE, KRALLARININ \u00d6L\u00dcM\u00dcYLE SARSILAN OKYANUS KRALLI\u011eI\u2019NA \u00c7EK\u0130L\u0130R. ACABA STUD \u00c7EK\u0130\u00c7 ELLER\u0130N\u0130 KULLANARAK BU MESELEY\u0130 \u00c7\u00d6ZEB\u0130LECEK M\u0130D\u0130R?   Kahraman\u0131m\u0131z Stud, d\u00fczenli olarak gitti\u011fi ke\u015fif gezilerine dair g\u00fcnl\u00fckler tutan bir baban\u0131n on d\u00f6rt ya\u015f\u0131ndaki o\u011fludur. Kendi ba\u015f\u0131na ya\u015famaya al\u0131\u015f\u0131k bir \u00e7ocuk olarak Stud, di\u011ferlerinden farkl\u0131d\u0131r; \u00fcstelik ellerini \u00e7ekice d\u00f6n\u00fc\u015ft\u00fcrebilir! Ne yaz\u0131k ki kasabadaki \u00e7ocuklar i\u00e7in bu haval\u0131 bir \u015fey de\u011fildir ve Stud\u2019u aralar\u0131na almazlar. Babas\u0131, Stud\u2019a daima bir insan\u0131n en b\u00fcy\u00fck ba\u015far\u0131s\u0131n\u0131n kurdu\u011fu arkada\u015fl\u0131klar oldu\u011funu \u00f6\u011f\u00fctlemi\u015ftir. Peki, v\u00fccudunun bir k\u0131sm\u0131n\u0131 metale d\u00f6n\u00fc\u015ft\u00fcrebilen bir \u00e7ocuk ne yapabilir? Elbette kendi maceralar\u0131n\u0131 ya\u015fayabilir! <\/p>\n","protected":false},"excerpt":{"rendered":"<p>Y\u0130NE KEND\u0130 BA\u015eINA KALDI\u011eI B\u0130R G\u00dcN STUD; BABASININ G\u00dcNL\u00dcKLER\u0130NDEN B\u0130R\u0130N\u0130N \u0130\u00c7\u0130NE, KRALLARININ \u00d6L\u00dcM\u00dcYLE SARSILAN OKYANUS KRALLI\u011eI\u2019NA \u00c7EK\u0130L\u0130R. ACABA STUD \u00c7EK\u0130\u00c7 ELLER\u0130N\u0130 KULLANARAK BU MESELEY\u0130 \u00c7\u00d6ZEB\u0130LECEK M\u0130D\u0130R?<span class=\"excerpt-hellip\"> [\u2026]<\/span><\/p>\n","protected":false},"featured_media":0,"template":"","meta":{"_monsterinsights_skip_tracking":false,"_monsterinsights_sitenote_active":false,"_monsterinsights_sitenote_note":"","_monsterinsights_sitenote_category":0},"product_brand":[],"product_cat":[12416,12291],"product_tag":[],"class_list":{"0":"post-755111","1":"product","2":"type-product","3":"status-publish","5":"product_cat-cizgi-roman","6":"product_cat-edebiyat","7":"pa_cilt-ciltsiz","8":"pa_tur-kitap","9":"pa_yayinevi-hayalperest-yayinlari","10":"pa_yazar-jeyodin","12":"first","13":"instock","14":"sale","15":"shipping-taxable","16":"purchasable","17":"product-type-simple"},"_links":{"self":[{"href":"https:\/\/roveyayinevi.com.tr\/index.php\/wp-json\/wp\/v2\/product\/755111","targetHints":{"allow":["GET"]}}],"collection":[{"href":"https:\/\/roveyayinevi.com.tr\/index.php\/wp-json\/wp\/v2\/product"}],"about":[{"href":"https:\/\/roveyayinevi.com.tr\/index.php\/wp-json\/wp\/v2\/types\/product"}],"wp:attachment":[{"href":"https:\/\/roveyayinevi.com.tr\/index.php\/wp-json\/wp\/v2\/media?parent=755111"}],"wp:term":[{"taxonomy":"product_brand","embeddable":true,"href":"https:\/\/roveyayinevi.com.tr\/index.php\/wp-json\/wp\/v2\/product_brand?post=755111"},{"taxonomy":"product_cat","embeddable":true,"href":"https:\/\/roveyayinevi.com.tr\/index.php\/wp-json\/wp\/v2\/product_cat?post=755111"},{"taxonomy":"product_tag","embeddable":true,"href":"https:\/\/roveyayinevi.com.tr\/index.php\/wp-json\/wp\/v2\/product_tag?post=755111"}],"curies":[{"name":"wp","href":"https:\/\/api.w.org\/{rel}","templated":true}]}}