{"id":755110,"date":"2025-08-28T06:30:55","date_gmt":"2025-08-28T03:30:55","guid":{"rendered":"https:\/\/roveyayinevi.com.tr\/index.php\/urun\/clock-striker-clock-ciragi-1\/"},"modified":"2026-03-12T03:17:20","modified_gmt":"2026-03-12T00:17:20","slug":"clock-striker-clock-ciragi-1","status":"publish","type":"product","link":"https:\/\/roveyayinevi.com.tr\/index.php\/urun\/clock-striker-clock-ciragi-1\/","title":{"rendered":"Clock Striker &#8211; Clock \u00c7\u0131ra\u011f\u0131- 1"},"content":{"rendered":"<p>GEN\u00c7 B\u0130L\u0130M \u0130NSANI CAST, EFSANEV\u0130 B\u0130R SAVA\u015e\u00c7I-M\u00dcHEND\u0130S TOPLULU\u011eU OLAN DEM\u0130RC\u0130LERE KATILMAYI \u0130PLE \u00c7EK\u0130YOR.   \u015eans\u0131na Cast, onu yan\u0131na \u00e7\u0131rak, yani bir Striker olarak almay\u0131 kabul eden, hayatta kalmay\u0131 ba\u015farm\u0131\u015f demircilerden biriyle, Philomena Clock ile tan\u0131\u015f\u0131r. Hayatlar\u0131n\u0131 tehlikeye atan bir dizi maceran\u0131n i\u00e7erisinde Cast kendini ve sevdiklerini korumak i\u00e7in eski h\u0131rdavatlar\u0131 yeniden \u015fekillendirme yetene\u011fini kullan\u0131r. Neyse ki en b\u00fcy\u00fck icad\u0131 olan mobil laboratuvar protezi, avucunun i\u00e7inde bilimsel deneyler yapmas\u0131na olanak sa\u011flayarak ona g\u00fc\u00e7 kat\u0131yor!   Acaba Cast DEM\u0130RC\u0130LER\u0130N yeni \u00fcyesi olabilecek mi? Daha da \u00f6nemlisi teknolojinin y\u0131k\u0131mdansa insanlara yard\u0131m etmek ve bir \u015feyler in\u015fa edebilmek i\u00e7in kullan\u0131labilece\u011fini kan\u0131tlayabilecek mi? <\/p>\n","protected":false},"excerpt":{"rendered":"<p>GEN\u00c7 B\u0130L\u0130M \u0130NSANI CAST, EFSANEV\u0130 B\u0130R SAVA\u015e\u00c7I-M\u00dcHEND\u0130S TOPLULU\u011eU OLAN DEM\u0130RC\u0130LERE KATILMAYI \u0130PLE \u00c7EK\u0130YOR. \u015eans\u0131na Cast, onu yan\u0131na \u00e7\u0131rak, yani bir Striker olarak almay\u0131 kabul eden, hayatta<span class=\"excerpt-hellip\"> [\u2026]<\/span><\/p>\n","protected":false},"featured_media":0,"template":"","meta":{"_monsterinsights_skip_tracking":false,"_monsterinsights_sitenote_active":false,"_monsterinsights_sitenote_note":"","_monsterinsights_sitenote_category":0},"product_brand":[],"product_cat":[12416,12291],"product_tag":[],"class_list":{"0":"post-755110","1":"product","2":"type-product","3":"status-publish","5":"product_cat-cizgi-roman","6":"product_cat-edebiyat","7":"pa_cilt-ciltsiz","8":"pa_tur-kitap","9":"pa_yayinevi-hayalperest-yayinlari","10":"pa_yazar-issaka-galadima-frederick-l-jones","12":"first","13":"instock","14":"sale","15":"shipping-taxable","16":"purchasable","17":"product-type-simple"},"_links":{"self":[{"href":"https:\/\/roveyayinevi.com.tr\/index.php\/wp-json\/wp\/v2\/product\/755110","targetHints":{"allow":["GET"]}}],"collection":[{"href":"https:\/\/roveyayinevi.com.tr\/index.php\/wp-json\/wp\/v2\/product"}],"about":[{"href":"https:\/\/roveyayinevi.com.tr\/index.php\/wp-json\/wp\/v2\/types\/product"}],"wp:attachment":[{"href":"https:\/\/roveyayinevi.com.tr\/index.php\/wp-json\/wp\/v2\/media?parent=755110"}],"wp:term":[{"taxonomy":"product_brand","embeddable":true,"href":"https:\/\/roveyayinevi.com.tr\/index.php\/wp-json\/wp\/v2\/product_brand?post=755110"},{"taxonomy":"product_cat","embeddable":true,"href":"https:\/\/roveyayinevi.com.tr\/index.php\/wp-json\/wp\/v2\/product_cat?post=755110"},{"taxonomy":"product_tag","embeddable":true,"href":"https:\/\/roveyayinevi.com.tr\/index.php\/wp-json\/wp\/v2\/product_tag?post=755110"}],"curies":[{"name":"wp","href":"https:\/\/api.w.org\/{rel}","templated":true}]}}