{"id":755109,"date":"2025-08-28T06:30:53","date_gmt":"2025-08-28T03:30:53","guid":{"rendered":"https:\/\/roveyayinevi.com.tr\/index.php\/urun\/apple-black-kara-elma-1\/"},"modified":"2026-03-12T03:17:20","modified_gmt":"2026-03-12T00:17:20","slug":"apple-black-kara-elma-1","status":"publish","type":"product","link":"https:\/\/roveyayinevi.com.tr\/index.php\/urun\/apple-black-kara-elma-1\/","title":{"rendered":"Apple Black &#8211; Kara Elma- 1"},"content":{"rendered":"<p>D\u00dcNYAYI KURTARMAK \u00dcZERE YET\u0130\u015eT\u0130R\u0130LEN GEN\u00c7 B\u00dcY\u00dcC\u00dc SANO, \u015eEYTAN\u0130 G\u00dc\u00c7LER YEN\u0130DEN Y\u00dcKSEL\u0130P D\u00dcNYAYI TEHD\u0130T EDERKEN D\u0130\u011eER BECER\u0130KL\u0130 B\u00dcY\u00dcC\u00dcLERLE E\u011e\u0130T\u0130M ALMAYA G\u0130DER.   Uzun y\u0131llar \u00f6nce \u201cKara\u201d denilen bir meyve, insanlara b\u00fcy\u00fcc\u00fcl\u00fck yeteneklerini vermi\u015ftir. B\u00fcy\u00fc Tanr\u0131s\u0131 Merlin\u2019in kutsad\u0131\u011f\u0131 Arodihs\u2019in kolunu ta\u015f\u0131yan gen\u00e7 b\u00fcy\u00fcc\u00fc Sano, en g\u00fc\u00e7l\u00fc asaya sahiptir.   Sano Kara Dip Adas\u0131\u2019n\u0131n gen\u00e7 b\u00fcy\u00fcc\u00fcler loncas\u0131nda h\u0131zl\u0131 bir ba\u015flang\u0131\u00e7 yapar. Bir zamanlar Cennet\u2019i zehirleyen ihanet ve k\u00f6t\u00fcl\u00fck bir kez daha kendini g\u00f6sterir. Acaba Sano, bu tehditlere kar\u015f\u0131 durabilecek <\/p>\n","protected":false},"excerpt":{"rendered":"<p>D\u00dcNYAYI KURTARMAK \u00dcZERE YET\u0130\u015eT\u0130R\u0130LEN GEN\u00c7 B\u00dcY\u00dcC\u00dc SANO, \u015eEYTAN\u0130 G\u00dc\u00c7LER YEN\u0130DEN Y\u00dcKSEL\u0130P D\u00dcNYAYI TEHD\u0130T EDERKEN D\u0130\u011eER BECER\u0130KL\u0130 B\u00dcY\u00dcC\u00dcLERLE E\u011e\u0130T\u0130M ALMAYA G\u0130DER. Uzun y\u0131llar \u00f6nce \u201cKara\u201d denilen bir<span class=\"excerpt-hellip\"> [\u2026]<\/span><\/p>\n","protected":false},"featured_media":0,"template":"","meta":{"_monsterinsights_skip_tracking":false,"_monsterinsights_sitenote_active":false,"_monsterinsights_sitenote_note":"","_monsterinsights_sitenote_category":0},"product_brand":[],"product_cat":[12416,12291],"product_tag":[],"class_list":{"0":"post-755109","1":"product","2":"type-product","3":"status-publish","5":"product_cat-cizgi-roman","6":"product_cat-edebiyat","7":"pa_cilt-ciltsiz","8":"pa_tur-kitap","9":"pa_yayinevi-hayalperest-yayinlari","10":"pa_yazar-odunze-oguguo","12":"first","13":"instock","14":"sale","15":"shipping-taxable","16":"purchasable","17":"product-type-simple"},"_links":{"self":[{"href":"https:\/\/roveyayinevi.com.tr\/index.php\/wp-json\/wp\/v2\/product\/755109","targetHints":{"allow":["GET"]}}],"collection":[{"href":"https:\/\/roveyayinevi.com.tr\/index.php\/wp-json\/wp\/v2\/product"}],"about":[{"href":"https:\/\/roveyayinevi.com.tr\/index.php\/wp-json\/wp\/v2\/types\/product"}],"wp:attachment":[{"href":"https:\/\/roveyayinevi.com.tr\/index.php\/wp-json\/wp\/v2\/media?parent=755109"}],"wp:term":[{"taxonomy":"product_brand","embeddable":true,"href":"https:\/\/roveyayinevi.com.tr\/index.php\/wp-json\/wp\/v2\/product_brand?post=755109"},{"taxonomy":"product_cat","embeddable":true,"href":"https:\/\/roveyayinevi.com.tr\/index.php\/wp-json\/wp\/v2\/product_cat?post=755109"},{"taxonomy":"product_tag","embeddable":true,"href":"https:\/\/roveyayinevi.com.tr\/index.php\/wp-json\/wp\/v2\/product_tag?post=755109"}],"curies":[{"name":"wp","href":"https:\/\/api.w.org\/{rel}","templated":true}]}}