{"id":755104,"date":"2025-08-28T06:30:45","date_gmt":"2025-08-28T03:30:45","guid":{"rendered":"https:\/\/roveyayinevi.com.tr\/index.php\/urun\/kehanet-3\/"},"modified":"2026-04-16T03:08:21","modified_gmt":"2026-04-16T00:08:21","slug":"kehanet-3","status":"publish","type":"product","link":"https:\/\/roveyayinevi.com.tr\/index.php\/urun\/kehanet-3\/","title":{"rendered":"Kehanet"},"content":{"rendered":"<p>Gelecek kayg\u0131s\u0131 insano\u011flunun en b\u00fcy\u00fck ba\u015f belas\u0131d\u0131r. O d\u00f6nem ya\u015fad\u0131\u011f\u0131 sorunlar\u0131n veya \u00e7ok istedi\u011fi \u015feylerin sonucunu bilme arzusu, insan\u0131 huzursuz eder ve uykular\u0131n\u0131 ka\u00e7\u0131r\u0131r. \u2018Kehanet\u2019 ister psikolojik destek ister e\u011flence ama\u00e7l\u0131 dan\u0131\u015fabilece\u011fin bir rehber kitapt\u0131r. Sorular\u0131na \u2018Kehanet\u2019in verece\u011fi cevap bazen tezat gibi g\u00f6r\u00fcnebilir, gerekti\u011finde\u2019 Kehanet\u2019ten alaca\u011f\u0131n cevab\u0131 senin yorumlaman \u00f6nemlidir. <\/p>\n","protected":false},"excerpt":{"rendered":"<p>Gelecek kayg\u0131s\u0131 insano\u011flunun en b\u00fcy\u00fck ba\u015f belas\u0131d\u0131r. O d\u00f6nem ya\u015fad\u0131\u011f\u0131 sorunlar\u0131n veya \u00e7ok istedi\u011fi \u015feylerin sonucunu bilme arzusu, insan\u0131 huzursuz eder ve uykular\u0131n\u0131 ka\u00e7\u0131r\u0131r. \u2018Kehanet\u2019 ister<span class=\"excerpt-hellip\"> [\u2026]<\/span><\/p>\n","protected":false},"featured_media":0,"template":"","meta":{"_monsterinsights_skip_tracking":false,"_monsterinsights_sitenote_active":false,"_monsterinsights_sitenote_note":"","_monsterinsights_sitenote_category":0},"product_brand":[],"product_cat":[19840,12364],"product_tag":[],"class_list":{"0":"post-755104","1":"product","2":"type-product","3":"status-publish","5":"product_cat-astroloji","6":"product_cat-genel-konular","7":"pa_cilt-ciltsiz","8":"pa_tur-kitap","9":"pa_yayinevi-kitap-muptelasi-yayinlari","10":"pa_yazar-martha-mahira","12":"first","13":"instock","14":"sale","15":"shipping-taxable","16":"purchasable","17":"product-type-simple"},"_links":{"self":[{"href":"https:\/\/roveyayinevi.com.tr\/index.php\/wp-json\/wp\/v2\/product\/755104","targetHints":{"allow":["GET"]}}],"collection":[{"href":"https:\/\/roveyayinevi.com.tr\/index.php\/wp-json\/wp\/v2\/product"}],"about":[{"href":"https:\/\/roveyayinevi.com.tr\/index.php\/wp-json\/wp\/v2\/types\/product"}],"wp:attachment":[{"href":"https:\/\/roveyayinevi.com.tr\/index.php\/wp-json\/wp\/v2\/media?parent=755104"}],"wp:term":[{"taxonomy":"product_brand","embeddable":true,"href":"https:\/\/roveyayinevi.com.tr\/index.php\/wp-json\/wp\/v2\/product_brand?post=755104"},{"taxonomy":"product_cat","embeddable":true,"href":"https:\/\/roveyayinevi.com.tr\/index.php\/wp-json\/wp\/v2\/product_cat?post=755104"},{"taxonomy":"product_tag","embeddable":true,"href":"https:\/\/roveyayinevi.com.tr\/index.php\/wp-json\/wp\/v2\/product_tag?post=755104"}],"curies":[{"name":"wp","href":"https:\/\/api.w.org\/{rel}","templated":true}]}}