{"id":755102,"date":"2025-08-28T06:30:43","date_gmt":"2025-08-28T03:30:43","guid":{"rendered":"https:\/\/roveyayinevi.com.tr\/index.php\/urun\/aleviligin-ozu-2\/"},"modified":"2026-04-16T03:08:21","modified_gmt":"2026-04-16T00:08:21","slug":"aleviligin-ozu-2","status":"publish","type":"product","link":"https:\/\/roveyayinevi.com.tr\/index.php\/urun\/aleviligin-ozu-2\/","title":{"rendered":"Alevili\u011fin \u00d6z\u00fc"},"content":{"rendered":"<p>Alevi: Allah\u2019a (Tanr\u0131\u2019ya) inanan, Hz. Muhammed\u2019i peygamber (Resul) bilen,  Hz. Ali\u2019nin velayetine inan, Ehlibeyt yoluna g\u00f6re ibadetlerini yapanlard\u0131r. Allah\u2019a kul, Peygamber\u2019e \u00fcmmet, Ali\u2019ye talip olan; bir ikrar \u00fczere cem ibadetlerini yapan, ikrar\u0131na sahip \u00e7\u0131kan, ikrar\u0131ndan d\u00f6nmeyenler ki\u015filerdir; eline, diline, beline, sahip ki\u015filerdir.<\/p>\n","protected":false},"excerpt":{"rendered":"<p>Alevi: Allah\u2019a (Tanr\u0131\u2019ya) inanan, Hz. Muhammed\u2019i peygamber (Resul) bilen, Hz. Ali\u2019nin velayetine inan, Ehlibeyt yoluna g\u00f6re ibadetlerini yapanlard\u0131r. Allah\u2019a kul, Peygamber\u2019e \u00fcmmet, Ali\u2019ye talip olan; bir<span class=\"excerpt-hellip\"> [\u2026]<\/span><\/p>\n","protected":false},"featured_media":0,"template":"","meta":{"_monsterinsights_skip_tracking":false,"_monsterinsights_sitenote_active":false,"_monsterinsights_sitenote_note":"","_monsterinsights_sitenote_category":0},"product_brand":[],"product_cat":[13575,12718,12719],"product_tag":[],"class_list":{"0":"post-755102","1":"product","2":"type-product","3":"status-publish","5":"product_cat-alevilik-bektasilik","6":"product_cat-din","7":"product_cat-islam","8":"pa_cilt-ciltsiz","9":"pa_tur-kitap","10":"pa_yayinevi-kitap-muptelasi-yayinlari","11":"pa_yazar-hasan-soguk","13":"first","14":"instock","15":"sale","16":"shipping-taxable","17":"purchasable","18":"product-type-simple"},"_links":{"self":[{"href":"https:\/\/roveyayinevi.com.tr\/index.php\/wp-json\/wp\/v2\/product\/755102","targetHints":{"allow":["GET"]}}],"collection":[{"href":"https:\/\/roveyayinevi.com.tr\/index.php\/wp-json\/wp\/v2\/product"}],"about":[{"href":"https:\/\/roveyayinevi.com.tr\/index.php\/wp-json\/wp\/v2\/types\/product"}],"wp:attachment":[{"href":"https:\/\/roveyayinevi.com.tr\/index.php\/wp-json\/wp\/v2\/media?parent=755102"}],"wp:term":[{"taxonomy":"product_brand","embeddable":true,"href":"https:\/\/roveyayinevi.com.tr\/index.php\/wp-json\/wp\/v2\/product_brand?post=755102"},{"taxonomy":"product_cat","embeddable":true,"href":"https:\/\/roveyayinevi.com.tr\/index.php\/wp-json\/wp\/v2\/product_cat?post=755102"},{"taxonomy":"product_tag","embeddable":true,"href":"https:\/\/roveyayinevi.com.tr\/index.php\/wp-json\/wp\/v2\/product_tag?post=755102"}],"curies":[{"name":"wp","href":"https:\/\/api.w.org\/{rel}","templated":true}]}}