{"id":755095,"date":"2025-08-28T06:30:31","date_gmt":"2025-08-28T03:30:31","guid":{"rendered":"https:\/\/roveyayinevi.com.tr\/index.php\/urun\/bulundu\/"},"modified":"2026-04-08T03:15:56","modified_gmt":"2026-04-08T00:15:56","slug":"bulundu","status":"publish","type":"product","link":"https:\/\/roveyayinevi.com.tr\/index.php\/urun\/bulundu\/","title":{"rendered":"Bulundu"},"content":{"rendered":"<p>\u201cBu sabah uyand\u0131\u011f\u0131mda yataktan \u00e7\u0131kmak i\u00e7in sab\u0131rs\u0131zlan\u0131yordum!\u201d \u00c7ocuk ile dedesini deniz kenar\u0131nda heyecan dolu bir g\u00fcn beklemektedir. Kaya havuzlar\u0131n\u0131 ke\u015ffetmekten, kumdan kaleler yapmaya ve lezzetli dondurmalar yemeye kadar yapacak \u00e7ok \u015fey vard\u0131r. Ama ger\u00e7ek macera, y\u00fczmeye gittiklerinde yavru bir fok bulmalar\u0131yla ba\u015flar\u2026 D\u00fcnya \u00e7ap\u0131nda \u00e7ok sevilen Sam Usher\u2019dan m\u00fcthi\u015f bir denizcilik hikayesi.<\/p>\n","protected":false},"excerpt":{"rendered":"<p>\u201cBu sabah uyand\u0131\u011f\u0131mda yataktan \u00e7\u0131kmak i\u00e7in sab\u0131rs\u0131zlan\u0131yordum!\u201d \u00c7ocuk ile dedesini deniz kenar\u0131nda heyecan dolu bir g\u00fcn beklemektedir. Kaya havuzlar\u0131n\u0131 ke\u015ffetmekten, kumdan kaleler yapmaya ve lezzetli dondurmalar<span class=\"excerpt-hellip\"> [\u2026]<\/span><\/p>\n","protected":false},"featured_media":0,"template":"","meta":{"_monsterinsights_skip_tracking":false,"_monsterinsights_sitenote_active":false,"_monsterinsights_sitenote_note":"","_monsterinsights_sitenote_category":0},"product_brand":[],"product_cat":[12274,12284],"product_tag":[],"class_list":{"0":"post-755095","1":"product","2":"type-product","3":"status-publish","5":"product_cat-cocuk-ve-genclik-kitaplari","6":"product_cat-hikayeler","7":"pa_cilt-ciltsiz","8":"pa_tur-kitap","9":"pa_yayinevi-megakids-yayincilik","10":"pa_yazar-sam-usher","12":"first","13":"instock","14":"sale","15":"shipping-taxable","16":"purchasable","17":"product-type-simple"},"_links":{"self":[{"href":"https:\/\/roveyayinevi.com.tr\/index.php\/wp-json\/wp\/v2\/product\/755095","targetHints":{"allow":["GET"]}}],"collection":[{"href":"https:\/\/roveyayinevi.com.tr\/index.php\/wp-json\/wp\/v2\/product"}],"about":[{"href":"https:\/\/roveyayinevi.com.tr\/index.php\/wp-json\/wp\/v2\/types\/product"}],"wp:attachment":[{"href":"https:\/\/roveyayinevi.com.tr\/index.php\/wp-json\/wp\/v2\/media?parent=755095"}],"wp:term":[{"taxonomy":"product_brand","embeddable":true,"href":"https:\/\/roveyayinevi.com.tr\/index.php\/wp-json\/wp\/v2\/product_brand?post=755095"},{"taxonomy":"product_cat","embeddable":true,"href":"https:\/\/roveyayinevi.com.tr\/index.php\/wp-json\/wp\/v2\/product_cat?post=755095"},{"taxonomy":"product_tag","embeddable":true,"href":"https:\/\/roveyayinevi.com.tr\/index.php\/wp-json\/wp\/v2\/product_tag?post=755095"}],"curies":[{"name":"wp","href":"https:\/\/api.w.org\/{rel}","templated":true}]}}