{"id":755091,"date":"2025-08-28T06:30:23","date_gmt":"2025-08-28T03:30:23","guid":{"rendered":"https:\/\/roveyayinevi.com.tr\/index.php\/urun\/daima-ileri\/"},"modified":"2026-04-16T03:08:20","modified_gmt":"2026-04-16T00:08:20","slug":"daima-ileri","status":"publish","type":"product","link":"https:\/\/roveyayinevi.com.tr\/index.php\/urun\/daima-ileri\/","title":{"rendered":"Daima \u0130leri"},"content":{"rendered":"<p>Stan Lee iri yar\u0131 bir adam\u0131n g\u00fcc\u00fcne sahip de\u011fildi. Ya da inan\u0131lmaz bir esnekli\u011fe&#8230; Kedi reflekslerine de&#8230; Onun s\u00fcper g\u00fcc\u00fc bunlar\u0131 yapan s\u00fcper kahramanlar yaratmakt\u0131.<\/p>\n","protected":false},"excerpt":{"rendered":"<p>Stan Lee iri yar\u0131 bir adam\u0131n g\u00fcc\u00fcne sahip de\u011fildi. Ya da inan\u0131lmaz bir esnekli\u011fe&#8230; Kedi reflekslerine de&#8230; Onun s\u00fcper g\u00fcc\u00fc bunlar\u0131 yapan s\u00fcper kahramanlar yaratmakt\u0131.<\/p>\n","protected":false},"featured_media":0,"template":"","meta":{"_monsterinsights_skip_tracking":false,"_monsterinsights_sitenote_active":false,"_monsterinsights_sitenote_note":"","_monsterinsights_sitenote_category":0},"product_brand":[],"product_cat":[12274,12284],"product_tag":[],"class_list":{"0":"post-755091","1":"product","2":"type-product","3":"status-publish","5":"product_cat-cocuk-ve-genclik-kitaplari","6":"product_cat-hikayeler","7":"pa_cilt-ciltli","8":"pa_tur-kitap","9":"pa_yayinevi-megakids-yayincilik","10":"pa_yazar-annie-hunter-eriksen","12":"first","13":"instock","14":"sale","15":"shipping-taxable","16":"purchasable","17":"product-type-simple"},"_links":{"self":[{"href":"https:\/\/roveyayinevi.com.tr\/index.php\/wp-json\/wp\/v2\/product\/755091","targetHints":{"allow":["GET"]}}],"collection":[{"href":"https:\/\/roveyayinevi.com.tr\/index.php\/wp-json\/wp\/v2\/product"}],"about":[{"href":"https:\/\/roveyayinevi.com.tr\/index.php\/wp-json\/wp\/v2\/types\/product"}],"wp:attachment":[{"href":"https:\/\/roveyayinevi.com.tr\/index.php\/wp-json\/wp\/v2\/media?parent=755091"}],"wp:term":[{"taxonomy":"product_brand","embeddable":true,"href":"https:\/\/roveyayinevi.com.tr\/index.php\/wp-json\/wp\/v2\/product_brand?post=755091"},{"taxonomy":"product_cat","embeddable":true,"href":"https:\/\/roveyayinevi.com.tr\/index.php\/wp-json\/wp\/v2\/product_cat?post=755091"},{"taxonomy":"product_tag","embeddable":true,"href":"https:\/\/roveyayinevi.com.tr\/index.php\/wp-json\/wp\/v2\/product_tag?post=755091"}],"curies":[{"name":"wp","href":"https:\/\/api.w.org\/{rel}","templated":true}]}}