{"id":755082,"date":"2025-08-28T06:30:07","date_gmt":"2025-08-28T03:30:07","guid":{"rendered":"https:\/\/roveyayinevi.com.tr\/index.php\/urun\/gelecek-elimizde\/"},"modified":"2026-04-16T03:08:20","modified_gmt":"2026-04-16T00:08:20","slug":"gelecek-elimizde","status":"publish","type":"product","link":"https:\/\/roveyayinevi.com.tr\/index.php\/urun\/gelecek-elimizde\/","title":{"rendered":"Gelecek Elimizde"},"content":{"rendered":"<p>\u00c7ocuklar, yuvam\u0131z dedi\u011fimiz bu muhte\u015fem gezegen ve do\u011fa hakk\u0131nda e\u015fsiz bir merak duygusuna sahipler.\u201d \u2013 Majesteleri Kral III. Charles\u2019\u0131n \u00f6ns\u00f6z\u00fcnden \u0130nsanlar ve di\u011fer canl\u0131larla \u00e7evrili olarak ya\u015f\u0131yoruz. Hep birlikte do\u011fay\u0131 olu\u015fturuyoruz. Bildi\u011fimiz kadar\u0131yla bu ola\u011fan\u00fcst\u00fc ya\u015fam a\u011f\u0131, sadece tek bir gezegenin, D\u00fcnya\u2019n\u0131n \u00e7ok k\u0131ymetli bir katman\u0131nda mevcut. Ancak g\u00fcn\u00fcm\u00fczde do\u011fan\u0131n varl\u0131\u011f\u0131 tehdit alt\u0131nda ve onu ve kendimizi korumak i\u00e7in de\u011fi\u015fim talep etmeliyiz. Gelecek Elimizde! Gelecek Elimizde, Majesteleri Kral III. Charles\u2019\u0131n ve onun liderli\u011findeki S\u00fcrd\u00fcr\u00fclebilir Piyasalar Giri\u015fimi\u2019nin yay\u0131nlad\u0131\u011f\u0131, s\u00fcrd\u00fcr\u00fclebilirlik yol haritas\u0131 Terra Carta\u2019ya dayanmaktad\u0131r. \u015eu ana kadar 400\u2019\u00fcn \u00fczerinde \u015firket, do\u011fan\u0131n, insanlar\u0131n ve gezegenin sa\u011fl\u0131\u011f\u0131n\u0131 faaliyetlerinin merkezine oturtmay\u0131 kabul ederek Terra Carta\u2019y\u0131 onaylad\u0131. \u015eimdi liderlerimizin taahh\u00fctlerini yerine getirmelerini sa\u011flamak bize kald\u0131. Do\u011fan\u0131n harikalar\u0131na, gezegenimizin kar\u015f\u0131 kar\u015f\u0131ya oldu\u011fu tehlikelere ve hepimiz i\u00e7in parlak bir gelecek yaratmak ad\u0131na insanlar\u0131n neler yapabilece\u011fine dair bu heyecan verici ke\u015fifte Majesteleri, yazar Christopher Lloyd ve d\u00fcnyan\u0131n d\u00f6rt bir yan\u0131ndan 33 \u00f6nemli ill\u00fcstrat\u00f6re sizler de kat\u0131l\u0131n.<\/p>\n","protected":false},"excerpt":{"rendered":"<p>\u00c7ocuklar, yuvam\u0131z dedi\u011fimiz bu muhte\u015fem gezegen ve do\u011fa hakk\u0131nda e\u015fsiz bir merak duygusuna sahipler.\u201d \u2013 Majesteleri Kral III. Charles\u2019\u0131n \u00f6ns\u00f6z\u00fcnden \u0130nsanlar ve di\u011fer canl\u0131larla \u00e7evrili olarak<span class=\"excerpt-hellip\"> [\u2026]<\/span><\/p>\n","protected":false},"featured_media":0,"template":"","meta":{"_monsterinsights_skip_tracking":false,"_monsterinsights_sitenote_active":false,"_monsterinsights_sitenote_note":"","_monsterinsights_sitenote_category":0},"product_brand":[],"product_cat":[12274],"product_tag":[],"class_list":{"0":"post-755082","1":"product","2":"type-product","3":"status-publish","5":"product_cat-cocuk-ve-genclik-kitaplari","6":"pa_cilt-ciltli","7":"pa_tur-kitap","8":"pa_yayinevi-megakids-yayincilik","9":"pa_yazar-christopher-lloyd","11":"first","12":"instock","13":"sale","14":"shipping-taxable","15":"purchasable","16":"product-type-simple"},"_links":{"self":[{"href":"https:\/\/roveyayinevi.com.tr\/index.php\/wp-json\/wp\/v2\/product\/755082","targetHints":{"allow":["GET"]}}],"collection":[{"href":"https:\/\/roveyayinevi.com.tr\/index.php\/wp-json\/wp\/v2\/product"}],"about":[{"href":"https:\/\/roveyayinevi.com.tr\/index.php\/wp-json\/wp\/v2\/types\/product"}],"wp:attachment":[{"href":"https:\/\/roveyayinevi.com.tr\/index.php\/wp-json\/wp\/v2\/media?parent=755082"}],"wp:term":[{"taxonomy":"product_brand","embeddable":true,"href":"https:\/\/roveyayinevi.com.tr\/index.php\/wp-json\/wp\/v2\/product_brand?post=755082"},{"taxonomy":"product_cat","embeddable":true,"href":"https:\/\/roveyayinevi.com.tr\/index.php\/wp-json\/wp\/v2\/product_cat?post=755082"},{"taxonomy":"product_tag","embeddable":true,"href":"https:\/\/roveyayinevi.com.tr\/index.php\/wp-json\/wp\/v2\/product_tag?post=755082"}],"curies":[{"name":"wp","href":"https:\/\/api.w.org\/{rel}","templated":true}]}}