{"id":755079,"date":"2025-08-28T06:30:03","date_gmt":"2025-08-28T03:30:03","guid":{"rendered":"https:\/\/roveyayinevi.com.tr\/index.php\/urun\/fergus-ile-zeke-spor-gunu-yarisi\/"},"modified":"2026-04-16T03:08:20","modified_gmt":"2026-04-16T00:08:20","slug":"fergus-ile-zeke-spor-gunu-yarisi","status":"publish","type":"product","link":"https:\/\/roveyayinevi.com.tr\/index.php\/urun\/fergus-ile-zeke-spor-gunu-yarisi\/","title":{"rendered":"Fergus \u0130le Zeke Spor G\u00fcn\u00fc Yar\u0131\u015f\u0131"},"content":{"rendered":"<p>FERGUS \u0130LE ZEKE, OKUL, ARKADA\u015eLIK, MACERA, SINIF, EVC\u0130L HAYVAN, KOM\u0130K, SPOR, ATLET\u0130ZM, YARI\u015eMA,Fergus ile Zeke, Bayan Maxwell\u2019in s\u0131n\u0131f\u0131n\u0131n evcil hayvan\u0131 olmay\u0131 \u00e7ok severlerdi. Deneylerden sanat projelerine,\u00f6\u011frencilerin yapt\u0131\u011f\u0131 her \u015feyi yaparlard\u0131. Ancak spor g\u00fcn\u00fcndeki yar\u0131\u015flar\u0131n hi\u00e7biri k\u00fc\u00e7\u00fck farelere uygun de\u011fildi. Bu nedenle Fergus ile Zeke, fare boyutlar\u0131na uygun halat \u00e7ekme, me\u015fe palamudu f\u0131rlatma ve hulahop \u00e7evirme gibi etkinlikler icat ettiler. \u0130\u00e7eri girme zaman\u0131 geldi\u011finde, okulda kilitli kald\u0131klar\u0131n\u0131 anlad\u0131lar. Acaba iki kafadar yeni becerilerini kullanarak dondurma ikram\u0131na yeti\u015febilecekler mi?<\/p>\n","protected":false},"excerpt":{"rendered":"<p>FERGUS \u0130LE ZEKE, OKUL, ARKADA\u015eLIK, MACERA, SINIF, EVC\u0130L HAYVAN, KOM\u0130K, SPOR, ATLET\u0130ZM, YARI\u015eMA,Fergus ile Zeke, Bayan Maxwell\u2019in s\u0131n\u0131f\u0131n\u0131n evcil hayvan\u0131 olmay\u0131 \u00e7ok severlerdi. Deneylerden sanat projelerine,\u00f6\u011frencilerin<span class=\"excerpt-hellip\"> [\u2026]<\/span><\/p>\n","protected":false},"featured_media":0,"template":"","meta":{"_monsterinsights_skip_tracking":false,"_monsterinsights_sitenote_active":false,"_monsterinsights_sitenote_note":"","_monsterinsights_sitenote_category":0},"product_brand":[],"product_cat":[12274,12284],"product_tag":[],"class_list":{"0":"post-755079","1":"product","2":"type-product","3":"status-publish","5":"product_cat-cocuk-ve-genclik-kitaplari","6":"product_cat-hikayeler","7":"pa_cilt-ciltsiz","8":"pa_tur-kitap","9":"pa_yayinevi-megakids-yayincilik","10":"pa_yazar-kate-messner","12":"first","13":"instock","14":"sale","15":"shipping-taxable","16":"purchasable","17":"product-type-simple"},"_links":{"self":[{"href":"https:\/\/roveyayinevi.com.tr\/index.php\/wp-json\/wp\/v2\/product\/755079","targetHints":{"allow":["GET"]}}],"collection":[{"href":"https:\/\/roveyayinevi.com.tr\/index.php\/wp-json\/wp\/v2\/product"}],"about":[{"href":"https:\/\/roveyayinevi.com.tr\/index.php\/wp-json\/wp\/v2\/types\/product"}],"wp:attachment":[{"href":"https:\/\/roveyayinevi.com.tr\/index.php\/wp-json\/wp\/v2\/media?parent=755079"}],"wp:term":[{"taxonomy":"product_brand","embeddable":true,"href":"https:\/\/roveyayinevi.com.tr\/index.php\/wp-json\/wp\/v2\/product_brand?post=755079"},{"taxonomy":"product_cat","embeddable":true,"href":"https:\/\/roveyayinevi.com.tr\/index.php\/wp-json\/wp\/v2\/product_cat?post=755079"},{"taxonomy":"product_tag","embeddable":true,"href":"https:\/\/roveyayinevi.com.tr\/index.php\/wp-json\/wp\/v2\/product_tag?post=755079"}],"curies":[{"name":"wp","href":"https:\/\/api.w.org\/{rel}","templated":true}]}}