{"id":755067,"date":"2025-08-28T06:29:45","date_gmt":"2025-08-28T03:29:45","guid":{"rendered":"https:\/\/roveyayinevi.com.tr\/index.php\/urun\/mehtabi-yalniz-seyreden-kadina-mektup\/"},"modified":"2026-04-16T03:08:20","modified_gmt":"2026-04-16T00:08:20","slug":"mehtabi-yalniz-seyreden-kadina-mektup","status":"publish","type":"product","link":"https:\/\/roveyayinevi.com.tr\/index.php\/urun\/mehtabi-yalniz-seyreden-kadina-mektup\/","title":{"rendered":"Mehtab\u0131 Yaln\u0131z Seyreden Kad\u0131na Mektup"},"content":{"rendered":"<p>Romantizm \u00f6ld\u00fc m\u00fc? \u201cBelki \u015fu an gecenin karanl\u0131\u011f\u0131n\u0131 deliyordur g\u00f6zlerin Pencerenin \u00f6n\u00fcnde otururken Elinde bir bardak \u00e7ay\u2026\u201d Belki de \u00f6lmemi\u015ftir! \u201cMi\u015f\u2019li ge\u00e7mi\u015f zamanlar\u0131n \u00dc\u00e7\u00fcnc\u00fc tekil \u015fah\u0131s\u2019\u0131y\u0131m Gelecek zamanlar\u0131n hikayesi alemimde ya\u015far\u0131m\u2026\u201d  derken, belki de okuyucunun duygular\u0131 dile geliyor. \u201cG\u00f6zlerim g\u00f6zlerine dalarken Ve ellerimdeyken karanfil kokulu ellerin Ben b\u00f6yle ayr\u0131l\u0131\u011f\u0131 hi\u00e7 d\u00fc\u015f\u00fcnmemi\u015ftim\u2026\u201d Kim d\u00fc\u015f\u00fcn\u00fcr ki? \u201cKelimeler aras\u0131nda kaybolmaya y\u00fcz tuttum Kimi kaz\u0131nd\u0131 zihnime, kimin\u2019 o an unuttum Kelimeler sat\u0131r sat\u0131r okunan kelimeler \u0130lmek  ilmek, d\u00fc\u011f\u00fcm d\u00fc\u011f\u00fcm dokunan kelimeler\u2026\u201d Kelimeler de\u011fil mi sat\u0131r aralar\u0131ndaki aynalar\u0131m\u0131z? \u201cBu hikaye bir kad\u0131n\u0131 anlat\u0131r Bir kad\u0131n d\u00fcnyay\u0131. Tanr\u0131dan gayr\u0131 kainatta Bir tek, kad\u0131n yarat\u0131r. Bu hikaye \u00d6yle bir kad\u0131n\u0131 anlat\u0131r\u2026\u201d Bu kitap ise iflah olmaz romantiklerin duygular\u0131na terc\u00fcman olmaktan ba\u015fka bir gaye ta\u015f\u0131maz kendince\u2026 \u015eiir, hayat\u0131m\u0131z\u0131n vazge\u00e7ilmezleri aras\u0131nda, var oldu\u011fumuz g\u00fcnden beri. Hatta yaz\u0131n\u0131n bulunu\u015funa dek \u015fiirle aktar\u0131lm\u0131\u015f insanl\u0131k tarihi kulaktan kula\u011fa, destanlarla, s\u00f6ylencelerle. Bu y\u00fczden \u00f6zleriz \u015fiiri, belki de fark\u0131na bile varmasak da, kula\u011f\u0131m\u0131za gelen bir m\u0131sra ile ortaya \u00e7\u0131kar \u00f6zlemimiz. \u015eiir, gen\u00e7lik y\u0131llar\u0131ndaki \u201ca\u015fk\u201dlar\u0131m\u0131zd\u0131r, dertlerimize terc\u00fcman olan \u201cah\u201dlar\u0131m\u0131zd\u0131r, \u00e7o\u015fkun duygular\u0131m\u0131z\u0131n dile geldi\u011fi \u201c\u015fark\u0131\u201dlar\u0131m\u0131zd\u0131r kimi zaman, kimi zaman kederlerimizi d\u00f6kt\u00fc\u011f\u00fcm\u00fcz \u201ca\u011f\u0131t\u201dlar\u0131m\u0131zd\u0131r, \u015fiir \u201chayat\u201d\u0131m\u0131zd\u0131r k\u0131saca. K\u00fclt\u00fcr ve Turizm Bakanl\u0131\u011f\u0131, Somut Olmayan K\u00fclt\u00fcrel Miras Listesi\u2019nde yer alan Halk \u015eairi Hakan Karc\u0131\u2019n\u0131n kaleminden d\u00f6k\u00fclen dizeler \u015fiire olan \u00f6zlemimizi de giderecek ayn\u0131 zamanda. Hakikaten, \u015fiiri \u00f6zlemedik mi?! <\/p>\n","protected":false},"excerpt":{"rendered":"<p>Romantizm \u00f6ld\u00fc m\u00fc? \u201cBelki \u015fu an gecenin karanl\u0131\u011f\u0131n\u0131 deliyordur g\u00f6zlerin Pencerenin \u00f6n\u00fcnde otururken Elinde bir bardak \u00e7ay\u2026\u201d Belki de \u00f6lmemi\u015ftir! \u201cMi\u015f\u2019li ge\u00e7mi\u015f zamanlar\u0131n \u00dc\u00e7\u00fcnc\u00fc tekil \u015fah\u0131s\u2019\u0131y\u0131m<span class=\"excerpt-hellip\"> [\u2026]<\/span><\/p>\n","protected":false},"featured_media":0,"template":"","meta":{"_monsterinsights_skip_tracking":false,"_monsterinsights_sitenote_active":false,"_monsterinsights_sitenote_note":"","_monsterinsights_sitenote_category":0},"product_brand":[],"product_cat":[12291,12509],"product_tag":[],"class_list":{"0":"post-755067","1":"product","2":"type-product","3":"status-publish","5":"product_cat-edebiyat","6":"product_cat-siir","7":"pa_cilt-ciltsiz","8":"pa_tur-kitap","9":"pa_yayinevi-kaptan-kitap","10":"pa_yazar-hakan-karci","12":"first","13":"instock","14":"sale","15":"shipping-taxable","16":"purchasable","17":"product-type-simple"},"_links":{"self":[{"href":"https:\/\/roveyayinevi.com.tr\/index.php\/wp-json\/wp\/v2\/product\/755067","targetHints":{"allow":["GET"]}}],"collection":[{"href":"https:\/\/roveyayinevi.com.tr\/index.php\/wp-json\/wp\/v2\/product"}],"about":[{"href":"https:\/\/roveyayinevi.com.tr\/index.php\/wp-json\/wp\/v2\/types\/product"}],"wp:attachment":[{"href":"https:\/\/roveyayinevi.com.tr\/index.php\/wp-json\/wp\/v2\/media?parent=755067"}],"wp:term":[{"taxonomy":"product_brand","embeddable":true,"href":"https:\/\/roveyayinevi.com.tr\/index.php\/wp-json\/wp\/v2\/product_brand?post=755067"},{"taxonomy":"product_cat","embeddable":true,"href":"https:\/\/roveyayinevi.com.tr\/index.php\/wp-json\/wp\/v2\/product_cat?post=755067"},{"taxonomy":"product_tag","embeddable":true,"href":"https:\/\/roveyayinevi.com.tr\/index.php\/wp-json\/wp\/v2\/product_tag?post=755067"}],"curies":[{"name":"wp","href":"https:\/\/api.w.org\/{rel}","templated":true}]}}