{"id":755059,"date":"2025-08-28T06:29:33","date_gmt":"2025-08-28T03:29:33","guid":{"rendered":"https:\/\/roveyayinevi.com.tr\/index.php\/urun\/esbagimlilikla-yuzlesmek\/"},"modified":"2026-04-16T03:08:19","modified_gmt":"2026-04-16T00:08:19","slug":"esbagimlilikla-yuzlesmek","status":"publish","type":"product","link":"https:\/\/roveyayinevi.com.tr\/index.php\/urun\/esbagimlilikla-yuzlesmek\/","title":{"rendered":"E\u015fba\u011f\u0131ml\u0131l\u0131kla Y\u00fczle\u015fmek"},"content":{"rendered":"<p>Kendi ihtiyac\u0327 ve isteklerini yok sayarak etraf\u0131ndakileri mutlu etmesi gerektig\u0306i inanc\u0131yla yas\u0327ayan insanlara as\u0327inay\u0131zd\u0131r. Bas\u0327kalar\u0131n\u0131n mutlulug\u0306u ve huzuru ic\u0327in c\u0327abalamak c\u0327og\u0306u zaman toplumun olumlay\u0131p destekledig\u0306i bir davran\u0131s\u0327 olsa da, bu al\u0131s\u0327kanl\u0131k kis\u0327inin kendi hayat\u0131ndan o\u0308du\u0308n vermesi noktas\u0131na vard\u0131g\u0306\u0131nda ac\u0131 verici bir sorun haline gelir. Es\u0327bag\u0306\u0131ml\u0131l\u0131k, yak\u0131n zamana kadar alkol ve madde bag\u0306\u0131ml\u0131s\u0131 kis\u0327ilerin aile u\u0308yelerini etkileyen bir hastal\u0131k olarak go\u0308ru\u0308ldu\u0308yse de, zamanla c\u0327ok daha yayg\u0131n bir grubu etkiledig\u0306i anlas\u0327\u0131ld\u0131. Disfonksiyonel ailelerde bu\u0308yu\u0308mu\u0308s\u0327 bireyler neden es\u0327bag\u0306\u0131ml\u0131 davran\u0131s\u0327lar sergiler? Bas\u0327kalar\u0131n\u0131 mutlu etme ihtiyac\u0131n\u0131n ko\u0308keninde ne yatar? I\u0307stismarc\u0131 ebeveynlik tarz\u0131, c\u0327ocukta nas\u0131l utanc\u0327, yetersizlik ya da u\u0308stu\u0308nlu\u0308k alg\u0131s\u0131na sebep olur? Uygun du\u0308zeyde o\u0308zdeg\u0306er tecru\u0308be etmek, kendimizle ve c\u0327evremizle ilis\u0327kimizde nas\u0131l bir yer tutar? Tas\u0327\u0131nan utanc\u0327 nedir ve sag\u0306l\u0131kl\u0131 utanc\u0327tan nas\u0131l ayr\u0131l\u0131r? Es\u0327bag\u0306\u0131ml\u0131 yetis\u0327kinler, kendi gerc\u0327ekliklerine sahip c\u0327\u0131kmakta neden zorlan\u0131rlar? C\u0327ocuklukta fonksiyonel s\u0131n\u0131rlar nas\u0131l olus\u0327turulur? Es\u0327bag\u0306\u0131ml\u0131l\u0131k nas\u0131l fark edilir, fark edilmezse ne tu\u0308r tehlikelere gebedir? Normal ebeveynlik ile fonksiyonel ebeveynlik aras\u0131nda ne fark vard\u0131r? Kis\u0327i, es\u0327bag\u0306\u0131ml\u0131 bir ilis\u0327kide oldug\u0306unu nas\u0131l anlar? C\u0327ocukluk travmalar\u0131, bag\u0306\u0131ml\u0131l\u0131k ve es\u0327bag\u0306\u0131ml\u0131l\u0131k alanlar\u0131nda o\u0308ncu\u0308 c\u0327al\u0131s\u0327malar\u0131yla tan\u0131nan Pia Mellody, Es\u0327bag\u0306\u0131ml\u0131l\u0131kla Yu\u0308zles\u0327mek\u2019te ac\u0327\u0131k ve basit bir dille mag\u0306durlar\u0131n hayat\u0131na ciddi hasarlar veren bu hastal\u0131g\u0306\u0131n ortaya c\u0327\u0131k\u0131s\u0327 kos\u0327ullar\u0131n\u0131, temel belirtilerini ve tedavi imka\u0302nlar\u0131n\u0131 ele al\u0131yor. Hayatlar\u0131n\u0131 bitimsiz suc\u0327luluk, k\u0131rg\u0131nl\u0131k ve gu\u0308vensizlik duygular\u0131n\u0131n go\u0308lgesinde gec\u0327irmekten yorulmus\u0327 ve bu sarmaldan c\u0327\u0131k\u0131s\u0327 yolu arayan es\u0327bag\u0306\u0131ml\u0131 kis\u0327iler ic\u0327in pratik o\u0308nerilerle desteklenen bir kaynak.<\/p>\n","protected":false},"excerpt":{"rendered":"<p>Kendi ihtiyac\u0327 ve isteklerini yok sayarak etraf\u0131ndakileri mutlu etmesi gerektig\u0306i inanc\u0131yla yas\u0327ayan insanlara as\u0327inay\u0131zd\u0131r. Bas\u0327kalar\u0131n\u0131n mutlulug\u0306u ve huzuru ic\u0327in c\u0327abalamak c\u0327og\u0306u zaman toplumun olumlay\u0131p destekledig\u0306i bir<span class=\"excerpt-hellip\"> [\u2026]<\/span><\/p>\n","protected":false},"featured_media":0,"template":"","meta":{"_monsterinsights_skip_tracking":false,"_monsterinsights_sitenote_active":false,"_monsterinsights_sitenote_note":"","_monsterinsights_sitenote_category":0},"product_brand":[],"product_cat":[12358,12357],"product_tag":[],"class_list":{"0":"post-755059","1":"product","2":"type-product","3":"status-publish","5":"product_cat-genel-psikoloji","6":"product_cat-psikoloji","7":"pa_cilt-ciltsiz","8":"pa_tur-kitap","9":"pa_yayinevi-iletisim-yayinlari","10":"pa_yazar-pia-mellody","12":"first","13":"instock","14":"sale","15":"shipping-taxable","16":"purchasable","17":"product-type-simple"},"_links":{"self":[{"href":"https:\/\/roveyayinevi.com.tr\/index.php\/wp-json\/wp\/v2\/product\/755059","targetHints":{"allow":["GET"]}}],"collection":[{"href":"https:\/\/roveyayinevi.com.tr\/index.php\/wp-json\/wp\/v2\/product"}],"about":[{"href":"https:\/\/roveyayinevi.com.tr\/index.php\/wp-json\/wp\/v2\/types\/product"}],"wp:attachment":[{"href":"https:\/\/roveyayinevi.com.tr\/index.php\/wp-json\/wp\/v2\/media?parent=755059"}],"wp:term":[{"taxonomy":"product_brand","embeddable":true,"href":"https:\/\/roveyayinevi.com.tr\/index.php\/wp-json\/wp\/v2\/product_brand?post=755059"},{"taxonomy":"product_cat","embeddable":true,"href":"https:\/\/roveyayinevi.com.tr\/index.php\/wp-json\/wp\/v2\/product_cat?post=755059"},{"taxonomy":"product_tag","embeddable":true,"href":"https:\/\/roveyayinevi.com.tr\/index.php\/wp-json\/wp\/v2\/product_tag?post=755059"}],"curies":[{"name":"wp","href":"https:\/\/api.w.org\/{rel}","templated":true}]}}