{"id":755057,"date":"2025-08-28T06:29:31","date_gmt":"2025-08-28T03:29:31","guid":{"rendered":"https:\/\/roveyayinevi.com.tr\/index.php\/urun\/devletin-guvenligi-adina\/"},"modified":"2025-12-30T11:15:43","modified_gmt":"2025-12-30T08:15:43","slug":"devletin-guvenligi-adina","status":"publish","type":"product","link":"https:\/\/roveyayinevi.com.tr\/index.php\/urun\/devletin-guvenligi-adina\/","title":{"rendered":"Devletin Gu\u0308venlig\u0306i Ad\u0131na"},"content":{"rendered":"<p>\u201cGu\u0308nu\u0308mu\u0308z Tu\u0308rkiyesi\u2019nde milli gu\u0308venlik sadece gu\u0308venlik kurumlar\u0131 ve d\u0131s\u0327 politika alan\u0131nda deg\u0306il, sosyo-ekonomik is\u0327leyis\u0327, kamusal idari yap\u0131, anayasal du\u0308zen, ordu-siyaset ilis\u0327kileri, demokratikles\u0327me, milliyetc\u0327ilik\/vatandas\u0327l\u0131k, toplumsal cinsiyet, din-devlet ilis\u0327kileri ve sivil toplum gibi tu\u0308m alanlarda iktidar\u0131n so\u0308ylem ve politikalar\u0131n\u0131n ana mes\u0327ruiyet c\u0327erc\u0327evesini olus\u0327turmaya devam ediyor.\u201d O\u0308zlem Kaygusuz, Behlu\u0308l O\u0308zkan Devletin Gu\u0308venlig\u0306i Ad\u0131na, Tu\u0308rkiye\u2019de milli gu\u0308venlik siyasetinin bir panoramas\u0131n\u0131 c\u0327iziyor. Sog\u0306uk Savas\u0327 do\u0308neminden gu\u0308nu\u0308mu\u0308ze, \u201cCumhurbas\u0327kanl\u0131g\u0306\u0131 Hu\u0308ku\u0308met Sistemi\u201dne&#8230; ABD\u2019nin milli gu\u0308venlik anlay\u0131s\u0327\u0131n\u0131n yans\u0131malar\u0131na ve Milli I\u0307stihbarat Tes\u0327kilat\u0131\u2019n\u0131n olus\u0327umunda d\u0131s\u0327 etkilere&#8230; Ordunun rolu\u0308nden olag\u0306anu\u0308stu\u0308 hal rejiminin bic\u0327imlenmesine&#8230; Manisal\u0131 genc\u0327ler davas\u0131, 12 Eylu\u0308l darbesi ve \u201ctero\u0308rist\u201d- o\u0308znenin ins\u0327as\u0131, AKP iktidar\u0131n\u0131n \u201cdevlet s\u0131rr\u0131 rejimi\u201d gibi, milli gu\u0308venlik kavram\u0131n\u0131n soy ku\u0308tu\u0308g\u0306u\u0308nu\u0308 c\u0327\u0131kartmam\u0131z\u0131 sag\u0306layan vakalara&#8230; Sag\u0306 ve sol ideolojilerdeki milli gu\u0308venlik anlay\u0131s\u0327lar\u0131ndan, bu kavram\u0131n feminist okumalar\u0131na&#8230; O\u0308zlem Kaygusuz ve Behlu\u0308l O\u0308zkan\u2019\u0131n haz\u0131rlad\u0131g\u0306\u0131 derlemede ayr\u0131ca I\u0307smet Akc\u0327a, Mert Arslanalp &#8211; T. Deniz Erkmen, C. Akc\u0327a Atac\u0327, Tuncer Beyribey, Sec\u0327kin C\u0327elik, Serhat Gu\u0308venc\u0327, Funda Hu\u0308lagu\u0308, Okan I\u0307rtem, Alper Kaliber, Cangu\u0308l O\u0308rnek, I\u0307pek Gencel Sezgin &#8211; Ekin Kadir Selc\u0327uk, Alper H. Yag\u0306c\u0131, Tunahan Y\u0131ld\u0131z ve Bar\u0131s\u0327 Zeren\u2019in katk\u0131lar\u0131 yer ald\u0131.<\/p>\n","protected":false},"excerpt":{"rendered":"<p>\u201cGu\u0308nu\u0308mu\u0308z Tu\u0308rkiyesi\u2019nde milli gu\u0308venlik sadece gu\u0308venlik kurumlar\u0131 ve d\u0131s\u0327 politika alan\u0131nda deg\u0306il, sosyo-ekonomik is\u0327leyis\u0327, kamusal idari yap\u0131, anayasal du\u0308zen, ordu-siyaset ilis\u0327kileri, demokratikles\u0327me, milliyetc\u0327ilik\/vatandas\u0327l\u0131k, toplumsal cinsiyet, din-devlet<span class=\"excerpt-hellip\"> [\u2026]<\/span><\/p>\n","protected":false},"featured_media":0,"template":"","meta":{"_monsterinsights_skip_tracking":false,"_monsterinsights_sitenote_active":false,"_monsterinsights_sitenote_note":"","_monsterinsights_sitenote_category":0},"product_brand":[],"product_cat":[12337,14543],"product_tag":[],"class_list":{"0":"post-755057","1":"product","2":"type-product","3":"status-publish","5":"product_cat-politika-siyaset","6":"product_cat-turkiye-siyaseti-ve-politikasi","7":"pa_cilt-ciltsiz","8":"pa_tur-kitap","9":"pa_yayinevi-iletisim-yayinlari","10":"pa_yazar-ozlem-kaygusuz-behlul-ozkan","12":"first","13":"instock","14":"sale","15":"shipping-taxable","16":"purchasable","17":"product-type-simple"},"_links":{"self":[{"href":"https:\/\/roveyayinevi.com.tr\/index.php\/wp-json\/wp\/v2\/product\/755057","targetHints":{"allow":["GET"]}}],"collection":[{"href":"https:\/\/roveyayinevi.com.tr\/index.php\/wp-json\/wp\/v2\/product"}],"about":[{"href":"https:\/\/roveyayinevi.com.tr\/index.php\/wp-json\/wp\/v2\/types\/product"}],"wp:attachment":[{"href":"https:\/\/roveyayinevi.com.tr\/index.php\/wp-json\/wp\/v2\/media?parent=755057"}],"wp:term":[{"taxonomy":"product_brand","embeddable":true,"href":"https:\/\/roveyayinevi.com.tr\/index.php\/wp-json\/wp\/v2\/product_brand?post=755057"},{"taxonomy":"product_cat","embeddable":true,"href":"https:\/\/roveyayinevi.com.tr\/index.php\/wp-json\/wp\/v2\/product_cat?post=755057"},{"taxonomy":"product_tag","embeddable":true,"href":"https:\/\/roveyayinevi.com.tr\/index.php\/wp-json\/wp\/v2\/product_tag?post=755057"}],"curies":[{"name":"wp","href":"https:\/\/api.w.org\/{rel}","templated":true}]}}