{"id":755049,"date":"2025-08-28T06:29:19","date_gmt":"2025-08-28T03:29:19","guid":{"rendered":"https:\/\/roveyayinevi.com.tr\/index.php\/urun\/super-kahraman\/"},"modified":"2026-04-16T03:08:19","modified_gmt":"2026-04-16T00:08:19","slug":"super-kahraman","status":"publish","type":"product","link":"https:\/\/roveyayinevi.com.tr\/index.php\/urun\/super-kahraman\/","title":{"rendered":"S\u00fcper Kahraman"},"content":{"rendered":"<p>D\u00fcnya tehlikede mi? Uzayl\u0131lar yery\u00fcz\u00fcne do\u011fru mu yakla\u015f\u0131yor? Etyiyen bitkiler ne yap\u0131yor? Merak etmeyin her \u015fey kontrol alt\u0131nda, S\u00fcper Raul s\u00fcper g\u00fc\u00e7lerini kullanarak insanl\u0131\u011f\u0131 kurtaracak! G\u00e9rard Moncomble\u2019dan \u00e7ok sevece\u011finiz e\u011flenceli bir hik\u00e2ye daha! <\/p>\n","protected":false},"excerpt":{"rendered":"<p>D\u00fcnya tehlikede mi? Uzayl\u0131lar yery\u00fcz\u00fcne do\u011fru mu yakla\u015f\u0131yor? Etyiyen bitkiler ne yap\u0131yor? Merak etmeyin her \u015fey kontrol alt\u0131nda, S\u00fcper Raul s\u00fcper g\u00fc\u00e7lerini kullanarak insanl\u0131\u011f\u0131 kurtaracak! G\u00e9rard<span class=\"excerpt-hellip\"> [\u2026]<\/span><\/p>\n","protected":false},"featured_media":0,"template":"","meta":{"_monsterinsights_skip_tracking":false,"_monsterinsights_sitenote_active":false,"_monsterinsights_sitenote_note":"","_monsterinsights_sitenote_category":0},"product_brand":[],"product_cat":[12913,12274],"product_tag":[],"class_list":{"0":"post-755049","1":"product","2":"type-product","3":"status-publish","5":"product_cat-3-6-yas-kitaplari","6":"product_cat-cocuk-ve-genclik-kitaplari","7":"pa_cilt-ciltsiz","8":"pa_tur-kitap","9":"pa_yayinevi-yapi-kredi-yayinlari","10":"pa_yazar-gerard-moncomble","12":"first","13":"instock","14":"sale","15":"shipping-taxable","16":"purchasable","17":"product-type-simple"},"_links":{"self":[{"href":"https:\/\/roveyayinevi.com.tr\/index.php\/wp-json\/wp\/v2\/product\/755049","targetHints":{"allow":["GET"]}}],"collection":[{"href":"https:\/\/roveyayinevi.com.tr\/index.php\/wp-json\/wp\/v2\/product"}],"about":[{"href":"https:\/\/roveyayinevi.com.tr\/index.php\/wp-json\/wp\/v2\/types\/product"}],"wp:attachment":[{"href":"https:\/\/roveyayinevi.com.tr\/index.php\/wp-json\/wp\/v2\/media?parent=755049"}],"wp:term":[{"taxonomy":"product_brand","embeddable":true,"href":"https:\/\/roveyayinevi.com.tr\/index.php\/wp-json\/wp\/v2\/product_brand?post=755049"},{"taxonomy":"product_cat","embeddable":true,"href":"https:\/\/roveyayinevi.com.tr\/index.php\/wp-json\/wp\/v2\/product_cat?post=755049"},{"taxonomy":"product_tag","embeddable":true,"href":"https:\/\/roveyayinevi.com.tr\/index.php\/wp-json\/wp\/v2\/product_tag?post=755049"}],"curies":[{"name":"wp","href":"https:\/\/api.w.org\/{rel}","templated":true}]}}