{"id":755038,"date":"2025-08-28T06:29:03","date_gmt":"2025-08-28T03:29:03","guid":{"rendered":"https:\/\/roveyayinevi.com.tr\/index.php\/urun\/kevin-garnett-ansiklopedisi-adan-zye-bir-otobiyografi\/"},"modified":"2026-04-16T03:08:19","modified_gmt":"2026-04-16T00:08:19","slug":"kevin-garnett-ansiklopedisi-adan-zye-bir-otobiyografi","status":"publish","type":"product","link":"https:\/\/roveyayinevi.com.tr\/index.php\/urun\/kevin-garnett-ansiklopedisi-adan-zye-bir-otobiyografi\/","title":{"rendered":"Kevin Garnett Ansiklopedisi: A\u2019dan Z\u2019ye Bir Otobiyografi"},"content":{"rendered":"<p>NBA \u015fampiyonu ve on be\u015f kez All-Star se\u00e7ilmi\u015f olan Kevin Garnett\u2019in \u015e\u00f6hretler M\u00fczesi\u2019ne kabul edilmeden \u00f6nce kaleme ald\u0131\u011f\u0131 benzersiz, filtrelenmemi\u015f bir an\u0131 kitab\u0131\u2026 Kevin Garnett basketbol oyununun g\u00f6rd\u00fc\u011f\u00fc en dominant oyunculardan biriydi. Ayn\u0131 zamanda en a\u00e7\u0131k s\u00f6zl\u00fc isimlerin ba\u015f\u0131nda geliyordu. Yirmi bir y\u0131ll\u0131k \u015fanl\u0131 NBA kariyeri boyunca trash-talk\u2019u bir sanat formuna d\u00f6n\u00fc\u015ft\u00fcrd\u00fc ve tart\u0131\u015fmal\u0131 konulardaki d\u00fc\u015f\u00fcncelerini payla\u015fmaktan asla \u00e7ekinmedi. \u201cKevin Garnett Ansiklopedisi\u201dnde, Garnett hayat\u0131na ve kariyerine yine ayn\u0131 i\u00e7tenlikle bak\u0131yor ve okurlar\u0131 enfes bir yolculu\u011fa \u00e7\u0131kar\u0131yor. Bu yolculukta Garnett, G\u00fcney Carolina\u2019da b\u00fcy\u00fcrken kar\u015f\u0131la\u015ft\u0131\u011f\u0131 zorluklar\u0131 anlatt\u0131ktan sonra Chicago&#8217;ya ta\u015f\u0131n\u0131yor ve burada \u00fclkenin en iyi oyuncu adaylar\u0131ndan biri h\u00e2line geliyor. \u00dcniversiteyi atlayarak son yirmi y\u0131lda liseden sonra do\u011frudan NBA Draft\u2019ine kat\u0131lan ilk oyuncu olma ve Kobe Bryant ile LeBron James gibi gelece\u011fin s\u00fcperstarlar\u0131 taraf\u0131ndan takip edilecek bir ak\u0131m\u0131 ba\u015flatma karar\u0131n\u0131 nas\u0131l ald\u0131\u011f\u0131n\u0131 t\u00fcm ayr\u0131nt\u0131lar\u0131yla anlat\u0131yor. Kobe, LeBron, Michael Jordan ve di\u011fer NBA devleriyle birlikte ve onlara kar\u015f\u0131 oynad\u0131\u011f\u0131 d\u00f6nemdeki hik\u00e2yelerini payla\u015f\u0131yor ve Boston Celtics ile bir \u015fampiyonluk kazanmas\u0131 da d\u00e2hil, profesyonel hayat\u0131ndaki ini\u015f ve \u00e7\u0131k\u0131\u015flar\u0131n\u0131 bir bir s\u0131ral\u0131yor. \u015e\u00f6hret, aile, \u0131rk\u00e7\u0131l\u0131k, sponsorluklar, lig y\u00f6netiminin tav\u0131rlar\u0131, maneviyat ve m\u00fczik gibi basketbolun hem i\u00e7inde hem de \u00f6tesindeki bir dizi konuda da fikirlerini dile getiren Garnett, tecr\u00fcbeleri ve hayat derslerini ansiklopedi format\u0131nda alfabetik olarak okurlar\u0131yla payla\u015f\u0131yor. Kevin Garnett&#8217;in sahada yeterince heyecan verici, ilham verici ve filtresiz oldu\u011funu d\u00fc\u015f\u00fcn\u00fcyorsan\u0131z, bu sayfalarda s\u00f6yleyeceklerini okuyana kadar bekleyin \u2013\u00e7\u00fcnk\u00fc bu adam daima s\u00fcrprizlerle dolu! <\/p>\n","protected":false},"excerpt":{"rendered":"<p>NBA \u015fampiyonu ve on be\u015f kez All-Star se\u00e7ilmi\u015f olan Kevin Garnett\u2019in \u015e\u00f6hretler M\u00fczesi\u2019ne kabul edilmeden \u00f6nce kaleme ald\u0131\u011f\u0131 benzersiz, filtrelenmemi\u015f bir an\u0131 kitab\u0131\u2026 Kevin Garnett basketbol<span class=\"excerpt-hellip\"> [\u2026]<\/span><\/p>\n","protected":false},"featured_media":0,"template":"","meta":{"_monsterinsights_skip_tracking":false,"_monsterinsights_sitenote_active":false,"_monsterinsights_sitenote_note":"","_monsterinsights_sitenote_category":0},"product_brand":[],"product_cat":[15563,15564],"product_tag":[],"class_list":{"0":"post-755038","1":"product","2":"type-product","3":"status-publish","5":"product_cat-hobi","6":"product_cat-spor","7":"pa_cilt-ciltsiz","8":"pa_tur-kitap","9":"pa_yayinevi-profil-kitap","10":"pa_yazar-kevin-garnett-david-ritz","12":"first","13":"instock","14":"sale","15":"shipping-taxable","16":"purchasable","17":"product-type-simple"},"_links":{"self":[{"href":"https:\/\/roveyayinevi.com.tr\/index.php\/wp-json\/wp\/v2\/product\/755038","targetHints":{"allow":["GET"]}}],"collection":[{"href":"https:\/\/roveyayinevi.com.tr\/index.php\/wp-json\/wp\/v2\/product"}],"about":[{"href":"https:\/\/roveyayinevi.com.tr\/index.php\/wp-json\/wp\/v2\/types\/product"}],"wp:attachment":[{"href":"https:\/\/roveyayinevi.com.tr\/index.php\/wp-json\/wp\/v2\/media?parent=755038"}],"wp:term":[{"taxonomy":"product_brand","embeddable":true,"href":"https:\/\/roveyayinevi.com.tr\/index.php\/wp-json\/wp\/v2\/product_brand?post=755038"},{"taxonomy":"product_cat","embeddable":true,"href":"https:\/\/roveyayinevi.com.tr\/index.php\/wp-json\/wp\/v2\/product_cat?post=755038"},{"taxonomy":"product_tag","embeddable":true,"href":"https:\/\/roveyayinevi.com.tr\/index.php\/wp-json\/wp\/v2\/product_tag?post=755038"}],"curies":[{"name":"wp","href":"https:\/\/api.w.org\/{rel}","templated":true}]}}