{"id":755032,"date":"2025-08-28T06:28:51","date_gmt":"2025-08-28T03:28:51","guid":{"rendered":"https:\/\/roveyayinevi.com.tr\/index.php\/urun\/buyuk-ataturkten-kucuk-oykuler-kutulu-set\/"},"modified":"2025-09-15T15:52:05","modified_gmt":"2025-09-15T12:52:05","slug":"buyuk-ataturkten-kucuk-oykuler-kutulu-set","status":"publish","type":"product","link":"https:\/\/roveyayinevi.com.tr\/index.php\/urun\/buyuk-ataturkten-kucuk-oykuler-kutulu-set\/","title":{"rendered":"B\u00fcy\u00fck Atat\u00fcrk&#8217;ten K\u00fc\u00e7\u00fck \u00d6yk\u00fcler (Kutulu Set)"},"content":{"rendered":"<p>Mustafa Kemal&#8217;in nas\u0131l Atat\u00fcrk oldu\u011funu biliyor musunuz? Ya sevdi\u011fi at\u0131n\u0131n \u00f6yk\u00fcs\u00fcn\u00fc okudunuz mu hi\u00e7? K\u00f6pe\u011fi Foks&#8217;un matrakl\u0131klar\u0131n\u0131&#8230; Kesiken i\u011fde a\u011fac\u0131n\u0131 aramaya \u00e7\u0131kan Atat\u00fcrk&#8217;\u00fc&#8230; Onun \u00e7iftlik ser\u00fcvenlerini&#8230; En sevdi\u011fi \u00e7i\u00e7ek olan al karanfilin \u00f6yk\u00fcs\u00fcn\u00fc okudunuz mu? B\u00fcy\u00fck Atat\u00fcrk&#8217;ten K\u00fc\u00e7\u00fck \u00d6yk\u00fcler, yazar\u0131m\u0131z S\u00fcleyman Bulut taraf\u0131ndan derlendi ve kaleme al\u0131nd\u0131.<\/p>\n","protected":false},"excerpt":{"rendered":"<p>Mustafa Kemal&#8217;in nas\u0131l Atat\u00fcrk oldu\u011funu biliyor musunuz? Ya sevdi\u011fi at\u0131n\u0131n \u00f6yk\u00fcs\u00fcn\u00fc okudunuz mu hi\u00e7? K\u00f6pe\u011fi Foks&#8217;un matrakl\u0131klar\u0131n\u0131&#8230; Kesiken i\u011fde a\u011fac\u0131n\u0131 aramaya \u00e7\u0131kan Atat\u00fcrk&#8217;\u00fc&#8230; Onun \u00e7iftlik ser\u00fcvenlerini&#8230;<span class=\"excerpt-hellip\"> [\u2026]<\/span><\/p>\n","protected":false},"featured_media":0,"template":"","meta":{"_monsterinsights_skip_tracking":false,"_monsterinsights_sitenote_active":false,"_monsterinsights_sitenote_note":"","_monsterinsights_sitenote_category":0},"product_brand":[],"product_cat":[12274,12284],"product_tag":[],"class_list":{"0":"post-755032","1":"product","2":"type-product","3":"status-publish","5":"product_cat-cocuk-ve-genclik-kitaplari","6":"product_cat-hikayeler","7":"pa_cilt-ciltsiz","8":"pa_tur-kitap","9":"pa_yayinevi-can-cocuk-yayinlari","10":"pa_yazar-suleyman-bulut","12":"first","13":"instock","14":"sale","15":"shipping-taxable","16":"purchasable","17":"product-type-simple"},"_links":{"self":[{"href":"https:\/\/roveyayinevi.com.tr\/index.php\/wp-json\/wp\/v2\/product\/755032","targetHints":{"allow":["GET"]}}],"collection":[{"href":"https:\/\/roveyayinevi.com.tr\/index.php\/wp-json\/wp\/v2\/product"}],"about":[{"href":"https:\/\/roveyayinevi.com.tr\/index.php\/wp-json\/wp\/v2\/types\/product"}],"wp:attachment":[{"href":"https:\/\/roveyayinevi.com.tr\/index.php\/wp-json\/wp\/v2\/media?parent=755032"}],"wp:term":[{"taxonomy":"product_brand","embeddable":true,"href":"https:\/\/roveyayinevi.com.tr\/index.php\/wp-json\/wp\/v2\/product_brand?post=755032"},{"taxonomy":"product_cat","embeddable":true,"href":"https:\/\/roveyayinevi.com.tr\/index.php\/wp-json\/wp\/v2\/product_cat?post=755032"},{"taxonomy":"product_tag","embeddable":true,"href":"https:\/\/roveyayinevi.com.tr\/index.php\/wp-json\/wp\/v2\/product_tag?post=755032"}],"curies":[{"name":"wp","href":"https:\/\/api.w.org\/{rel}","templated":true}]}}