{"id":755031,"date":"2025-08-28T06:28:49","date_gmt":"2025-08-28T03:28:49","guid":{"rendered":"https:\/\/roveyayinevi.com.tr\/index.php\/urun\/bu-bir-tatbikat-degildir\/"},"modified":"2026-04-16T03:08:19","modified_gmt":"2026-04-16T00:08:19","slug":"bu-bir-tatbikat-degildir","status":"publish","type":"product","link":"https:\/\/roveyayinevi.com.tr\/index.php\/urun\/bu-bir-tatbikat-degildir\/","title":{"rendered":"Bu Bir Tatbikat De\u011fildir"},"content":{"rendered":"<p>HER \u015eEY YOK OLDU\u011eUNDA, NEYE TUTUNURSUNUZ?D\u00fcnyan\u0131n sonu gelmi\u015fti. Hayatta kalmay\u0131 ba\u015faran alt\u0131 \u00f6\u011frenci Cortege Lisesi\u2019ne s\u0131\u011f\u0131nm\u0131\u015ft\u0131 ancak d\u0131\u015far\u0131daki \u00f6l\u00fcler kap\u0131lar\u0131 yumruklay\u0131p dururken orada da rahat etmelerine imk\u00e2n yoktu. Her \u015fey tek bir \u0131s\u0131r\u0131\u011fa bak\u0131yordu. Bir insan\u0131 \u00f6ld\u00fcrmek ve eski h\u00e2linin korkun\u00e7 ve \u00f6l\u00fcm sa\u00e7an bir versiyonu olarak geri getirmek i\u00e7in tek bir \u0131s\u0131r\u0131k.Alt\u0131 ay \u00f6nce hayat\u0131 alt\u00fcst olan ve o g\u00fcnden beri ya\u015famaya devam etmek i\u00e7in bir neden bulamayan Sloane Price i\u00e7in kula\u011fa o kadar da k\u00f6t\u00fc gelmiyordu bu. Sab\u0131rs\u0131zl\u0131kla barikatlar\u0131n y\u0131k\u0131lmas\u0131n\u0131 beklerken ya da kendini d\u0131\u015far\u0131da kol gezen \u00f6l\u00fcm\u00fcn kollar\u0131na atman\u0131n bir yolunu bulmaya \u00e7al\u0131\u015f\u0131rken, ger\u00e7ekten ya\u015famak isteyen be\u015f ki\u015finin g\u00f6z\u00fcnden k\u0131yamete tan\u0131kl\u0131k etmek zorunda kalacakt\u0131.Ancak g\u00fcnler ge\u00e7tik\u00e7e, hepsinin hayatta kalma motivasyonlar\u0131 \u015fa\u015f\u0131rt\u0131c\u0131 \u015fekillerde de\u011fi\u015fecek ve \u00e7ok ge\u00e7meden grubun kaderini d\u0131\u015far\u0131da olup bitenler de\u011fil, i\u00e7erideki \u00f6ng\u00f6r\u00fclemez ve \u015fiddetli ya\u015fam \u2013ve \u00f6l\u00fcm\u2013 m\u00fccadeleleri belirlemeye ba\u015flayacakt\u0131. Sloane, \u00f6l\u00fcm\u00fcn bula\u015f\u0131c\u0131 bir hastal\u0131k gibi yay\u0131ld\u0131\u011f\u0131 bir d\u00fcnyada, ya\u015fama bamba\u015fka bir a\u00e7\u0131dan bakmay\u0131 \u00f6\u011frenebilir miydi?\u201cKahvalt\u0131 Kul\u00fcb\u00fc, George Romero\u2019nun tarz\u0131yla birle\u015firse&#8230;\u201d \u2015Publishers Weekly, starred review\u201cBu Bir Tatbikat De\u011fildir hem \u00e7ekici hem de fena h\u00e2lde \u00fcz\u00fcc\u00fc. Kalbinizi parampar\u00e7a edecek ama bir \u015fekilde onu tekrar birle\u015ftirmeyi de ba\u015faracak.\u201d \u2015Daisy Whitney\u201cCourtney Summers gen\u00e7 yeti\u015fkin kitaplar\u0131 alan\u0131nda m\u00fcthi\u015f bir yetenek. Bu Bir Tatbikat De\u011fildir beni g\u00f6zya\u015flar\u0131na bo\u011fdu, insanlar\u0131n ortas\u0131nda \u015fa\u015fk\u0131nl\u0131k tepkileri vermek zorunda kald\u0131m. Soluk solu\u011fa okudum, neredeyse kalbimi durduracakt\u0131. Summers\u2019\u0131n sesi duygu y\u00fckl\u00fc ve yakla\u015fan zombi k\u0131yameti i\u00e7in son derece ger\u00e7e\u011fe uygun bir kurgu.\u201d \u2015Nova Ren Suma\u201cCourtney Summers\u2019\u0131n anlat\u0131m\u0131n\u0131 tan\u0131mlayan yetkinlik ve sadeli\u011fe bu kez paranormal unsurlar da eklenmi\u015f. T\u00fcm bunlar bir araya gelince elimden b\u0131rakamad\u0131\u011f\u0131m h\u0131zl\u0131, heyecanl\u0131 bir hik\u00e2ye \u00e7\u0131km\u0131\u015f ortaya. Kitab\u0131 bitirdi\u011finizde siz de benim gibi meselenin hayatta kalmaktan \u00e7ok daha fazlas\u0131 oldu\u011funu fark edeceksiniz.\u201d \u2015Julie Cross\u201cMerak uyand\u0131r\u0131c\u0131&#8230; Sald\u0131rgan zombilerin aras\u0131nda intihara meyilli bir gencin portresini \u00e7izmek sanatsal cesaret ister ama Summers\u2019\u0131n riskli se\u00e7imler konusunda sa\u011flam bir ge\u00e7mi\u015fi var&#8230; S\u0131rad\u0131\u015f\u0131 ve s\u00fcr\u00fckleyici.\u201d \u2015Kirkus<\/p>\n","protected":false},"excerpt":{"rendered":"<p>HER \u015eEY YOK OLDU\u011eUNDA, NEYE TUTUNURSUNUZ?D\u00fcnyan\u0131n sonu gelmi\u015fti. Hayatta kalmay\u0131 ba\u015faran alt\u0131 \u00f6\u011frenci Cortege Lisesi\u2019ne s\u0131\u011f\u0131nm\u0131\u015ft\u0131 ancak d\u0131\u015far\u0131daki \u00f6l\u00fcler kap\u0131lar\u0131 yumruklay\u0131p dururken orada da rahat etmelerine<span class=\"excerpt-hellip\"> [\u2026]<\/span><\/p>\n","protected":false},"featured_media":0,"template":"","meta":{"_monsterinsights_skip_tracking":false,"_monsterinsights_sitenote_active":false,"_monsterinsights_sitenote_note":"","_monsterinsights_sitenote_category":0},"product_brand":[],"product_cat":[12291,17033],"product_tag":[],"class_list":{"0":"post-755031","1":"product","2":"type-product","3":"status-publish","5":"product_cat-edebiyat","6":"product_cat-korku-gerilim","7":"pa_cilt-ciltsiz","8":"pa_tur-kitap","9":"pa_yayinevi-yabanci-yayinevi","10":"pa_yazar-courtney-summers","12":"first","13":"instock","14":"sale","15":"shipping-taxable","16":"purchasable","17":"product-type-simple"},"_links":{"self":[{"href":"https:\/\/roveyayinevi.com.tr\/index.php\/wp-json\/wp\/v2\/product\/755031","targetHints":{"allow":["GET"]}}],"collection":[{"href":"https:\/\/roveyayinevi.com.tr\/index.php\/wp-json\/wp\/v2\/product"}],"about":[{"href":"https:\/\/roveyayinevi.com.tr\/index.php\/wp-json\/wp\/v2\/types\/product"}],"wp:attachment":[{"href":"https:\/\/roveyayinevi.com.tr\/index.php\/wp-json\/wp\/v2\/media?parent=755031"}],"wp:term":[{"taxonomy":"product_brand","embeddable":true,"href":"https:\/\/roveyayinevi.com.tr\/index.php\/wp-json\/wp\/v2\/product_brand?post=755031"},{"taxonomy":"product_cat","embeddable":true,"href":"https:\/\/roveyayinevi.com.tr\/index.php\/wp-json\/wp\/v2\/product_cat?post=755031"},{"taxonomy":"product_tag","embeddable":true,"href":"https:\/\/roveyayinevi.com.tr\/index.php\/wp-json\/wp\/v2\/product_tag?post=755031"}],"curies":[{"name":"wp","href":"https:\/\/api.w.org\/{rel}","templated":true}]}}