{"id":755029,"date":"2025-08-28T06:28:37","date_gmt":"2025-08-28T03:28:37","guid":{"rendered":"https:\/\/roveyayinevi.com.tr\/index.php\/urun\/son-imparatoks\/"},"modified":"2026-04-16T03:08:19","modified_gmt":"2026-04-16T00:08:19","slug":"son-imparatoks","status":"publish","type":"product","link":"https:\/\/roveyayinevi.com.tr\/index.php\/urun\/son-imparatoks\/","title":{"rendered":"Son \u0130mparatoks"},"content":{"rendered":"<p>BA\u011eLILIK SER\u0130S\u0130N\u0130N HEYECAN DOLU SON C\u0130LD\u0130: SON \u0130MPARATOKS Ak\u0131m ke\u015ffedilene kadar \u0131\u015f\u0131k h\u0131z\u0131ndan daha h\u0131zl\u0131 yolculuk etmek, fizik kurallar\u0131na g\u00f6re m\u00fcmk\u00fcn de\u011fildi. Ak\u0131m\u2019dan sonra ise insanl\u0131k onu kullanarak birbirlerine milyonlarca \u0131\u015f\u0131k y\u0131l\u0131 uzakl\u0131ktaki farkl\u0131 y\u0131ld\u0131z sistemlerine yerle\u015fmeye ba\u015flad\u0131 ve art\u0131k bin y\u0131ll\u0131k olan imparatorluklar\u0131 Ba\u011fl\u0131l\u0131k\u2019\u0131 kurdu. \u0130mparatorlu\u011fun ayakta kalabilmesi i\u00e7in de ba\u011flant\u0131y\u0131 sa\u011flayan Ak\u0131m nehirleri \u015fartt\u0131; bu sayede hem birbirlerine ihtiya\u00e7 duyuyor hem sistemleraras\u0131 sava\u015f engelleniyor hem de imparatorun tek g\u00fc\u00e7 sahibi olarak kalmas\u0131 sa\u011flan\u0131yordu.   \u015eimdi Ak\u0131m nehirlerinin, yani \u0130mparatorluk gezegenlerini birbirine ba\u011flayan y\u0131ld\u0131zlararas\u0131 yolun \u00e7\u00f6k\u00fc\u015f\u00fc iyice h\u0131z kazanm\u0131\u015ft\u0131. T\u00fcm y\u0131ld\u0131z sistemleri ve milyarlarca insan, medeniyetin geri kalan\u0131ndan kopmaktayd\u0131. Bu \u00e7\u00f6k\u00fc\u015f her ne kadar bilimsel a\u00e7\u0131dan \u00f6ng\u00f6r\u00fclm\u00fc\u015fse de, bir\u00e7ok ki\u015fi h\u00e2l\u00e2 insanl\u0131\u011f\u0131n en b\u00fcy\u00fck imparatorlu\u011fundan \u00e7\u0131kar sa\u011flamaktan ba\u015fka bir \u015fey d\u00fc\u015f\u00fcnm\u00fcyordu. \u0130mparatoks II. Grayland insanlar\u0131 yoksulluk ve izolasyondan kurtarmak i\u00e7in \u00e7abalarken onu taht\u0131ndan etmeye \u00e7al\u0131\u015fanlar ise t\u00fcm g\u00fc\u00e7leriyle sald\u0131r\u0131yordu. Grayland ve onun say\u0131s\u0131 giderek azalan m\u00fcttefikleri, t\u00fcm insanl\u0131\u011f\u0131 kurtarmak i\u00e7in elde avu\u00e7ta ne varsa kullanmak zorundayd\u0131. Ama bu yeterli olacak m\u0131yd\u0131?   Grayland medeniyetinin kurtar\u0131c\u0131s\u0131 m\u0131&#8230; yoksa ta\u00e7 takan son imparatoks mu olacak?   \u201cBilim, tarih ve politikan\u0131n e\u011flenceli karakterler ve heyecan verici entrikalarla bulu\u015ftu\u011fu enfes bir bilimkurgu!\u201d \u2014LIBRARY JOURNAL <\/p>\n","protected":false},"excerpt":{"rendered":"<p>BA\u011eLILIK SER\u0130S\u0130N\u0130N HEYECAN DOLU SON C\u0130LD\u0130: SON \u0130MPARATOKS Ak\u0131m ke\u015ffedilene kadar \u0131\u015f\u0131k h\u0131z\u0131ndan daha h\u0131zl\u0131 yolculuk etmek, fizik kurallar\u0131na g\u00f6re m\u00fcmk\u00fcn de\u011fildi. Ak\u0131m\u2019dan sonra ise insanl\u0131k<span class=\"excerpt-hellip\"> [\u2026]<\/span><\/p>\n","protected":false},"featured_media":0,"template":"","meta":{"_monsterinsights_skip_tracking":false,"_monsterinsights_sitenote_active":false,"_monsterinsights_sitenote_note":"","_monsterinsights_sitenote_category":0},"product_brand":[],"product_cat":[12540,12291],"product_tag":[],"class_list":{"0":"post-755029","1":"product","2":"type-product","3":"status-publish","5":"product_cat-bilim-kurgu","6":"product_cat-edebiyat","7":"pa_cilt-ciltsiz","8":"pa_tur-kitap","9":"pa_yayinevi-ithaki-yayinlari","10":"pa_yazar-john-scalzi","12":"first","13":"instock","14":"sale","15":"shipping-taxable","16":"purchasable","17":"product-type-simple"},"_links":{"self":[{"href":"https:\/\/roveyayinevi.com.tr\/index.php\/wp-json\/wp\/v2\/product\/755029","targetHints":{"allow":["GET"]}}],"collection":[{"href":"https:\/\/roveyayinevi.com.tr\/index.php\/wp-json\/wp\/v2\/product"}],"about":[{"href":"https:\/\/roveyayinevi.com.tr\/index.php\/wp-json\/wp\/v2\/types\/product"}],"wp:attachment":[{"href":"https:\/\/roveyayinevi.com.tr\/index.php\/wp-json\/wp\/v2\/media?parent=755029"}],"wp:term":[{"taxonomy":"product_brand","embeddable":true,"href":"https:\/\/roveyayinevi.com.tr\/index.php\/wp-json\/wp\/v2\/product_brand?post=755029"},{"taxonomy":"product_cat","embeddable":true,"href":"https:\/\/roveyayinevi.com.tr\/index.php\/wp-json\/wp\/v2\/product_cat?post=755029"},{"taxonomy":"product_tag","embeddable":true,"href":"https:\/\/roveyayinevi.com.tr\/index.php\/wp-json\/wp\/v2\/product_tag?post=755029"}],"curies":[{"name":"wp","href":"https:\/\/api.w.org\/{rel}","templated":true}]}}