{"id":755026,"date":"2025-08-28T06:28:31","date_gmt":"2025-08-28T03:28:31","guid":{"rendered":"https:\/\/roveyayinevi.com.tr\/index.php\/urun\/natalie-yakin-dostlar-ve-eksi-uzumler\/"},"modified":"2026-04-16T03:08:19","modified_gmt":"2026-04-16T00:08:19","slug":"natalie-yakin-dostlar-ve-eksi-uzumler","status":"publish","type":"product","link":"https:\/\/roveyayinevi.com.tr\/index.php\/urun\/natalie-yakin-dostlar-ve-eksi-uzumler\/","title":{"rendered":"Natalie: Yak\u0131n Dostlar ve Ek\u015fi \u00dcz\u00fcmler"},"content":{"rendered":"<p>T\u00dcM D\u00dcNYADA M\u0130LYONLARCA OKURUNG\u00d6NL\u00dcNE TAHT KURAN NATALIE,HEYECAN DOLU B\u0130R MACERAYLA TEKRAR ARAMIZDA!       Natalie hayat\u0131nda ilk kez kendinden olduk\u00e7a emin. Yetenekleri fark ediliyor, onu seven ve destekleyen arkada\u015flar\u0131 da yan\u0131 ba\u015f\u0131nda. Tabii bir de Derek var! Ancak tam da onunla daha fazla zaman ge\u00e7irme hayalleri kurarken sadece arkada\u015f kalabileceklerini \u00f6\u011frenince i\u015fler h\u0131zla sarpa sarar ve \u00f6zg\u00fcveni, \u015f\u00fcphelerinin aras\u0131nda g\u00f6zden kaybolmaya ba\u015flar\u2026K\u0131r\u0131k kalbini toparlamaya \u00e7al\u0131\u015fan Natalie, arkada\u015flar\u0131ndan bir s\u00fcreli\u011fine uzakla\u015f\u0131nca her \u015feyin daha da k\u00f6t\u00fcye gitti\u011fini g\u00f6r\u00fcp kendine \u00f6nemli bir soru soracakt\u0131r: Yak\u0131n dostlar\u0131 m\u0131 se\u00e7meli, \u201cek\u015fi \u00fcz\u00fcmleri\u201d mi?Sevimli ve \u00e7\u0131lg\u0131n kahraman\u0131m\u0131z\u0131n verece\u011fi yan\u0131t, bu g\u00fczel hik\u00e2yeyi t\u00fcm okurlar i\u00e7in unutulmaz bir bi\u00e7imde sonland\u0131racak\u2026<\/p>\n","protected":false},"excerpt":{"rendered":"<p>T\u00dcM D\u00dcNYADA M\u0130LYONLARCA OKURUNG\u00d6NL\u00dcNE TAHT KURAN NATALIE,HEYECAN DOLU B\u0130R MACERAYLA TEKRAR ARAMIZDA! Natalie hayat\u0131nda ilk kez kendinden olduk\u00e7a emin. Yetenekleri fark ediliyor, onu seven ve destekleyen<span class=\"excerpt-hellip\"> [\u2026]<\/span><\/p>\n","protected":false},"featured_media":0,"template":"","meta":{"_monsterinsights_skip_tracking":false,"_monsterinsights_sitenote_active":false,"_monsterinsights_sitenote_note":"","_monsterinsights_sitenote_category":0},"product_brand":[],"product_cat":[12416,12291],"product_tag":[],"class_list":{"0":"post-755026","1":"product","2":"type-product","3":"status-publish","5":"product_cat-cizgi-roman","6":"product_cat-edebiyat","7":"pa_cilt-ciltsiz","8":"pa_tur-kitap","9":"pa_yayinevi-epsilon-yayinlari","10":"pa_yazar-maria-scrivan","12":"first","13":"instock","14":"sale","15":"shipping-taxable","16":"purchasable","17":"product-type-simple"},"_links":{"self":[{"href":"https:\/\/roveyayinevi.com.tr\/index.php\/wp-json\/wp\/v2\/product\/755026","targetHints":{"allow":["GET"]}}],"collection":[{"href":"https:\/\/roveyayinevi.com.tr\/index.php\/wp-json\/wp\/v2\/product"}],"about":[{"href":"https:\/\/roveyayinevi.com.tr\/index.php\/wp-json\/wp\/v2\/types\/product"}],"wp:attachment":[{"href":"https:\/\/roveyayinevi.com.tr\/index.php\/wp-json\/wp\/v2\/media?parent=755026"}],"wp:term":[{"taxonomy":"product_brand","embeddable":true,"href":"https:\/\/roveyayinevi.com.tr\/index.php\/wp-json\/wp\/v2\/product_brand?post=755026"},{"taxonomy":"product_cat","embeddable":true,"href":"https:\/\/roveyayinevi.com.tr\/index.php\/wp-json\/wp\/v2\/product_cat?post=755026"},{"taxonomy":"product_tag","embeddable":true,"href":"https:\/\/roveyayinevi.com.tr\/index.php\/wp-json\/wp\/v2\/product_tag?post=755026"}],"curies":[{"name":"wp","href":"https:\/\/api.w.org\/{rel}","templated":true}]}}