{"id":755024,"date":"2025-08-28T06:28:28","date_gmt":"2025-08-28T03:28:28","guid":{"rendered":"https:\/\/roveyayinevi.com.tr\/index.php\/urun\/ak-koyunlu-turkmen-hukumdari-sultan-yakub-ve-donemi-1478-1490\/"},"modified":"2026-04-16T03:08:19","modified_gmt":"2026-04-16T00:08:19","slug":"ak-koyunlu-turkmen-hukumdari-sultan-yakub-ve-donemi-1478-1490","status":"publish","type":"product","link":"https:\/\/roveyayinevi.com.tr\/index.php\/urun\/ak-koyunlu-turkmen-hukumdari-sultan-yakub-ve-donemi-1478-1490\/","title":{"rendered":"Ak-Koyunlu T\u00fcrkmen H\u00fck\u00fcmdar\u0131 Sultan Yakub ve D\u00f6nemi (1478-1490)"},"content":{"rendered":"<p>Sultan Halil\u2019den sonra Ak-Koyunlu T\u00fcrkmen Devleti\u2019nin h\u00fck\u00fcmdar\u0131 Yakub Bey, saltanat\u0131n\u0131n ilk y\u0131llar\u0131nda meydana gelen huzursuzluklar\u0131 \u00e7\u00f6zd\u00fckten sonra birtak\u0131m d\u00e2hili ve harici problemle tekrar y\u00fcz y\u00fcze kald\u0131. Meml\u00fbklerin Urfa havalisini ele ge\u00e7irme te\u015febb\u00fcsleri Meml\u00fbk ordusunun Ak-Koyunlu ordusu taraf\u0131ndan Urfa \u00f6nlerinde b\u00fcy\u00fck bir hezimete u\u011frat\u0131lmas\u0131 ile sonu\u00e7land\u0131r\u0131ld\u0131. Ard\u0131ndan da Ak-Koyunlu Devleti\u2019nin \u00f6nemli beylerinden Bay\u0131nd\u0131r Bey\u2019in isyan\u0131, ba\u015far\u0131l\u0131 bir \u015fekilde bast\u0131r\u0131ld\u0131. G\u00fcrcistan Seferi, vergi vermeyen t\u00e2bilerin tedibi ve Safev\u00eelerin faaliyetlerinin engellenmesi Yakub Bey\u2019in siyasi ba\u015far\u0131lar\u0131n\u0131n en \u00f6nemlilerini te\u015fkil etti. Bunun yan\u0131nda Ak-Koyunlu T\u00fcrkmenlerinin k\u00fclt\u00fcrel alandaki ba\u015far\u0131lar\u0131n\u0131n en \u00f6nemli d\u00f6nemi Yakub Bey zaman\u0131nda olu\u015fturuldu. Babas\u0131 Hasan Padi\u015fah gibi \u00e2lim ve sanatk\u00e2rlar\u0131 korumu\u015f olan Sultan Yakub, devrald\u0131\u011f\u0131 ilim, \u015fiir ve musiki hayat\u0131n\u0131 daha m\u00fckemmel olarak devam ettirmi\u015ftir. G\u00fczel yaz\u0131s\u0131 ve T\u00fcrk\u00e7e, Fars\u00e7a \u015fiirleri olan, edip, \u015fair ve musiki\u015finaslar\u0131 himaye ile nam\u0131na pek \u00e7ok kasideler yaz\u0131lan Ak-Koyunlu T\u00fcrkmen h\u00fck\u00fcmdar\u0131 Yakub Han devri, Bay\u0131nd\u0131r hanedan \u00fcyelerinin ilme verdikleri yar\u0131m as\u0131rl\u0131k hayat\u0131n en parlak devrini olu\u015fturmaktad\u0131r. Bu d\u00f6nemde yeti\u015fen Ak-Koyunlu hattat ve \u015fairi olmas\u0131n\u0131n yan\u0131nda Sultan Yakub\u2019un ye\u011feni de olan Mirza Ali\u2019nin \u015fu m\u0131sralar\u0131 o d\u00f6nemin edeb\u00ee faaliyetlerine \u0131\u015f\u0131k tutmaktad\u0131r: Kim d\u00fcnya ile ortakl\u0131k i\u00e7in \u00e7aba g\u00f6sterecek? Ona g\u00fcvenmemiz gerekti\u011fi kime g\u00f6re do\u011fruydu? S\u00fcleyman&#8217;\u0131n m\u00fclk\u00fcn\u00fc aramay\u0131n, \u00e7\u00fcnk\u00fc o ancak havad\u0131r. \u0130\u015fte krall\u0131k ama S\u00fcleyman nerede? Say\u0131s\u0131z hazineler ve zenginliklerden Sam yan\u0131na ne ald\u0131? S\u00fcleyman ne g\u00f6t\u00fcrd\u00fc? Bu toprakta ya\u015fayan, toprak oldu.   Toz, bu tozun i\u00e7eri\u011fi hakk\u0131nda ne biliyor? Her yaprak \u00f6zg\u00fcr bir adam\u0131n y\u00fcz\u00fcd\u00fcr, Her ad\u0131m bir \u015fehzadenin ba\u015f\u0131n\u0131n tac\u0131d\u0131r. Her \u015feye iyilikle ba\u015flayana, O\u2019nun iyili\u011fi geri geldi. \u00d6mr\u00fcn\u00fc g\u00f6n\u00fcllerin doyaca\u011f\u0131 \u015fekilde ge\u00e7ir ki, Yaradan senden raz\u0131 olsun. <\/p>\n","protected":false},"excerpt":{"rendered":"<p>Sultan Halil\u2019den sonra Ak-Koyunlu T\u00fcrkmen Devleti\u2019nin h\u00fck\u00fcmdar\u0131 Yakub Bey, saltanat\u0131n\u0131n ilk y\u0131llar\u0131nda meydana gelen huzursuzluklar\u0131 \u00e7\u00f6zd\u00fckten sonra birtak\u0131m d\u00e2hili ve harici problemle tekrar y\u00fcz y\u00fcze kald\u0131.<span class=\"excerpt-hellip\"> [\u2026]<\/span><\/p>\n","protected":false},"featured_media":0,"template":"","meta":{"_monsterinsights_skip_tracking":false,"_monsterinsights_sitenote_active":false,"_monsterinsights_sitenote_note":"","_monsterinsights_sitenote_category":0},"product_brand":[],"product_cat":[12304],"product_tag":[],"class_list":{"0":"post-755024","1":"product","2":"type-product","3":"status-publish","5":"product_cat-tarih","6":"pa_cilt-ciltsiz","7":"pa_tur-kitap","8":"pa_yayinevi-bilge-kultur-sanat","9":"pa_yazar-kazim-paydas","11":"first","12":"instock","13":"sale","14":"shipping-taxable","15":"purchasable","16":"product-type-simple"},"_links":{"self":[{"href":"https:\/\/roveyayinevi.com.tr\/index.php\/wp-json\/wp\/v2\/product\/755024","targetHints":{"allow":["GET"]}}],"collection":[{"href":"https:\/\/roveyayinevi.com.tr\/index.php\/wp-json\/wp\/v2\/product"}],"about":[{"href":"https:\/\/roveyayinevi.com.tr\/index.php\/wp-json\/wp\/v2\/types\/product"}],"wp:attachment":[{"href":"https:\/\/roveyayinevi.com.tr\/index.php\/wp-json\/wp\/v2\/media?parent=755024"}],"wp:term":[{"taxonomy":"product_brand","embeddable":true,"href":"https:\/\/roveyayinevi.com.tr\/index.php\/wp-json\/wp\/v2\/product_brand?post=755024"},{"taxonomy":"product_cat","embeddable":true,"href":"https:\/\/roveyayinevi.com.tr\/index.php\/wp-json\/wp\/v2\/product_cat?post=755024"},{"taxonomy":"product_tag","embeddable":true,"href":"https:\/\/roveyayinevi.com.tr\/index.php\/wp-json\/wp\/v2\/product_tag?post=755024"}],"curies":[{"name":"wp","href":"https:\/\/api.w.org\/{rel}","templated":true}]}}

Ak-Koyunlu Türkmen Hükümdarı Sultan Yakub ve Dönemi (1478-1490)

<p>Sultan Halil’den sonra Ak-Koyunlu Türkmen Devleti’nin hükümdarı Yakub Bey, saltanatının ilk yıllarında meydana gelen huzursuzlukları çözdükten sonra birtakım dâhili ve harici problemle tekrar yüz yüze kaldı. Memlûklerin Urfa havalisini ele geçirme teşebbüsleri Memlûk ordusunun Ak-Koyunlu ordusu tarafından Urfa önlerinde büyük bir hezimete uğratılması ile sonuçlandırıldı. Ardından da Ak-Koyunlu Devleti’nin önemli beylerinden Bayındır Bey’in isyanı, başarılı bir şekilde bastırıldı. Gürcistan Seferi, vergi vermeyen tâbilerin tedibi ve Safevîlerin faaliyetlerinin engellenmesi Yakub Bey’in siyasi başarılarının en önemlilerini teşkil etti. Bunun yanında Ak-Koyunlu Türkmenlerinin kültürel alandaki başarılarının en önemli dönemi Yakub Bey zamanında oluşturuldu. Babası Hasan Padişah gibi âlim ve sanatkârları korumuş olan Sultan Yakub, devraldığı ilim, şiir ve musiki hayatını daha mükemmel olarak devam ettirmiştir. Güzel yazısı ve Türkçe, Farsça şiirleri olan, edip, şair ve musikişinasları himaye ile namına pek çok kasideler yazılan Ak-Koyunlu Türkmen hükümdarı Yakub Han devri, Bayındır hanedan üyelerinin ilme verdikleri yarım asırlık hayatın en parlak devrini oluşturmaktadır. Bu dönemde yetişen Ak-Koyunlu hattat ve şairi olmasının yanında Sultan Yakub’un yeğeni de olan Mirza Ali’nin şu mısraları o dönemin edebî faaliyetlerine ışık tutmaktadır: Kim dünya ile ortaklık için çaba gösterecek? Ona güvenmemiz gerektiği kime göre doğruydu? Süleyman&#8217;ın mülkünü aramayın, çünkü o ancak havadır. İşte krallık ama Süleyman nerede? Sayısız hazineler ve zenginliklerden Sam yanına ne aldı? Süleyman ne götürdü? Bu toprakta yaşayan, toprak oldu.   Toz, bu tozun içeriği hakkında ne biliyor? Her yaprak özgür bir adamın yüzüdür, Her adım bir şehzadenin başının tacıdır. Her şeye iyilikle başlayana, O’nun iyiliği geri geldi. Ömrünü gönüllerin doyacağı şekilde geçir ki, Yaradan senden razı olsun. </p>

<p>Sultan Halil’den sonra Ak-Koyunlu Türkmen Devleti’nin hükümdarı Yakub Bey, saltanatının ilk yıllarında meydana gelen huzursuzlukları çözdükten sonra birtakım dâhili ve harici problemle tekrar yüz yüze kaldı.<span class="excerpt-hellip"> […]</span></p>
