{"id":755023,"date":"2025-08-28T06:28:26","date_gmt":"2025-08-28T03:28:26","guid":{"rendered":"https:\/\/roveyayinevi.com.tr\/index.php\/urun\/cumbezin-kizi\/"},"modified":"2026-04-01T03:12:05","modified_gmt":"2026-04-01T00:12:05","slug":"cumbezin-kizi","status":"publish","type":"product","link":"https:\/\/roveyayinevi.com.tr\/index.php\/urun\/cumbezin-kizi\/","title":{"rendered":"C\u00fcmbezin K\u0131z\u0131"},"content":{"rendered":"<p>2023 Emine I\u015f\u0131nsu Roman \u00d6d\u00fcl\u00fc C\u00fcmbezin K\u0131z\u0131 tek ba\u015f\u0131na bir kad\u0131n hik\u00e2yesi de\u011fildir. Unutulan tarihe, sosyal olaylara k\u0131zlar\u0131m\u0131z\u0131n \u00e7\u0131\u011fl\u0131klar\u0131 aras\u0131ndan bak\u0131\u015ft\u0131r. Adan\u0131n par\u00e7alan\u0131\u015f\u0131, EOKA tohumlar\u0131n\u0131n at\u0131l\u0131\u015f\u0131, \u0130srail&#8217;in kurulu\u015fu ve k\u0131zlar\u0131m\u0131z\u0131n kaybolu\u015funun hik\u00e2yesidir. C\u00fcmbez; adad\u0131r, Nenanne\u2019dir, Hatice\u2019dir, Eleni Nine\u2019dir, S\u00fcleyman\u2019d\u0131r, Bastiban\u2019d\u0131r&#8230; Bir yan\u0131n\u0131n T\u00fcrk, bir yan\u0131n\u0131n Rum oldu\u011funu bilir de insanca d\u00f6ker yemi\u015fini. C\u00fcmbez, b\u00f6l\u00fcc\u00fclerin kesemedi\u011fi koca bir a\u011fa\u00e7t\u0131r. Bir zamanlar K\u0131br\u0131s&#8217;ta Nenanne ile Eleni Rumca susar, T\u00fcrk\u00e7e b\u00f6l\u00fc\u015f\u00fcr, kad\u0131nca konu\u015furdu. Ve k\u0131zlar\u2026 Yoklu\u011fun, k\u0131tl\u0131\u011f\u0131n, sava\u015f\u0131n, s\u00f6m\u00fcrge y\u00f6netiminin ince hesaplar\u0131 aras\u0131nda doysun ve geride kalan\u0131 doyursun diye Filistin&#8217;e, \u00dcrd\u00fcn&#8217;e sat\u0131lan k\u0131zlar\u0131m\u0131z&#8230; K\u00fc\u00e7\u00fck ku\u015flar gibi avlan\u0131p babalar\u0131 eliyle teslim edilen k\u0131zlar\u0131m\u0131z&#8230; Onlar hayalleriyle birlikte unutuldular&#8230; \u201cLatife&#8217;den bu yana ne b\u00f6yle duyarl\u0131l\u0131k ne de espriye rastlad\u0131md\u0131. Se\u00e7ici gruba beni de d\u00e2hil eden \u0130skender&#8217;e te\u015fekk\u00fcrler. Emine&#8217;ye yak\u0131\u015ft\u0131 do\u011frusu.\u201d Alev Alatl\u0131 \u201cI\u015f\u0131nsu&#8217;ya yak\u0131\u015f\u0131r bir yar\u0131\u015fmayd\u0131. G\u00fczel eserler geldi. C\u00fcmbezin K\u0131z\u0131 \u00f6ne \u00e7\u0131kt\u0131.\u201d Prof. Dr. \u0130lber Ortayl\u0131 \u201cGen\u00e7 Werther&#8217;in Ac\u0131lar\u0131\u2019n\u0131 hat\u0131rlatan, gen\u00e7 bir kad\u0131n\u0131n hik\u00e2yesinden hareketle i\u00e7e i\u015fleyen bir sosyal dram. T\u00fcrk\u00e7esi \u00e7ok sa\u011flam ve \u00e7ok g\u00fczel.\u201d A. Ya\u011fmur Tunal\u0131 \u201cAh C\u00fcmbezin K\u0131z\u0131, ne olur bize her daim iyilerin kazand\u0131\u011f\u0131 o t\u00fckenmez masallar\u0131n\u0131 hep anlat, hep anlat ki; d\u00fcnya denilen bu dar ve engebeli k\u00f6pr\u00fcde Z\u00fcmr\u00fcd\u00fcankalar\u0131n kanatlar\u0131ndan yaln\u0131zca sevgi ve merhamet dev\u015firelim.\u201d Prof. Dr. Belk\u0131s G\u00fcrsoy \u201cAk\u0131c\u0131 ve i\u015flek bir \u00fcslup, g\u00fc\u00e7l\u00fc bir ba\u015fkarakter, zevkle okunan bir roman&#8230;\u201d Prof. Dr. Bilge Ercilasun <\/p>\n","protected":false},"excerpt":{"rendered":"<p>2023 Emine I\u015f\u0131nsu Roman \u00d6d\u00fcl\u00fc C\u00fcmbezin K\u0131z\u0131 tek ba\u015f\u0131na bir kad\u0131n hik\u00e2yesi de\u011fildir. Unutulan tarihe, sosyal olaylara k\u0131zlar\u0131m\u0131z\u0131n \u00e7\u0131\u011fl\u0131klar\u0131 aras\u0131ndan bak\u0131\u015ft\u0131r. Adan\u0131n par\u00e7alan\u0131\u015f\u0131, EOKA tohumlar\u0131n\u0131n at\u0131l\u0131\u015f\u0131,<span class=\"excerpt-hellip\"> [\u2026]<\/span><\/p>\n","protected":false},"featured_media":0,"template":"","meta":{"_monsterinsights_skip_tracking":false,"_monsterinsights_sitenote_active":false,"_monsterinsights_sitenote_note":"","_monsterinsights_sitenote_category":0},"product_brand":[],"product_cat":[12291,12711],"product_tag":[],"class_list":{"0":"post-755023","1":"product","2":"type-product","3":"status-publish","5":"product_cat-edebiyat","6":"product_cat-roman-oyku","7":"pa_cilt-ciltsiz","8":"pa_tur-kitap","9":"pa_yayinevi-bilge-kultur-sanat","10":"pa_yazar-ulku-demiray","12":"first","13":"instock","14":"sale","15":"shipping-taxable","16":"purchasable","17":"product-type-simple"},"_links":{"self":[{"href":"https:\/\/roveyayinevi.com.tr\/index.php\/wp-json\/wp\/v2\/product\/755023","targetHints":{"allow":["GET"]}}],"collection":[{"href":"https:\/\/roveyayinevi.com.tr\/index.php\/wp-json\/wp\/v2\/product"}],"about":[{"href":"https:\/\/roveyayinevi.com.tr\/index.php\/wp-json\/wp\/v2\/types\/product"}],"wp:attachment":[{"href":"https:\/\/roveyayinevi.com.tr\/index.php\/wp-json\/wp\/v2\/media?parent=755023"}],"wp:term":[{"taxonomy":"product_brand","embeddable":true,"href":"https:\/\/roveyayinevi.com.tr\/index.php\/wp-json\/wp\/v2\/product_brand?post=755023"},{"taxonomy":"product_cat","embeddable":true,"href":"https:\/\/roveyayinevi.com.tr\/index.php\/wp-json\/wp\/v2\/product_cat?post=755023"},{"taxonomy":"product_tag","embeddable":true,"href":"https:\/\/roveyayinevi.com.tr\/index.php\/wp-json\/wp\/v2\/product_tag?post=755023"}],"curies":[{"name":"wp","href":"https:\/\/api.w.org\/{rel}","templated":true}]}}