{"id":755018,"date":"2025-08-28T06:28:17","date_gmt":"2025-08-28T03:28:17","guid":{"rendered":"https:\/\/roveyayinevi.com.tr\/index.php\/urun\/siyah-kugu\/"},"modified":"2026-04-16T03:08:18","modified_gmt":"2026-04-16T00:08:18","slug":"siyah-kugu","status":"publish","type":"product","link":"https:\/\/roveyayinevi.com.tr\/index.php\/urun\/siyah-kugu\/","title":{"rendered":"Siyah Ku\u011fu"},"content":{"rendered":"<p>\u201cHal\u00fcsinasyonun bir ger\u00e7e\u011fi yoktur. Fakat zihinde var olan\u0131n bir ger\u00e7e\u011fi vard\u0131r. Ben bilin\u00e7alt\u0131n\u0131n zihninde y\u0131llarca tutsak etti\u011fi bir ger\u00e7e\u011fiyim.\u201d \u201cZihninde zuhur etmemle delirdi\u011fini, akl\u0131n\u0131n gitti\u011fini d\u00fc\u015f\u00fcnme. Bundan sonra d\u00fcnyay\u0131 \u00f6ng\u00f6remedi\u011fin bir \u015fekilde alg\u0131layacaks\u0131n. Evrene fizi\u011fin kendi iktidar\u0131 i\u00e7in sana \u00f6\u011fretti\u011fi dille de\u011fil, i\u00e7inde ruh ve bedeninin bir oldu\u011fu karma\u015f\u0131kl\u0131ktan bakacaks\u0131n&#8230; Hadi durma!&#8230; Evreni kozmos-kaos ikilisiyle anlamaya \u00e7al\u0131\u015f\u0131rken do\u011faya kar\u015f\u0131 i\u015fledi\u011fin g\u00fcnahlar\u0131ndan ar\u0131nmak i\u00e7in Suzanaca\u2019n\u0131n seni bekledi\u011fi, renklerin say\u0131lardan \u00f6zg\u00fcrle\u015fti\u011fi, cennet ve cehennemin birbirine kar\u0131\u015ft\u0131\u011f\u0131, karar vereninin olmad\u0131\u011f\u0131 zamans\u0131zl\u0131k i\u00e7indeki karma\u015f\u0131kl\u0131\u011fa, kutsal hi\u00e7li\u011fine ko\u015f&#8230;\u201d Prof. Dr. Gediz Akdeniz son roman\u0131nda ya\u015fanm\u0131\u015f olan\u0131n ya\u015fama dair di\u011fer olas\u0131l\u0131klar\u0131 da i\u00e7erdi\u011fini delilik ve hi\u00e7li\u011fin kaos s\u0131rt\u0131nda y\u00fcr\u00fcmeye \u00e7al\u0131\u015fan d\u00f6rt arkada\u015f\u0131n \u0130talya\u2019da ba\u015flayan karma\u015f\u0131k var olma ser\u00fcvenleri \u00fczerinden anlat\u0131yor. <\/p>\n","protected":false},"excerpt":{"rendered":"<p>\u201cHal\u00fcsinasyonun bir ger\u00e7e\u011fi yoktur. Fakat zihinde var olan\u0131n bir ger\u00e7e\u011fi vard\u0131r. Ben bilin\u00e7alt\u0131n\u0131n zihninde y\u0131llarca tutsak etti\u011fi bir ger\u00e7e\u011fiyim.\u201d \u201cZihninde zuhur etmemle delirdi\u011fini, akl\u0131n\u0131n gitti\u011fini d\u00fc\u015f\u00fcnme.<span class=\"excerpt-hellip\"> [\u2026]<\/span><\/p>\n","protected":false},"featured_media":0,"template":"","meta":{"_monsterinsights_skip_tracking":false,"_monsterinsights_sitenote_active":false,"_monsterinsights_sitenote_note":"","_monsterinsights_sitenote_category":0},"product_brand":[],"product_cat":[12291,12711],"product_tag":[],"class_list":{"0":"post-755018","1":"product","2":"type-product","3":"status-publish","5":"product_cat-edebiyat","6":"product_cat-roman-oyku","7":"pa_cilt-ciltsiz","8":"pa_tur-kitap","9":"pa_yayinevi-beyaz-baykus-yayinlari","10":"pa_yazar-gediz-akdeniz","12":"first","13":"instock","14":"sale","15":"shipping-taxable","16":"purchasable","17":"product-type-simple"},"_links":{"self":[{"href":"https:\/\/roveyayinevi.com.tr\/index.php\/wp-json\/wp\/v2\/product\/755018","targetHints":{"allow":["GET"]}}],"collection":[{"href":"https:\/\/roveyayinevi.com.tr\/index.php\/wp-json\/wp\/v2\/product"}],"about":[{"href":"https:\/\/roveyayinevi.com.tr\/index.php\/wp-json\/wp\/v2\/types\/product"}],"wp:attachment":[{"href":"https:\/\/roveyayinevi.com.tr\/index.php\/wp-json\/wp\/v2\/media?parent=755018"}],"wp:term":[{"taxonomy":"product_brand","embeddable":true,"href":"https:\/\/roveyayinevi.com.tr\/index.php\/wp-json\/wp\/v2\/product_brand?post=755018"},{"taxonomy":"product_cat","embeddable":true,"href":"https:\/\/roveyayinevi.com.tr\/index.php\/wp-json\/wp\/v2\/product_cat?post=755018"},{"taxonomy":"product_tag","embeddable":true,"href":"https:\/\/roveyayinevi.com.tr\/index.php\/wp-json\/wp\/v2\/product_tag?post=755018"}],"curies":[{"name":"wp","href":"https:\/\/api.w.org\/{rel}","templated":true}]}}