{"id":754953,"date":"2025-08-28T06:26:16","date_gmt":"2025-08-28T03:26:16","guid":{"rendered":"https:\/\/roveyayinevi.com.tr\/index.php\/urun\/karanliktakiler\/"},"modified":"2026-04-16T03:08:17","modified_gmt":"2026-04-16T00:08:17","slug":"karanliktakiler","status":"publish","type":"product","link":"https:\/\/roveyayinevi.com.tr\/index.php\/urun\/karanliktakiler\/","title":{"rendered":"Karanl\u0131ktakiler"},"content":{"rendered":"<p>Ema Va\u0161kov\u00e1, kendini hep farkl\u0131 hissetti. Ailesindeki kimse bat\u0131l inan\u00e7lara, lanetlere ya da o t\u00fcr \u015feylere inanm\u0131yordu ancak Ema, kemiklerinin derinliklerinde bir \u015feyler hissetti\u011fine dair yemin edebilirdi! Ema, en \u00fcmitsiz an\u0131nda Silvie ile tan\u0131\u015f\u0131r ve sonunda kendisini anlayan birini bulmu\u015ftur! Ne var ki Silvie, kendinden beklenmeyen a\u00e7\u0131klamalarla dolu bir mektupla ortadan kaybolur. Art\u0131k Ema\u2019n\u0131n tek amac\u0131, Silvie\u2019yi bulmakt\u0131r. Onu bulmak demek gece yar\u0131lar\u0131nda evden gizlice \u00e7\u0131kmak, karanl\u0131k dehlizlerden tek ba\u015f\u0131na ge\u00e7mek, kimli\u011fini saklamak ve gizemli bir birli\u011fin t\u00fcm s\u0131rlar\u0131n\u0131 a\u00e7\u0131\u011fa \u00e7\u0131karma zahmetine katlanmak olsa bile! SAH\u0130PS\u0130ZLER\u2019in yazar\u0131ndan t\u00fcylerinizi diken diken edecek yepyeni bir macera!<\/p>\n","protected":false},"excerpt":{"rendered":"<p>Ema Va\u0161kov\u00e1, kendini hep farkl\u0131 hissetti. Ailesindeki kimse bat\u0131l inan\u00e7lara, lanetlere ya da o t\u00fcr \u015feylere inanm\u0131yordu ancak Ema, kemiklerinin derinliklerinde bir \u015feyler hissetti\u011fine dair yemin<span class=\"excerpt-hellip\"> [\u2026]<\/span><\/p>\n","protected":false},"featured_media":0,"template":"","meta":{"_monsterinsights_skip_tracking":false,"_monsterinsights_sitenote_active":false,"_monsterinsights_sitenote_note":"","_monsterinsights_sitenote_category":0},"product_brand":[],"product_cat":[12291,12711],"product_tag":[],"class_list":{"0":"post-754953","1":"product","2":"type-product","3":"status-publish","5":"product_cat-edebiyat","6":"product_cat-roman-oyku","7":"pa_cilt-ciltsiz","8":"pa_tur-kitap","9":"pa_yayinevi-genc-timas","10":"pa_yazar-hana-tooke","12":"first","13":"instock","14":"sale","15":"shipping-taxable","16":"purchasable","17":"product-type-simple"},"_links":{"self":[{"href":"https:\/\/roveyayinevi.com.tr\/index.php\/wp-json\/wp\/v2\/product\/754953","targetHints":{"allow":["GET"]}}],"collection":[{"href":"https:\/\/roveyayinevi.com.tr\/index.php\/wp-json\/wp\/v2\/product"}],"about":[{"href":"https:\/\/roveyayinevi.com.tr\/index.php\/wp-json\/wp\/v2\/types\/product"}],"wp:attachment":[{"href":"https:\/\/roveyayinevi.com.tr\/index.php\/wp-json\/wp\/v2\/media?parent=754953"}],"wp:term":[{"taxonomy":"product_brand","embeddable":true,"href":"https:\/\/roveyayinevi.com.tr\/index.php\/wp-json\/wp\/v2\/product_brand?post=754953"},{"taxonomy":"product_cat","embeddable":true,"href":"https:\/\/roveyayinevi.com.tr\/index.php\/wp-json\/wp\/v2\/product_cat?post=754953"},{"taxonomy":"product_tag","embeddable":true,"href":"https:\/\/roveyayinevi.com.tr\/index.php\/wp-json\/wp\/v2\/product_tag?post=754953"}],"curies":[{"name":"wp","href":"https:\/\/api.w.org\/{rel}","templated":true}]}}