{"id":754943,"date":"2025-08-28T06:26:02","date_gmt":"2025-08-28T03:26:02","guid":{"rendered":"https:\/\/roveyayinevi.com.tr\/index.php\/urun\/bayrak-kalpak-revolver\/"},"modified":"2026-04-16T03:08:17","modified_gmt":"2026-04-16T00:08:17","slug":"bayrak-kalpak-revolver","status":"publish","type":"product","link":"https:\/\/roveyayinevi.com.tr\/index.php\/urun\/bayrak-kalpak-revolver\/","title":{"rendered":"Bayrak, Kalpak, Revolver"},"content":{"rendered":"<p>20. y\u00fczy\u0131l, Osmanl\u0131 \u0130mparatorlu\u011fu i\u00e7in, 1908 y\u0131l\u0131nda, \u0130ttihad ve Terakki Cemiyeti\u2019nin me\u015fr\u00fbtiyeti ilan etmesi ile ba\u015flad\u0131. 1908 y\u0131l\u0131, T\u00fcrkiye Cumhuriyeti\u2019nin temel kurallar\u0131n\u0131n belirlendi\u011fi, modern T\u00fcrkiye i\u00e7in bir d\u00f6n\u00fcm noktas\u0131 oldu. Bununla birlikte Cemiyet, 1919 y\u0131l\u0131na kadar politik ya\u015famda imparatorlu\u011fun temel g\u00fcc\u00fcyd\u00fc. On alt\u0131 makaleden olu\u015fan bu kitap, \u0130ttihad ve Terakki Cemiyeti\u2019ni her y\u00f6nden inceliyor; Cemiyet\u2019in politik, sosyal, ekonomik ve ideolojik fikirlerini tahlil ediyor. Derin analizlerin yer ald\u0131\u011f\u0131 bu kitab\u0131n, yararl\u0131 ve ak\u0131c\u0131 bir \u015fekilde modern T\u00fcrkiye\u2019nin temellerini anlamak isteyenlere yard\u0131mc\u0131 olaca\u011f\u0131n\u0131 d\u00fc\u015f\u00fcn\u00fcyorum.Prof. Dr. Feroz AHMAD<\/p>\n","protected":false},"excerpt":{"rendered":"<p>20. y\u00fczy\u0131l, Osmanl\u0131 \u0130mparatorlu\u011fu i\u00e7in, 1908 y\u0131l\u0131nda, \u0130ttihad ve Terakki Cemiyeti\u2019nin me\u015fr\u00fbtiyeti ilan etmesi ile ba\u015flad\u0131. 1908 y\u0131l\u0131, T\u00fcrkiye Cumhuriyeti\u2019nin temel kurallar\u0131n\u0131n belirlendi\u011fi, modern T\u00fcrkiye i\u00e7in<span class=\"excerpt-hellip\"> [\u2026]<\/span><\/p>\n","protected":false},"featured_media":0,"template":"","meta":{"_monsterinsights_skip_tracking":false,"_monsterinsights_sitenote_active":false,"_monsterinsights_sitenote_note":"","_monsterinsights_sitenote_category":0},"product_brand":[],"product_cat":[12370,12304],"product_tag":[],"class_list":{"0":"post-754943","1":"product","2":"type-product","3":"status-publish","5":"product_cat-arastirma-inceleme","6":"product_cat-tarih","7":"pa_cilt-ciltsiz","8":"pa_tur-kitap","9":"pa_yayinevi-timas-yayinlari","10":"pa_yazar-hakan-boz","12":"first","13":"instock","14":"sale","15":"shipping-taxable","16":"purchasable","17":"product-type-simple"},"_links":{"self":[{"href":"https:\/\/roveyayinevi.com.tr\/index.php\/wp-json\/wp\/v2\/product\/754943","targetHints":{"allow":["GET"]}}],"collection":[{"href":"https:\/\/roveyayinevi.com.tr\/index.php\/wp-json\/wp\/v2\/product"}],"about":[{"href":"https:\/\/roveyayinevi.com.tr\/index.php\/wp-json\/wp\/v2\/types\/product"}],"wp:attachment":[{"href":"https:\/\/roveyayinevi.com.tr\/index.php\/wp-json\/wp\/v2\/media?parent=754943"}],"wp:term":[{"taxonomy":"product_brand","embeddable":true,"href":"https:\/\/roveyayinevi.com.tr\/index.php\/wp-json\/wp\/v2\/product_brand?post=754943"},{"taxonomy":"product_cat","embeddable":true,"href":"https:\/\/roveyayinevi.com.tr\/index.php\/wp-json\/wp\/v2\/product_cat?post=754943"},{"taxonomy":"product_tag","embeddable":true,"href":"https:\/\/roveyayinevi.com.tr\/index.php\/wp-json\/wp\/v2\/product_tag?post=754943"}],"curies":[{"name":"wp","href":"https:\/\/api.w.org\/{rel}","templated":true}]}}