{"id":754941,"date":"2025-08-28T06:25:59","date_gmt":"2025-08-28T03:25:59","guid":{"rendered":"https:\/\/roveyayinevi.com.tr\/index.php\/urun\/napolyon-2\/"},"modified":"2026-04-16T03:08:17","modified_gmt":"2026-04-16T00:08:17","slug":"napolyon-2","status":"publish","type":"product","link":"https:\/\/roveyayinevi.com.tr\/index.php\/urun\/napolyon-2\/","title":{"rendered":"Napolyon"},"content":{"rendered":"<p>\u201cYapt\u0131\u011f\u0131m yaln\u0131zca, onlar\u0131n cesaret edemedikleri bir e\u015fi\u011fi zorlay\u0131p a\u015fmakta g\u00f6sterdi\u011fim kararl\u0131l\u0131k. Onlar\u0131n s\u00f6ylemek ya da yapmaktan ka\u00e7\u0131nd\u0131klar\u0131n\u0131 s\u00f6yl\u00fcyor ve yap\u0131yorum. O y\u00fczden \u2018kahraman\u2019 diyorlar bana.\u201d \u201cBizi \u00e7\u00f6kerten onun ve adamlar\u0131n\u0131n maddi g\u00fc\u00e7leri de\u011fil Napolyon\u2019un zek\u00e2s\u0131 ve ruhi kudreti oldu!\u201d diyordu do\u011funun ve bat\u0131n\u0131n t\u00fcm h\u00fck\u00fcmdarlar\u0131. 18. y\u00fczy\u0131l\u0131n sonu ila 19. y\u00fczy\u0131l\u0131n ba\u015flar\u0131na damgas\u0131n\u0131 vurmu\u015f Napolyon\u2019un roman tad\u0131nda ya\u015fad\u0131\u011f\u0131 olduk\u00e7a \u00e7alkant\u0131l\u0131 serg\u00fcze\u015fti; k\u0131sa \u00f6mr\u00fcne s\u0131\u011fd\u0131rd\u0131\u011f\u0131 birbirinden \u00e7etin sava\u015flar\u0131, dostluklar\u0131, sevgileri, ihanetleri ve h\u0131rslar\u0131yla birlikte incecik bir zaman ele\u011finden s\u00fcz\u00fclerek seriliyor g\u00f6zler \u00f6n\u00fcne. Eserleri alt\u0131 dile \u00e7evrilen, T\u00fcrkiye\u2019nin en \u00e7ok okunan tarih\u00ee romanlar\u0131n\u0131n yazar\u0131, &#8220;g\u00fcn\u00fcm\u00fcz\u00fcn Peyami Safa&#8221;s\u0131 olarak an\u0131lan Okay Tiryakio\u011flu\u2019nun kaleminden Avrupa tarihinin en \u00fcnl\u00fc ve en tart\u0131\u015fmal\u0131 siyasi fig\u00fcrlerinden birisi olan Napolyon\u2019un nefes kesen hik\u00e2yesi\u2026<\/p>\n","protected":false},"excerpt":{"rendered":"<p>\u201cYapt\u0131\u011f\u0131m yaln\u0131zca, onlar\u0131n cesaret edemedikleri bir e\u015fi\u011fi zorlay\u0131p a\u015fmakta g\u00f6sterdi\u011fim kararl\u0131l\u0131k. Onlar\u0131n s\u00f6ylemek ya da yapmaktan ka\u00e7\u0131nd\u0131klar\u0131n\u0131 s\u00f6yl\u00fcyor ve yap\u0131yorum. O y\u00fczden \u2018kahraman\u2019 diyorlar bana.\u201d \u201cBizi<span class=\"excerpt-hellip\"> [\u2026]<\/span><\/p>\n","protected":false},"featured_media":0,"template":"","meta":{"_monsterinsights_skip_tracking":false,"_monsterinsights_sitenote_active":false,"_monsterinsights_sitenote_note":"","_monsterinsights_sitenote_category":0},"product_brand":[],"product_cat":[12291,12711],"product_tag":[],"class_list":{"0":"post-754941","1":"product","2":"type-product","3":"status-publish","5":"product_cat-edebiyat","6":"product_cat-roman-oyku","7":"pa_cilt-ciltsiz","8":"pa_tur-kitap","9":"pa_yayinevi-timas-yayinlari","10":"pa_yazar-okay-tiryakioglu","12":"first","13":"instock","14":"sale","15":"shipping-taxable","16":"purchasable","17":"product-type-simple"},"_links":{"self":[{"href":"https:\/\/roveyayinevi.com.tr\/index.php\/wp-json\/wp\/v2\/product\/754941","targetHints":{"allow":["GET"]}}],"collection":[{"href":"https:\/\/roveyayinevi.com.tr\/index.php\/wp-json\/wp\/v2\/product"}],"about":[{"href":"https:\/\/roveyayinevi.com.tr\/index.php\/wp-json\/wp\/v2\/types\/product"}],"wp:attachment":[{"href":"https:\/\/roveyayinevi.com.tr\/index.php\/wp-json\/wp\/v2\/media?parent=754941"}],"wp:term":[{"taxonomy":"product_brand","embeddable":true,"href":"https:\/\/roveyayinevi.com.tr\/index.php\/wp-json\/wp\/v2\/product_brand?post=754941"},{"taxonomy":"product_cat","embeddable":true,"href":"https:\/\/roveyayinevi.com.tr\/index.php\/wp-json\/wp\/v2\/product_cat?post=754941"},{"taxonomy":"product_tag","embeddable":true,"href":"https:\/\/roveyayinevi.com.tr\/index.php\/wp-json\/wp\/v2\/product_tag?post=754941"}],"curies":[{"name":"wp","href":"https:\/\/api.w.org\/{rel}","templated":true}]}}