{"id":754932,"date":"2025-08-28T06:25:45","date_gmt":"2025-08-28T03:25:45","guid":{"rendered":"https:\/\/roveyayinevi.com.tr\/index.php\/urun\/maneki-neko\/"},"modified":"2026-04-12T03:12:17","modified_gmt":"2026-04-12T00:12:17","slug":"maneki-neko","status":"publish","type":"product","link":"https:\/\/roveyayinevi.com.tr\/index.php\/urun\/maneki-neko\/","title":{"rendered":"Maneki Neko"},"content":{"rendered":"<p>Japonlar\u0131n iyi \u015fans kitab\u0131   Japonya\u2019n\u0131n ata dini \u015eintoizm\u2019de, para, a\u015fk ya da \u015fans\u0131 getirmesi i\u00e7in yap\u0131lan \u00e7ok say\u0131da \u00e2det bulunur. Ayn\u0131 \u015fekilde Budizm ve Okinawa ile Hokkaido b\u00f6lgelerindeki animist dinlerin de bu konular i\u00e7in kendi rit\u00fcelleri vard\u0131r. Peki bu rit\u00fceller nas\u0131l i\u015fler ve iyi \u015fans\u0131 kendi iste\u011fimizle elde edebilece\u011fimizi s\u00f6yleyen bu inanc\u0131n alt\u0131nda hangi tarih ya da derin anlam yatmaktad\u0131r? G\u00fcnl\u00fck al\u0131\u015fkanl\u0131klar\u0131m\u0131zla iyi \u015fans\u0131 nas\u0131l hayat\u0131m\u0131z\u0131n bir par\u00e7as\u0131 yapar\u0131z? Bu kitap, size \u015fans getirece\u011fini ve dileklerinizi ger\u00e7ekle\u015ftirece\u011fini iddia eden, baz\u0131lar\u0131 sihirli, baz\u0131lar\u0131 pratik, \u00e7o\u011fu da Japon ku\u0308ltu\u0308ru\u0308nden gelen t\u00fcm inan\u0131\u015flar\u0131 incelemektedir. \u00c7e\u015fitli rit\u00fcelleri kolay ve motive edici bir \u015fekilde \u00f6\u011frenmenin yan\u0131 s\u0131ra, iyi \u015fans\u0131n \u00f6z\u00fcn\u00fc\u0308 ve onu do\u011fru al\u0131\u015fkanl\u0131klarla hayat\u0131m\u0131za nas\u0131l dahil edebilece\u011fimizi ke\u015ffedece\u011fiz. <\/p>\n","protected":false},"excerpt":{"rendered":"<p>Japonlar\u0131n iyi \u015fans kitab\u0131 Japonya\u2019n\u0131n ata dini \u015eintoizm\u2019de, para, a\u015fk ya da \u015fans\u0131 getirmesi i\u00e7in yap\u0131lan \u00e7ok say\u0131da \u00e2det bulunur. Ayn\u0131 \u015fekilde Budizm ve Okinawa ile<span class=\"excerpt-hellip\"> [\u2026]<\/span><\/p>\n","protected":false},"featured_media":0,"template":"","meta":{"_monsterinsights_skip_tracking":false,"_monsterinsights_sitenote_active":false,"_monsterinsights_sitenote_note":"","_monsterinsights_sitenote_category":0},"product_brand":[],"product_cat":[12364,12376],"product_tag":[],"class_list":{"0":"post-754932","1":"product","2":"type-product","3":"status-publish","5":"product_cat-genel-konular","6":"product_cat-kisisel-gelisim","7":"pa_cilt-ciltsiz","8":"pa_tur-kitap","9":"pa_yayinevi-athica-yayinlari","10":"pa_yazar-nobuo-suzuki","12":"first","13":"instock","14":"sale","15":"shipping-taxable","16":"purchasable","17":"product-type-simple"},"_links":{"self":[{"href":"https:\/\/roveyayinevi.com.tr\/index.php\/wp-json\/wp\/v2\/product\/754932","targetHints":{"allow":["GET"]}}],"collection":[{"href":"https:\/\/roveyayinevi.com.tr\/index.php\/wp-json\/wp\/v2\/product"}],"about":[{"href":"https:\/\/roveyayinevi.com.tr\/index.php\/wp-json\/wp\/v2\/types\/product"}],"wp:attachment":[{"href":"https:\/\/roveyayinevi.com.tr\/index.php\/wp-json\/wp\/v2\/media?parent=754932"}],"wp:term":[{"taxonomy":"product_brand","embeddable":true,"href":"https:\/\/roveyayinevi.com.tr\/index.php\/wp-json\/wp\/v2\/product_brand?post=754932"},{"taxonomy":"product_cat","embeddable":true,"href":"https:\/\/roveyayinevi.com.tr\/index.php\/wp-json\/wp\/v2\/product_cat?post=754932"},{"taxonomy":"product_tag","embeddable":true,"href":"https:\/\/roveyayinevi.com.tr\/index.php\/wp-json\/wp\/v2\/product_tag?post=754932"}],"curies":[{"name":"wp","href":"https:\/\/api.w.org\/{rel}","templated":true}]}}