{"id":754903,"date":"2025-08-28T06:24:55","date_gmt":"2025-08-28T03:24:55","guid":{"rendered":"https:\/\/roveyayinevi.com.tr\/index.php\/urun\/ilginc-benzetmeler\/"},"modified":"2026-04-16T03:08:16","modified_gmt":"2026-04-16T00:08:16","slug":"ilginc-benzetmeler","status":"publish","type":"product","link":"https:\/\/roveyayinevi.com.tr\/index.php\/urun\/ilginc-benzetmeler\/","title":{"rendered":"\u0130lgin\u00e7 Benzetmeler"},"content":{"rendered":"<p>33- \u00c7ocu\u011fumuza har\u00e7l\u0131k veririz biz. Har\u00e7l\u0131\u011f\u0131n\u0131 istedi\u011fi gibi harcayabilir \u00e7ocuk. Zaten o y\u00fczden ad\u0131 har\u00e7l\u0131kt\u0131r. Ama buna ra\u011fmen \u00e7ocuk har\u00e7l\u0131\u011f\u0131n\u0131 bizim ho\u015flanmad\u0131\u011f\u0131m\u0131z \u015feylere harcarsa k\u0131zar\u0131z ona. H\u00e2lbuki istedi\u011fi gibi harcas\u0131n diye vermi\u015fiz, k\u0131zmaya hakk\u0131m\u0131z yok. Ama k\u0131zar\u0131z. \u0130steriz ki har\u00e7l\u0131\u011f\u0131n\u0131 kullanmas\u0131n\u0131 bilsin. Biz har\u00e7l\u0131\u011f\u0131n\u0131 heba eden \u00e7ocu\u011fumuza k\u0131zar\u0131z da Allah nimetlerini heba eden bize k\u0131zmaz m\u0131? 38- Hi\u00e7 akredite diye bir kavram duydunuz mu? Resmi toplant\u0131lara kat\u0131labilme belgesi. Bir nevi bizim d\u00fc\u011f\u00fcn davetiyelerimiz gibi. \u015eu var ki biz d\u00fc\u011f\u00fcnlerimize davetsiz gelenleri dahi kabul ederiz. Ancak akreditesi olmayanlar resmi toplant\u0131lara kabul edilmez.  \u0130\u015fte haram yiyenlerin Allah\u2019la akrediteleri kesilmi\u015f demektir. 106- K\u00fcs kalman\u0131n en somut g\u00f6stergesi verilen selam\u0131 almamakt\u0131r. Selam vermenin h\u00fckm\u00fc s\u00fcnnet, verilen selam\u0131 alman\u0131n h\u00fckm\u00fc ise farzd\u0131r. Eve gelen icra yaz\u0131s\u0131n\u0131 \u201cBen kabul etmiyorum\u201d diyerek reddetme \u015fans\u0131m\u0131z olmad\u0131\u011f\u0131 gibi verilen selam\u0131 kar\u015f\u0131l\u0131ks\u0131z b\u0131rakma \u015fans\u0131m\u0131z da yoktur. Selam s\u00f6yleyenin dilinden \u00e7\u0131kt\u0131\u011f\u0131 andan itibaren postaya verilmi\u015f icra gibidir. Biz teslim alsak da almasak da bor\u00e7 tahakkuk etmi\u015ftir. Ve bir an \u00f6nce borcun \u00f6denip dosyan\u0131n kapat\u0131lmas\u0131 gerekir. Yoksa her ge\u00e7en g\u00fcn farz\u0131 terk etme g\u00fcnah\u0131m\u0131z artarak devam eder. <\/p>\n","protected":false},"excerpt":{"rendered":"<p>33- \u00c7ocu\u011fumuza har\u00e7l\u0131k veririz biz. Har\u00e7l\u0131\u011f\u0131n\u0131 istedi\u011fi gibi harcayabilir \u00e7ocuk. Zaten o y\u00fczden ad\u0131 har\u00e7l\u0131kt\u0131r. Ama buna ra\u011fmen \u00e7ocuk har\u00e7l\u0131\u011f\u0131n\u0131 bizim ho\u015flanmad\u0131\u011f\u0131m\u0131z \u015feylere harcarsa k\u0131zar\u0131z ona.<span class=\"excerpt-hellip\"> [\u2026]<\/span><\/p>\n","protected":false},"featured_media":0,"template":"","meta":{"_monsterinsights_skip_tracking":false,"_monsterinsights_sitenote_active":false,"_monsterinsights_sitenote_note":"","_monsterinsights_sitenote_category":0},"product_brand":[],"product_cat":[12777,12291],"product_tag":[],"class_list":{"0":"post-754903","1":"product","2":"type-product","3":"status-publish","5":"product_cat-deneme","6":"product_cat-edebiyat","7":"pa_cilt-ciltsiz","8":"pa_tur-kitap","9":"pa_yayinevi-zet-yayinlari","10":"pa_yazar-serkan-sarikaya","12":"first","13":"instock","14":"sale","15":"shipping-taxable","16":"purchasable","17":"product-type-simple"},"_links":{"self":[{"href":"https:\/\/roveyayinevi.com.tr\/index.php\/wp-json\/wp\/v2\/product\/754903","targetHints":{"allow":["GET"]}}],"collection":[{"href":"https:\/\/roveyayinevi.com.tr\/index.php\/wp-json\/wp\/v2\/product"}],"about":[{"href":"https:\/\/roveyayinevi.com.tr\/index.php\/wp-json\/wp\/v2\/types\/product"}],"wp:attachment":[{"href":"https:\/\/roveyayinevi.com.tr\/index.php\/wp-json\/wp\/v2\/media?parent=754903"}],"wp:term":[{"taxonomy":"product_brand","embeddable":true,"href":"https:\/\/roveyayinevi.com.tr\/index.php\/wp-json\/wp\/v2\/product_brand?post=754903"},{"taxonomy":"product_cat","embeddable":true,"href":"https:\/\/roveyayinevi.com.tr\/index.php\/wp-json\/wp\/v2\/product_cat?post=754903"},{"taxonomy":"product_tag","embeddable":true,"href":"https:\/\/roveyayinevi.com.tr\/index.php\/wp-json\/wp\/v2\/product_tag?post=754903"}],"curies":[{"name":"wp","href":"https:\/\/api.w.org\/{rel}","templated":true}]}}